{"id":765900,"date":"2025-08-28T11:56:01","date_gmt":"2025-08-28T08:56:01","guid":{"rendered":"https:\/\/roveyayinevi.com.tr\/index.php\/urun\/gizemli-harita\/"},"modified":"2026-04-15T03:31:38","modified_gmt":"2026-04-15T00:31:38","slug":"gizemli-harita","status":"publish","type":"product","link":"https:\/\/roveyayinevi.com.tr\/index.php\/urun\/gizemli-harita\/","title":{"rendered":"Gizemli Harita"},"content":{"rendered":"<p>Kalemiyle ve tatl\u0131 diliyle \u00e7ocuklara kitaplar\u0131 sevdiren Karab\u00fckl\u00fc Yazar Selman Ak\u0131nc\u0131\u2019dan harika bir eser daha. Gizemli Harita, harika bir arkada\u015fl\u0131\u011f\u0131n yan\u0131 s\u0131ra deniz, \u00e7evre ve bal\u0131k\u00e7\u0131l\u0131k konusuna da dikkat \u00e7ekiyor. Kahramanlar\u0131m\u0131z Zeynep ve Mert harika bir maceraya at\u0131l\u0131yor. Peki siz sevgili \u00e7ocuklar, bu maceraya e\u015flik etmek ister misiniz? <\/p>\n","protected":false},"excerpt":{"rendered":"<p>Kalemiyle ve tatl\u0131 diliyle \u00e7ocuklara kitaplar\u0131 sevdiren Karab\u00fckl\u00fc Yazar Selman Ak\u0131nc\u0131\u2019dan harika bir eser daha. Gizemli Harita, harika bir arkada\u015fl\u0131\u011f\u0131n yan\u0131 s\u0131ra deniz, \u00e7evre ve bal\u0131k\u00e7\u0131l\u0131k<span class=\"excerpt-hellip\"> [\u2026]<\/span><\/p>\n","protected":false},"featured_media":0,"template":"","meta":{"_monsterinsights_skip_tracking":false,"_monsterinsights_sitenote_active":false,"_monsterinsights_sitenote_note":"","_monsterinsights_sitenote_category":0},"product_brand":[],"product_cat":[12274,12284],"product_tag":[],"class_list":{"0":"post-765900","1":"product","2":"type-product","3":"status-publish","5":"product_cat-cocuk-ve-genclik-kitaplari","6":"product_cat-hikayeler","7":"pa_cilt-ciltsiz","8":"pa_tur-kitap","9":"pa_yayinevi-us-yayinlari","10":"pa_yazar-selman-akinci","12":"first","13":"instock","14":"sale","15":"shipping-taxable","16":"purchasable","17":"product-type-simple"},"_links":{"self":[{"href":"https:\/\/roveyayinevi.com.tr\/index.php\/wp-json\/wp\/v2\/product\/765900","targetHints":{"allow":["GET"]}}],"collection":[{"href":"https:\/\/roveyayinevi.com.tr\/index.php\/wp-json\/wp\/v2\/product"}],"about":[{"href":"https:\/\/roveyayinevi.com.tr\/index.php\/wp-json\/wp\/v2\/types\/product"}],"wp:attachment":[{"href":"https:\/\/roveyayinevi.com.tr\/index.php\/wp-json\/wp\/v2\/media?parent=765900"}],"wp:term":[{"taxonomy":"product_brand","embeddable":true,"href":"https:\/\/roveyayinevi.com.tr\/index.php\/wp-json\/wp\/v2\/product_brand?post=765900"},{"taxonomy":"product_cat","embeddable":true,"href":"https:\/\/roveyayinevi.com.tr\/index.php\/wp-json\/wp\/v2\/product_cat?post=765900"},{"taxonomy":"product_tag","embeddable":true,"href":"https:\/\/roveyayinevi.com.tr\/index.php\/wp-json\/wp\/v2\/product_tag?post=765900"}],"curies":[{"name":"wp","href":"https:\/\/api.w.org\/{rel}","templated":true}]}}