{"id":765885,"date":"2025-08-28T11:55:35","date_gmt":"2025-08-28T08:55:35","guid":{"rendered":"https:\/\/roveyayinevi.com.tr\/index.php\/urun\/japon-mutfagi\/"},"modified":"2026-04-15T03:31:38","modified_gmt":"2026-04-15T00:31:38","slug":"japon-mutfagi","status":"publish","type":"product","link":"https:\/\/roveyayinevi.com.tr\/index.php\/urun\/japon-mutfagi\/","title":{"rendered":"Japon Mutfa\u011f\u0131"},"content":{"rendered":"<p>20. y\u00fczy\u0131l\u0131n sonlar\u0131na d o\u011fru Japon mutfa\u011f\u0131, uluslararas\u0131 bir fenomen haline geldi. Sushi barlar, ramen d\u00fckk\u00e2nlar\u0131 ve izakayalar d\u00fcnya genelinde yayg\u0131nla\u015ft\u0131. Ayn\u0131 zamanda Japon \u015fefler, d\u00fcnya mutfaklar\u0131yla Japon mutfa\u011f\u0131n\u0131 harmanlayarak farkl\u0131 fusion tarzlar\u0131n\u0131 ortaya \u00e7\u0131kard\u0131lar. Japon mutfa\u011f\u0131 tarih boyunca hem kendi i\u00e7 dinamikleriyle hem de d\u0131\u015f etkilerle s\u00fcrekli bir evrim ge\u00e7irmi\u015ftir. Bu evrim, Japonya\u2019n\u0131n zengin ve \u00e7e\u015fitli yemek k\u00fclt\u00fcr\u00fcn\u00fc bug\u00fcn d\u00fcnya genelinde sevilen ve sayg\u0131n bir konuma getirmi\u015ftir.<\/p>\n","protected":false},"excerpt":{"rendered":"<p>20. y\u00fczy\u0131l\u0131n sonlar\u0131na d o\u011fru Japon mutfa\u011f\u0131, uluslararas\u0131 bir fenomen haline geldi. Sushi barlar, ramen d\u00fckk\u00e2nlar\u0131 ve izakayalar d\u00fcnya genelinde yayg\u0131nla\u015ft\u0131. Ayn\u0131 zamanda Japon \u015fefler, d\u00fcnya<span class=\"excerpt-hellip\"> [\u2026]<\/span><\/p>\n","protected":false},"featured_media":0,"template":"","meta":{"_monsterinsights_skip_tracking":false,"_monsterinsights_sitenote_active":false,"_monsterinsights_sitenote_note":"","_monsterinsights_sitenote_category":0},"product_brand":[],"product_cat":[22706,12457],"product_tag":[],"class_list":{"0":"post-765885","1":"product","2":"type-product","3":"status-publish","5":"product_cat-dunya-mutfagi","6":"product_cat-yemek-kitaplari","7":"pa_cilt-ciltsiz","8":"pa_tur-kitap","9":"pa_yayinevi-herdem-kitap","10":"pa_yazar-nicola-star","12":"first","13":"instock","14":"sale","15":"shipping-taxable","16":"purchasable","17":"product-type-simple"},"_links":{"self":[{"href":"https:\/\/roveyayinevi.com.tr\/index.php\/wp-json\/wp\/v2\/product\/765885","targetHints":{"allow":["GET"]}}],"collection":[{"href":"https:\/\/roveyayinevi.com.tr\/index.php\/wp-json\/wp\/v2\/product"}],"about":[{"href":"https:\/\/roveyayinevi.com.tr\/index.php\/wp-json\/wp\/v2\/types\/product"}],"wp:attachment":[{"href":"https:\/\/roveyayinevi.com.tr\/index.php\/wp-json\/wp\/v2\/media?parent=765885"}],"wp:term":[{"taxonomy":"product_brand","embeddable":true,"href":"https:\/\/roveyayinevi.com.tr\/index.php\/wp-json\/wp\/v2\/product_brand?post=765885"},{"taxonomy":"product_cat","embeddable":true,"href":"https:\/\/roveyayinevi.com.tr\/index.php\/wp-json\/wp\/v2\/product_cat?post=765885"},{"taxonomy":"product_tag","embeddable":true,"href":"https:\/\/roveyayinevi.com.tr\/index.php\/wp-json\/wp\/v2\/product_tag?post=765885"}],"curies":[{"name":"wp","href":"https:\/\/api.w.org\/{rel}","templated":true}]}}