{"id":765884,"date":"2025-08-28T11:55:34","date_gmt":"2025-08-28T08:55:34","guid":{"rendered":"https:\/\/roveyayinevi.com.tr\/index.php\/urun\/cin-mutfagi-2\/"},"modified":"2026-04-15T03:31:38","modified_gmt":"2026-04-15T00:31:38","slug":"cin-mutfagi-2","status":"publish","type":"product","link":"https:\/\/roveyayinevi.com.tr\/index.php\/urun\/cin-mutfagi-2\/","title":{"rendered":"\u00c7in Mutfa\u011f\u0131"},"content":{"rendered":"<p>\u00c7in mutfa\u011f\u0131n\u0131n k\u00f6kleri binlerce y\u0131l \u00f6ncesine, bu muazzam topraklar\u0131n bereketli vadilerine, zengin da\u011flar\u0131na ve s\u0131n\u0131rs\u0131z tar\u0131m alanlar\u0131na dayanmaktad\u0131r. D\u00fcnyan\u0131n en eski medeniyetlerinden biri olan \u00c7in, tarihsel s\u00fcre\u00e7 i\u00e7inde zengin bir yemek k\u00fclt\u00fcr\u00fcne ev sahipli\u011fi yapm\u0131\u015ft\u0131r. M\u00d6 5000\u2019lere giden bu koca zaman diliminde, \u00c7in topraklar\u0131, Do\u011fu Asya\u2019n\u0131n geni\u015f ve \u00e7e\u015fitli iklim ko\u015fullar\u0131n\u0131n etkisi alt\u0131nda kalm\u0131\u015f, bu da tar\u0131m\u0131n ve hayvanc\u0131l\u0131\u011f\u0131n farkl\u0131 bi\u00e7imlerde geli\u015fmesine olanak tan\u0131m\u0131\u015ft\u0131r. Pirin\u00e7, bu\u011fday ve arpa gibi temel tah\u0131llar\u0131n yan\u0131 s\u0131ra, brokoli, biber ve soya fasulyesi gibi sebzelerin k\u00f6kenleri, bu topraklarda \u015fekillenmi\u015ftir. Hayvanc\u0131l\u0131k ise \u00f6zellikle domuz, s\u0131\u011f\u0131r ve tavuk yeti\u015ftirici\u011fiyle yo\u011funluk kazanm\u0131\u015ft\u0131r.<\/p>\n","protected":false},"excerpt":{"rendered":"<p>\u00c7in mutfa\u011f\u0131n\u0131n k\u00f6kleri binlerce y\u0131l \u00f6ncesine, bu muazzam topraklar\u0131n bereketli vadilerine, zengin da\u011flar\u0131na ve s\u0131n\u0131rs\u0131z tar\u0131m alanlar\u0131na dayanmaktad\u0131r. D\u00fcnyan\u0131n en eski medeniyetlerinden biri olan \u00c7in, tarihsel<span class=\"excerpt-hellip\"> [\u2026]<\/span><\/p>\n","protected":false},"featured_media":0,"template":"","meta":{"_monsterinsights_skip_tracking":false,"_monsterinsights_sitenote_active":false,"_monsterinsights_sitenote_note":"","_monsterinsights_sitenote_category":0},"product_brand":[],"product_cat":[22706,12457],"product_tag":[],"class_list":{"0":"post-765884","1":"product","2":"type-product","3":"status-publish","5":"product_cat-dunya-mutfagi","6":"product_cat-yemek-kitaplari","7":"pa_cilt-ciltsiz","8":"pa_tur-kitap","9":"pa_yayinevi-herdem-kitap","10":"pa_yazar-nicola-star","12":"first","13":"instock","14":"sale","15":"shipping-taxable","16":"purchasable","17":"product-type-simple"},"_links":{"self":[{"href":"https:\/\/roveyayinevi.com.tr\/index.php\/wp-json\/wp\/v2\/product\/765884","targetHints":{"allow":["GET"]}}],"collection":[{"href":"https:\/\/roveyayinevi.com.tr\/index.php\/wp-json\/wp\/v2\/product"}],"about":[{"href":"https:\/\/roveyayinevi.com.tr\/index.php\/wp-json\/wp\/v2\/types\/product"}],"wp:attachment":[{"href":"https:\/\/roveyayinevi.com.tr\/index.php\/wp-json\/wp\/v2\/media?parent=765884"}],"wp:term":[{"taxonomy":"product_brand","embeddable":true,"href":"https:\/\/roveyayinevi.com.tr\/index.php\/wp-json\/wp\/v2\/product_brand?post=765884"},{"taxonomy":"product_cat","embeddable":true,"href":"https:\/\/roveyayinevi.com.tr\/index.php\/wp-json\/wp\/v2\/product_cat?post=765884"},{"taxonomy":"product_tag","embeddable":true,"href":"https:\/\/roveyayinevi.com.tr\/index.php\/wp-json\/wp\/v2\/product_tag?post=765884"}],"curies":[{"name":"wp","href":"https:\/\/api.w.org\/{rel}","templated":true}]}}