{"id":765880,"date":"2025-08-28T11:55:28","date_gmt":"2025-08-28T08:55:28","guid":{"rendered":"https:\/\/roveyayinevi.com.tr\/index.php\/urun\/avrupa-mektuplari\/"},"modified":"2026-04-15T03:31:38","modified_gmt":"2026-04-15T00:31:38","slug":"avrupa-mektuplari","status":"publish","type":"product","link":"https:\/\/roveyayinevi.com.tr\/index.php\/urun\/avrupa-mektuplari\/","title":{"rendered":"Avrupa Mektuplar\u0131"},"content":{"rendered":"<p>Elinizde tuttu\u011funuz Avrupa Mektuplar\u0131, \u015eark katar\u0131 ile 3 Eyl\u00fcl 1915\u2019te yolculu\u011fa \u00e7\u0131kan Cenap \u015eahabettin\u2019in Bulgaristan, Romanya, Macaristan, \u00c7ekoslovakya, Avusturya ve Almanya g\u00fczerg\u00e2h\u0131n\u0131 takip ederek yapt\u0131\u011f\u0131 seyahatin notlar\u0131d\u0131r. I. D\u00fcnya Sava\u015f\u0131\u2019n\u0131n b\u00fct\u00fcn \u015fiddeti ile devam etti\u011fi y\u0131llarda ittifak\u0131n en g\u00fc\u00e7l\u00fc unsuru olan Almanya\u2019y\u0131 yak\u0131ndan tan\u0131mak ve Osmanl\u0131n\u0131n i\u00e7inde bulundu\u011fu grubun g\u00fcc\u00fcn\u00fc g\u00f6stererek yurt i\u00e7indeki motivasyonu y\u00fckseltmek amac\u0131yla yap\u0131ld\u0131\u011f\u0131 anla\u015f\u0131lan bu seyahatte yolculu\u011fun amac\u0131na uygun olarak b\u00fcy\u00fck oranda Almanya\u2019dan s\u00f6z edilir. Cenap Bey\u2019e g\u00f6re Almanya d\u00f6rt odal\u0131 bir dairedir: mektep, k\u0131\u015fla, fabrika, banka. Bu d\u00f6rt oda birbirine a\u00e7\u0131l\u0131r ve birbiri i\u00e7in \u00e7al\u0131\u015f\u0131r ve hepsinin m\u00fcd\u00fcr\u00fc ise bilimdir. Kitab\u0131n yar\u0131dan fazlas\u0131n\u0131 olu\u015fturan Almanya\u2019ya dair mektuplarda Alman halk\u0131n\u0131n i\u015f ahlak\u0131ndan, dayan\u0131\u015fma ve yard\u0131mla\u015fma gayretlerinden, payla\u015f\u0131mc\u0131l\u0131klar\u0131ndan, kurallara s\u0131k\u0131 s\u0131k\u0131ya ba\u011fl\u0131l\u0131klar\u0131ndan s\u00f6z edildi\u011fi gibi Alman mimarisi, sanat\u0131 ve felsefesine dair de bir\u00e7ok ayr\u0131nt\u0131 verilir.<\/p>\n","protected":false},"excerpt":{"rendered":"<p>Elinizde tuttu\u011funuz Avrupa Mektuplar\u0131, \u015eark katar\u0131 ile 3 Eyl\u00fcl 1915\u2019te yolculu\u011fa \u00e7\u0131kan Cenap \u015eahabettin\u2019in Bulgaristan, Romanya, Macaristan, \u00c7ekoslovakya, Avusturya ve Almanya g\u00fczerg\u00e2h\u0131n\u0131 takip ederek yapt\u0131\u011f\u0131 seyahatin<span class=\"excerpt-hellip\"> [\u2026]<\/span><\/p>\n","protected":false},"featured_media":0,"template":"","meta":{"_monsterinsights_skip_tracking":false,"_monsterinsights_sitenote_active":false,"_monsterinsights_sitenote_note":"","_monsterinsights_sitenote_category":0},"product_brand":[],"product_cat":[13054,24413],"product_tag":[],"class_list":{"0":"post-765880","1":"product","2":"type-product","3":"status-publish","5":"product_cat-gezi-ve-rehber-kitaplari","6":"product_cat-kent-rehberleri","7":"pa_cilt-ciltsiz","8":"pa_tur-kitap","9":"pa_yayinevi-otuken-nesriyat","10":"pa_yazar-cenap-sahabettin","12":"first","13":"instock","14":"sale","15":"shipping-taxable","16":"purchasable","17":"product-type-simple"},"_links":{"self":[{"href":"https:\/\/roveyayinevi.com.tr\/index.php\/wp-json\/wp\/v2\/product\/765880","targetHints":{"allow":["GET"]}}],"collection":[{"href":"https:\/\/roveyayinevi.com.tr\/index.php\/wp-json\/wp\/v2\/product"}],"about":[{"href":"https:\/\/roveyayinevi.com.tr\/index.php\/wp-json\/wp\/v2\/types\/product"}],"wp:attachment":[{"href":"https:\/\/roveyayinevi.com.tr\/index.php\/wp-json\/wp\/v2\/media?parent=765880"}],"wp:term":[{"taxonomy":"product_brand","embeddable":true,"href":"https:\/\/roveyayinevi.com.tr\/index.php\/wp-json\/wp\/v2\/product_brand?post=765880"},{"taxonomy":"product_cat","embeddable":true,"href":"https:\/\/roveyayinevi.com.tr\/index.php\/wp-json\/wp\/v2\/product_cat?post=765880"},{"taxonomy":"product_tag","embeddable":true,"href":"https:\/\/roveyayinevi.com.tr\/index.php\/wp-json\/wp\/v2\/product_tag?post=765880"}],"curies":[{"name":"wp","href":"https:\/\/api.w.org\/{rel}","templated":true}]}}