{"id":765879,"date":"2025-08-28T11:55:26","date_gmt":"2025-08-28T08:55:26","guid":{"rendered":"https:\/\/roveyayinevi.com.tr\/index.php\/urun\/drakula-ciltli-2\/"},"modified":"2026-04-15T03:31:38","modified_gmt":"2026-04-15T00:31:38","slug":"drakula-ciltli-2","status":"publish","type":"product","link":"https:\/\/roveyayinevi.com.tr\/index.php\/urun\/drakula-ciltli-2\/","title":{"rendered":"Drakula (Ciltli)"},"content":{"rendered":"<p>\u0130lk defa 1897\u2019de yay\u0131mlanan Drakula, gotik korku edebiyat\u0131n\u0131n ba\u015fyap\u0131t\u0131 ve pop\u00fcler k\u00fclt\u00fcr\u00fcn en \u00f6nemli ikonlar\u0131ndan biri olarak d\u00fcnya edebiyat\u0131n\u0131n \u00f6l\u00fcms\u00fcz verimleri aras\u0131nda yerini alal\u0131 y\u00fcz y\u0131ldan fazla zaman ge\u00e7ti. Bram Stoker\u2019\u0131n end\u00fcstri \u00e7a\u011f\u0131n\u0131n i\u00e7ine yerle\u015ftirdi\u011fi feodal bir kan i\u00e7ici derebeyinin gizemli, do\u011fa\u00fcst\u00fc, a\u00e7\u0131klanamaz k\u00f6t\u00fcl\u00fc\u011f\u00fcne kar\u015f\u0131 m\u00fccadele veren modern d\u00fcnyan\u0131n temsilcisi bir grup insan\u0131n hik\u00e2yesini mektup-roman t\u00fcr\u00fcn\u00fcn parlak bir \u00f6rne\u011fi i\u00e7inde sunan eser, vampir mitinin en kal\u0131c\u0131 unsurlar\u0131n\u0131n yayg\u0131nla\u015fmas\u0131nda da \u00f6nemli bir role sahiptir. Eski d\u00fcnyaya ait bir fig\u00fcr olarak Kont Drakula\u2019n\u0131n kendi topra\u011f\u0131 i\u00e7inde Transilvanya\u2019dan Whitby k\u0131y\u0131lar\u0131 yoluyla \u0130ngiltere\u2019ye ve m\u00fclkiyet anla\u015fmalar\u0131yla modern toplumun g\u00fcmrah\u0131na ula\u015f\u0131p bir salg\u0131n n\u00fcvesi olu\u015fturmak \u00fczere Viktorya \u00e7a\u011f\u0131n\u0131n t\u00fcm de\u011ferlerine d\u00fc\u015f\u00fcrd\u00fc\u011f\u00fc g\u00f6lge, \u00e7a\u011fda\u015f d\u00fcnyan\u0131n en a\u015fina arketipi olarak b\u00fcy\u00fcmeye devam ediyor.   <\/p>\n","protected":false},"excerpt":{"rendered":"<p>\u0130lk defa 1897\u2019de yay\u0131mlanan Drakula, gotik korku edebiyat\u0131n\u0131n ba\u015fyap\u0131t\u0131 ve pop\u00fcler k\u00fclt\u00fcr\u00fcn en \u00f6nemli ikonlar\u0131ndan biri olarak d\u00fcnya edebiyat\u0131n\u0131n \u00f6l\u00fcms\u00fcz verimleri aras\u0131nda yerini alal\u0131 y\u00fcz y\u0131ldan<span class=\"excerpt-hellip\"> [\u2026]<\/span><\/p>\n","protected":false},"featured_media":0,"template":"","meta":{"_monsterinsights_skip_tracking":false,"_monsterinsights_sitenote_active":false,"_monsterinsights_sitenote_note":"","_monsterinsights_sitenote_category":0},"product_brand":[],"product_cat":[12291,13872],"product_tag":[],"class_list":{"0":"post-765879","1":"product","2":"type-product","3":"status-publish","5":"product_cat-edebiyat","6":"product_cat-klasikler","7":"pa_cilt-ciltli","8":"pa_tur-kitap","9":"pa_yayinevi-otuken-nesriyat","10":"pa_yazar-bram-stoker","12":"first","13":"instock","14":"sale","15":"shipping-taxable","16":"purchasable","17":"product-type-simple"},"_links":{"self":[{"href":"https:\/\/roveyayinevi.com.tr\/index.php\/wp-json\/wp\/v2\/product\/765879","targetHints":{"allow":["GET"]}}],"collection":[{"href":"https:\/\/roveyayinevi.com.tr\/index.php\/wp-json\/wp\/v2\/product"}],"about":[{"href":"https:\/\/roveyayinevi.com.tr\/index.php\/wp-json\/wp\/v2\/types\/product"}],"wp:attachment":[{"href":"https:\/\/roveyayinevi.com.tr\/index.php\/wp-json\/wp\/v2\/media?parent=765879"}],"wp:term":[{"taxonomy":"product_brand","embeddable":true,"href":"https:\/\/roveyayinevi.com.tr\/index.php\/wp-json\/wp\/v2\/product_brand?post=765879"},{"taxonomy":"product_cat","embeddable":true,"href":"https:\/\/roveyayinevi.com.tr\/index.php\/wp-json\/wp\/v2\/product_cat?post=765879"},{"taxonomy":"product_tag","embeddable":true,"href":"https:\/\/roveyayinevi.com.tr\/index.php\/wp-json\/wp\/v2\/product_tag?post=765879"}],"curies":[{"name":"wp","href":"https:\/\/api.w.org\/{rel}","templated":true}]}}