{"id":765877,"date":"2025-08-28T11:55:23","date_gmt":"2025-08-28T08:55:23","guid":{"rendered":"https:\/\/roveyayinevi.com.tr\/index.php\/urun\/milli-mucadelede-yesil-ordu-cemiyeti\/"},"modified":"2026-04-15T03:31:38","modified_gmt":"2026-04-15T00:31:38","slug":"milli-mucadelede-yesil-ordu-cemiyeti","status":"publish","type":"product","link":"https:\/\/roveyayinevi.com.tr\/index.php\/urun\/milli-mucadelede-yesil-ordu-cemiyeti\/","title":{"rendered":"Milli M\u00fccadele\u2019de Ye\u015fil Ordu Cemiyeti"},"content":{"rendered":"<p>Mill\u00ee M\u00fccadele Anadolu\u2019sunun ilk Marksist te\u015fkilat\u0131 olan Ye\u015fil Ordu Cemiyeti&#8217;nin, T\u00fcrk siyasi ya\u015fam\u0131nda \u00f6zel bir yeri vard\u0131r; zira Mill\u00ee M\u00fccadele&#8217;nin ola\u011fan\u00fcst\u00fc ko\u015fullar\u0131n\u0131 \u00e7ok iyi de\u011ferlendiren bu illegal cemiyet, siyasi iktidar\u0131 ele ge\u00e7irme yolunda en fazla mesafe kat eden ilk Marksist te\u015fkilat olarak bilinmektedir.    Mill\u00ee M\u00fccadele d\u00f6neminin ideolojik cephesini ilgilendiren Ye\u015fil Ordu Cemiyeti, \u00f6neminin aksine, yak\u0131n siyasi tarihimizin en az bilinen, en az ara\u015ft\u0131r\u0131lan, dolay\u0131s\u0131yla en karanl\u0131kta kalm\u0131\u015f konular\u0131 aras\u0131ndad\u0131r. Marksist niteli\u011fine ra\u011fmen g\u00fcn\u00fcm\u00fcz Marksist ara\u015ft\u0131rmac\u0131lar\u0131n\u0131n bile ilgi alan\u0131 d\u0131\u015f\u0131nda kalan Ye\u015fil Ordu Cemiyeti, d\u00f6nemin ideolojik m\u00fccadeleleri ile ilgili \u00e7al\u0131\u015fma yapacaklar i\u00e7in el de\u011fmemi\u015f bir alan say\u0131labilir.    Mill\u00ee M\u00fccadele\u2019de Ye\u015fil Ordu Cemiyeti adl\u0131 elinizdeki \u00e7al\u0131\u015fma d\u00f6neminin ideolojik m\u00fccadelelerine \u0131\u015f\u0131k tutarak bu alanda b\u00fcy\u00fck bir bo\u015flu\u011fu doldurmaktad\u0131r. <\/p>\n","protected":false},"excerpt":{"rendered":"<p>Mill\u00ee M\u00fccadele Anadolu\u2019sunun ilk Marksist te\u015fkilat\u0131 olan Ye\u015fil Ordu Cemiyeti&#8217;nin, T\u00fcrk siyasi ya\u015fam\u0131nda \u00f6zel bir yeri vard\u0131r; zira Mill\u00ee M\u00fccadele&#8217;nin ola\u011fan\u00fcst\u00fc ko\u015fullar\u0131n\u0131 \u00e7ok iyi de\u011ferlendiren bu<span class=\"excerpt-hellip\"> [\u2026]<\/span><\/p>\n","protected":false},"featured_media":0,"template":"","meta":{"_monsterinsights_skip_tracking":false,"_monsterinsights_sitenote_active":false,"_monsterinsights_sitenote_note":"","_monsterinsights_sitenote_category":0},"product_brand":[],"product_cat":[12304],"product_tag":[],"class_list":{"0":"post-765877","1":"product","2":"type-product","3":"status-publish","5":"product_cat-tarih","6":"pa_cilt-ciltsiz","7":"pa_tur-kitap","8":"pa_yayinevi-pozitif-yayinlari","9":"pa_yazar-necip-hablemitoglu","11":"first","12":"instock","13":"sale","14":"shipping-taxable","15":"purchasable","16":"product-type-simple"},"_links":{"self":[{"href":"https:\/\/roveyayinevi.com.tr\/index.php\/wp-json\/wp\/v2\/product\/765877","targetHints":{"allow":["GET"]}}],"collection":[{"href":"https:\/\/roveyayinevi.com.tr\/index.php\/wp-json\/wp\/v2\/product"}],"about":[{"href":"https:\/\/roveyayinevi.com.tr\/index.php\/wp-json\/wp\/v2\/types\/product"}],"wp:attachment":[{"href":"https:\/\/roveyayinevi.com.tr\/index.php\/wp-json\/wp\/v2\/media?parent=765877"}],"wp:term":[{"taxonomy":"product_brand","embeddable":true,"href":"https:\/\/roveyayinevi.com.tr\/index.php\/wp-json\/wp\/v2\/product_brand?post=765877"},{"taxonomy":"product_cat","embeddable":true,"href":"https:\/\/roveyayinevi.com.tr\/index.php\/wp-json\/wp\/v2\/product_cat?post=765877"},{"taxonomy":"product_tag","embeddable":true,"href":"https:\/\/roveyayinevi.com.tr\/index.php\/wp-json\/wp\/v2\/product_tag?post=765877"}],"curies":[{"name":"wp","href":"https:\/\/api.w.org\/{rel}","templated":true}]}}