{"id":765873,"date":"2025-08-28T11:55:16","date_gmt":"2025-08-28T08:55:16","guid":{"rendered":"https:\/\/roveyayinevi.com.tr\/index.php\/urun\/bakisinizi-degistirecek-10-deney-insan\/"},"modified":"2026-04-15T03:31:38","modified_gmt":"2026-04-15T00:31:38","slug":"bakisinizi-degistirecek-10-deney-insan","status":"publish","type":"product","link":"https:\/\/roveyayinevi.com.tr\/index.php\/urun\/bakisinizi-degistirecek-10-deney-insan\/","title":{"rendered":"Bak\u0131\u015f\u0131n\u0131z\u0131 De\u011fi\u015ftirecek 10 Deney: \u0130nsan"},"content":{"rendered":"<p>Kararlar\u0131m\u0131z\u0131 al\u0131rken akl\u0131m\u0131z m\u0131 daha \u00f6ndedir, yoksa duygular\u0131m\u0131z m\u0131? \u201c\u0130yi\u201d ya da \u201ck\u00f6t\u00fc\u201d biri olaca\u011f\u0131m\u0131z do\u011fu\u015ftan m\u0131 bellidir, yoksa \u00e7evremiz mi bizi \u015fekillendirir? En s\u0131radan insanlar bile bir caniye d\u00f6n\u00fc\u015febilir mi? \u201cAhlak\u201d\u0131n kayna\u011f\u0131 nedir? Herkes bize kar\u015f\u0131yken de do\u011frular\u0131m\u0131z\u0131 savunabilir miyiz? Toplum i\u00e7indeyken oldu\u011fumuzdan farkl\u0131 birine mi d\u00f6n\u00fc\u015f\u00fcr\u00fcz?   Belki de en \u00f6nemli soru \u015fu; insan denen varl\u0131\u011f\u0131 ne kadar tan\u0131yor, biliyoruz? Yoksa bildi\u011fimizi mi san\u0131yoruz?   Sel\u00e7uk \u015eirin, psikoloji alan\u0131nda k\u00fclt olmu\u015f ara\u015ft\u0131rmalardan yola \u00e7\u0131karak insana bak\u0131\u015f\u0131m\u0131z\u0131 de\u011fi\u015ftirecek bir kitapla kar\u015f\u0131m\u0131zda\u2026   Bak\u0131\u015f\u0131n\u0131z\u0131 De\u011fi\u015ftirecek 10 Deney serisinin ilk kitab\u0131 \u0130nsan, insan psikolojisi \u00fczerine yap\u0131lm\u0131\u015f ara\u015ft\u0131rmalardan elde edilen bilimsel bilgileri \u015eirin\u2019in kendine has sade ve anla\u015f\u0131l\u0131r \u00fcslubuyla bir araya getiriyor. Do\u011fru bilinen yarg\u0131lar\u0131 alt\u00fcst eden, \u00f6n kabulleri y\u0131kan ve insan\u0131 ger\u00e7ekten anlamaya bizi bir ad\u0131m daha yakla\u015ft\u0131racak bilgilerle dolu bu kitab\u0131 \u015fa\u015f\u0131rarak ve heyecanla okuyacaks\u0131n\u0131z! <\/p>\n","protected":false},"excerpt":{"rendered":"<p>Kararlar\u0131m\u0131z\u0131 al\u0131rken akl\u0131m\u0131z m\u0131 daha \u00f6ndedir, yoksa duygular\u0131m\u0131z m\u0131? \u201c\u0130yi\u201d ya da \u201ck\u00f6t\u00fc\u201d biri olaca\u011f\u0131m\u0131z do\u011fu\u015ftan m\u0131 bellidir, yoksa \u00e7evremiz mi bizi \u015fekillendirir? En s\u0131radan insanlar<span class=\"excerpt-hellip\"> [\u2026]<\/span><\/p>\n","protected":false},"featured_media":0,"template":"","meta":{"_monsterinsights_skip_tracking":false,"_monsterinsights_sitenote_active":false,"_monsterinsights_sitenote_note":"","_monsterinsights_sitenote_category":0},"product_brand":[],"product_cat":[12357],"product_tag":[],"class_list":{"0":"post-765873","1":"product","2":"type-product","3":"status-publish","5":"product_cat-psikoloji","6":"pa_cilt-ciltsiz","7":"pa_tur-kitap","8":"pa_yayinevi-mundi","9":"pa_yazar-selcuk-sirin","11":"first","12":"instock","13":"sale","14":"shipping-taxable","15":"purchasable","16":"product-type-simple"},"_links":{"self":[{"href":"https:\/\/roveyayinevi.com.tr\/index.php\/wp-json\/wp\/v2\/product\/765873","targetHints":{"allow":["GET"]}}],"collection":[{"href":"https:\/\/roveyayinevi.com.tr\/index.php\/wp-json\/wp\/v2\/product"}],"about":[{"href":"https:\/\/roveyayinevi.com.tr\/index.php\/wp-json\/wp\/v2\/types\/product"}],"wp:attachment":[{"href":"https:\/\/roveyayinevi.com.tr\/index.php\/wp-json\/wp\/v2\/media?parent=765873"}],"wp:term":[{"taxonomy":"product_brand","embeddable":true,"href":"https:\/\/roveyayinevi.com.tr\/index.php\/wp-json\/wp\/v2\/product_brand?post=765873"},{"taxonomy":"product_cat","embeddable":true,"href":"https:\/\/roveyayinevi.com.tr\/index.php\/wp-json\/wp\/v2\/product_cat?post=765873"},{"taxonomy":"product_tag","embeddable":true,"href":"https:\/\/roveyayinevi.com.tr\/index.php\/wp-json\/wp\/v2\/product_tag?post=765873"}],"curies":[{"name":"wp","href":"https:\/\/api.w.org\/{rel}","templated":true}]}}