{"id":765872,"date":"2025-08-28T11:55:14","date_gmt":"2025-08-28T08:55:14","guid":{"rendered":"https:\/\/roveyayinevi.com.tr\/index.php\/urun\/belki-yaz-erken-gelir\/"},"modified":"2026-04-12T03:23:04","modified_gmt":"2026-04-12T00:23:04","slug":"belki-yaz-erken-gelir","status":"publish","type":"product","link":"https:\/\/roveyayinevi.com.tr\/index.php\/urun\/belki-yaz-erken-gelir\/","title":{"rendered":"Belki Yaz Erken Gelir"},"content":{"rendered":"<p>Kitap\u00e7\u0131das\u0131n. Raflar\u0131n aras\u0131nda dolan\u0131yorsun.   Bir kitap dikkatini \u00e7ekiyor. Kapa\u011f\u0131nda bir kad\u0131n var. Kumsalda. Devasa bir can simidi tutuyor. Deniz hafiften dalgal\u0131. Kad\u0131n\u0131n nereden gelip, nereye gitti\u011fini anlayam\u0131yorsun. \u00c7ocuklu\u011fun geliyor akl\u0131na. \u00c7ocukluk, kilidi k\u0131r\u0131k bir hat\u0131ra defteri.   Tam arka kapa\u011fa bakacakken biri giriyor kitap\u00e7\u0131dan i\u00e7eri. Dikkatin da\u011f\u0131l\u0131yor. Annenin anlatt\u0131\u011f\u0131 masallar, baban\u0131n kahkahas\u0131 eksik f\u0131kralar\u0131 eriyip gidiyor. \u00c7ocuklu\u011fun terk ediyor seni, b\u00fcy\u00fcyorsun.   \u00d6yk\u00fcler, k\u0131sa \u00f6yk\u00fcler, masallar diyor arka kapak yaz\u0131s\u0131nda. \u201cKe\u015fke roman olsayd\u0131,\u201d diye d\u00fc\u015f\u00fcn\u00fcyorsun bir an. Sonra hayat\u0131n \u00f6yk\u00fclerin toplam\u0131 oldu\u011funu hat\u0131rl\u0131yorsun. Hayat dedi\u011fin, b\u00fct\u00fcn o harflerin, hecelerin, s\u00f6zc\u00fcklerin bulu\u015fmas\u0131n\u0131 beklemek.   Hayat dedi\u011fin, bitmeyen bir bekleyi\u015f.   Yazar\u0131n ad\u0131 siliniyor kapaktan. Kendi ad\u0131n\u0131 g\u00f6r\u00fcyorsun orada, b\u00fct\u00fcn o \u00f6yk\u00fcler senin art\u0131k. Kitap sadece senin duyaca\u011f\u0131n bir melodiyle \u015fark\u0131s\u0131n\u0131 s\u00f6ylemeye ba\u015fl\u0131yor:   Ben bir \u00f6yk\u00fc kitab\u0131y\u0131m.   \u0130\u00e7ten bir tebess\u00fcmle okurunu bekleyen. <\/p>\n","protected":false},"excerpt":{"rendered":"<p>Kitap\u00e7\u0131das\u0131n. Raflar\u0131n aras\u0131nda dolan\u0131yorsun. Bir kitap dikkatini \u00e7ekiyor. Kapa\u011f\u0131nda bir kad\u0131n var. Kumsalda. Devasa bir can simidi tutuyor. Deniz hafiften dalgal\u0131. Kad\u0131n\u0131n nereden gelip, nereye gitti\u011fini<span class=\"excerpt-hellip\"> [\u2026]<\/span><\/p>\n","protected":false},"featured_media":0,"template":"","meta":{"_monsterinsights_skip_tracking":false,"_monsterinsights_sitenote_active":false,"_monsterinsights_sitenote_note":"","_monsterinsights_sitenote_category":0},"product_brand":[],"product_cat":[12291,18202],"product_tag":[],"class_list":{"0":"post-765872","1":"product","2":"type-product","3":"status-publish","5":"product_cat-edebiyat","6":"product_cat-hikaye","7":"pa_cilt-ciltsiz","8":"pa_tur-kitap","9":"pa_yayinevi-can-yayinlari","10":"pa_yazar-yekta-kopan","12":"first","13":"instock","14":"sale","15":"shipping-taxable","16":"purchasable","17":"product-type-simple"},"_links":{"self":[{"href":"https:\/\/roveyayinevi.com.tr\/index.php\/wp-json\/wp\/v2\/product\/765872","targetHints":{"allow":["GET"]}}],"collection":[{"href":"https:\/\/roveyayinevi.com.tr\/index.php\/wp-json\/wp\/v2\/product"}],"about":[{"href":"https:\/\/roveyayinevi.com.tr\/index.php\/wp-json\/wp\/v2\/types\/product"}],"wp:attachment":[{"href":"https:\/\/roveyayinevi.com.tr\/index.php\/wp-json\/wp\/v2\/media?parent=765872"}],"wp:term":[{"taxonomy":"product_brand","embeddable":true,"href":"https:\/\/roveyayinevi.com.tr\/index.php\/wp-json\/wp\/v2\/product_brand?post=765872"},{"taxonomy":"product_cat","embeddable":true,"href":"https:\/\/roveyayinevi.com.tr\/index.php\/wp-json\/wp\/v2\/product_cat?post=765872"},{"taxonomy":"product_tag","embeddable":true,"href":"https:\/\/roveyayinevi.com.tr\/index.php\/wp-json\/wp\/v2\/product_tag?post=765872"}],"curies":[{"name":"wp","href":"https:\/\/api.w.org\/{rel}","templated":true}]}}