{"id":765854,"date":"2025-08-28T11:54:43","date_gmt":"2025-08-28T08:54:43","guid":{"rendered":"https:\/\/roveyayinevi.com.tr\/index.php\/urun\/sabahattin-ali-ajandasi-2025\/"},"modified":"2026-04-15T03:31:37","modified_gmt":"2026-04-15T00:31:37","slug":"sabahattin-ali-ajandasi-2025","status":"publish","type":"product","link":"https:\/\/roveyayinevi.com.tr\/index.php\/urun\/sabahattin-ali-ajandasi-2025\/","title":{"rendered":"Sabahattin Ali Ajandas\u0131 2025"},"content":{"rendered":"<p>Cem Yay\u0131nevi\u2019nin 2025 Ajandas\u0131, Sabahattin Ali \u00fczerine kuruldu. Ali, pek \u00e7ok a\u00e7\u0131dan T\u00fcrk edebiyat\u0131n\u0131n temel ta\u015flar\u0131ndan biridir. Yazd\u0131klar\u0131, \u00e7evirdikleri, fikren yak\u0131n arkada\u015flar\u0131 taraf\u0131ndan bile yad\u0131rganan ya\u015fam tarz\u0131 ve trajik \u00f6l\u00fcm\u00fcyle g\u00fcn\u00fcm\u00fcze etkileri s\u00fcrmektedir. T\u00fcrk edebiyat\u0131n\u0131n mezars\u0131z \u00f6l\u00fcs\u00fcd\u00fcr. An\u0131s\u0131na K\u0131rklareli da\u011flar\u0131na konulan ta\u015f bile simgeseldir, \u00e7\u00fcnk\u00fc nerede \u00f6ld\u00fcr\u00fcld\u00fc\u011f\u00fc de nereye g\u00f6m\u00fcld\u00fc\u011f\u00fc de h\u00e2l\u00e2 a\u00e7\u0131\u011fa \u00e7\u0131kmam\u0131\u015ft\u0131r. Yazarl\u0131\u011f\u0131ndan \u00f6nce \u00f6\u011fretmendir. Edebiyat\u0131n hemen her dal\u0131nda yazm\u0131\u015f, \u00f6nc\u00fcl\u00fck etmi\u015f, esin vermi\u015ftir. Ayr\u0131ca m\u00fcthi\u015f bir siyasal ele\u015ftirmen ve polemik\u00e7idir. Markopa\u015fa ba\u015fta olmak \u00fczere dergilerde yazd\u0131klar\u0131, ne yaz\u0131k ki g\u00fcn\u00fcm\u00fczde bile ge\u00e7erlili\u011fini korur. \u201cK\u00f6k\u00fc d\u0131\u015far\u0131da\u201d su\u00e7lamas\u0131n\u0131n y\u00f6neltildi\u011fi ilk yazar olarak, ba\u015fka bir a\u00e7\u0131dan da tarihimize ge\u00e7mi\u015ftir. Ajanday\u0131 haz\u0131rlarken Sabahattin Ali\u2019nin sa\u011fl\u0131\u011f\u0131nda yay\u0131nlad\u0131klar\u0131yla s\u0131n\u0131rl\u0131 kald\u0131k. Elbette siyasi yaz\u0131lar\u0131 ve dergilerin o d\u00f6nemdeki ad\u0131yla \u201canketlerine\u201d verdi\u011fi yan\u0131tlardan da \u00f6rnekler ald\u0131k. Seksenli y\u0131llarda Sabahattin Ali\u2019nin toplu eserlerini Cem Yay\u0131nevi i\u00e7in haz\u0131rlayan Atilla \u00d6zk\u0131r\u0131ml\u0131\u2019y\u0131 ve bu y\u0131l kaybetti\u011fimiz, Kutup Y\u0131ld\u0131z\u0131m\u0131z Mehmet Ali U\u011fur\u2019u sayg\u0131yla an\u0131yoruz.<\/p>\n","protected":false},"excerpt":{"rendered":"<p>Cem Yay\u0131nevi\u2019nin 2025 Ajandas\u0131, Sabahattin Ali \u00fczerine kuruldu. Ali, pek \u00e7ok a\u00e7\u0131dan T\u00fcrk edebiyat\u0131n\u0131n temel ta\u015flar\u0131ndan biridir. Yazd\u0131klar\u0131, \u00e7evirdikleri, fikren yak\u0131n arkada\u015flar\u0131 taraf\u0131ndan bile yad\u0131rganan ya\u015fam<span class=\"excerpt-hellip\"> [\u2026]<\/span><\/p>\n","protected":false},"featured_media":0,"template":"","meta":{"_monsterinsights_skip_tracking":false,"_monsterinsights_sitenote_active":false,"_monsterinsights_sitenote_note":"","_monsterinsights_sitenote_category":0},"product_brand":[],"product_cat":[28265,15563],"product_tag":[],"class_list":{"0":"post-765854","1":"product","2":"type-product","3":"status-publish","5":"product_cat-diger-hobi","6":"product_cat-hobi","7":"pa_cilt-ciltsiz","8":"pa_tur-kitap","9":"pa_yayinevi-cem-yayinevi","10":"pa_yazar-kolektif","12":"first","13":"instock","14":"sale","15":"shipping-taxable","16":"purchasable","17":"product-type-simple"},"_links":{"self":[{"href":"https:\/\/roveyayinevi.com.tr\/index.php\/wp-json\/wp\/v2\/product\/765854","targetHints":{"allow":["GET"]}}],"collection":[{"href":"https:\/\/roveyayinevi.com.tr\/index.php\/wp-json\/wp\/v2\/product"}],"about":[{"href":"https:\/\/roveyayinevi.com.tr\/index.php\/wp-json\/wp\/v2\/types\/product"}],"wp:attachment":[{"href":"https:\/\/roveyayinevi.com.tr\/index.php\/wp-json\/wp\/v2\/media?parent=765854"}],"wp:term":[{"taxonomy":"product_brand","embeddable":true,"href":"https:\/\/roveyayinevi.com.tr\/index.php\/wp-json\/wp\/v2\/product_brand?post=765854"},{"taxonomy":"product_cat","embeddable":true,"href":"https:\/\/roveyayinevi.com.tr\/index.php\/wp-json\/wp\/v2\/product_cat?post=765854"},{"taxonomy":"product_tag","embeddable":true,"href":"https:\/\/roveyayinevi.com.tr\/index.php\/wp-json\/wp\/v2\/product_tag?post=765854"}],"curies":[{"name":"wp","href":"https:\/\/api.w.org\/{rel}","templated":true}]}}