{"id":765840,"date":"2025-08-28T11:54:15","date_gmt":"2025-08-28T08:54:15","guid":{"rendered":"https:\/\/roveyayinevi.com.tr\/index.php\/urun\/oyunbaz-7-tutsak-1-olu-ciltli-kutulu\/"},"modified":"2026-04-03T03:22:59","modified_gmt":"2026-04-03T00:22:59","slug":"oyunbaz-7-tutsak-1-olu-ciltli-kutulu","status":"publish","type":"product","link":"https:\/\/roveyayinevi.com.tr\/index.php\/urun\/oyunbaz-7-tutsak-1-olu-ciltli-kutulu\/","title":{"rendered":"Oyunbaz &#8211; 7 Tutsak 1 \u00d6l\u00fc (Ciltli &#8211; Kutulu)"},"content":{"rendered":"<p>1 KIZ. 6 ERKEK. \u00d6L\u00dcMC\u00dcL B\u0130R EV.   Tek derdi \u00fcniversite s\u0131nav\u0131na haz\u0131rlanmak olan Afra, bir g\u00fcn ona gelen mesajla proje \u00f6devi i\u00e7in g\u00f6nderilen adrese gider. Bina koridoruna as\u0131lm\u0131\u015f silahlarla kar\u015f\u0131la\u015ft\u0131\u011f\u0131nda b\u00fcy\u00fck bir terslik oldu\u011funu anlasa da her \u015fey i\u00e7in \u00e7ok ge\u00e7tir. Kendi ayaklar\u0131yla gitti\u011fi eve, kimli\u011fini maske takarak gizleyen \u201c\u00d6l\u00fcm\u201d taraf\u0131ndan hapsedilir. \u00dcstelik her an kameralarla izlenilen bu evde yaln\u0131z de\u011fildir. Neden orada oldu\u011funu bilmeyen alt\u0131 erkek, t\u0131pk\u0131 onun gibi tutsak edilmi\u015ftir.   \u25a0\u25a0\u25a0   Kameralarla izlenen, onlar\u0131 her an \u00f6ld\u00fcrebilecek silahlarla dolu bir ev. Neden orada oldu\u011funu bilmeyen alt\u0131 erkek ve bir k\u0131z. Kendine \u00d6l\u00fcm diyen ve tutsaklar\u0131yla haylaz bir \u00e7ocuk gibi oynayan bir Oyunbaz. Gelecek ve \u015fimdiki zaman aras\u0131nda dokunmu\u015f, s\u0131n\u0131rlar\u0131 zorlayan, herkesi \u00d6l\u00fcm&#8217;\u00fcn oyununu \u00e7\u00f6zmeye davet eden bir hik\u00e2ye.   \u00d6l\u00fcm sizi bulmacay\u0131 and\u0131ran gizemli bir oyuna davet ediyor! Haz\u0131r m\u0131s\u0131n\u0131z?KUTU \u0130\u00c7ER\u0130\u011e\u0130 : 8 ADET KARAKTER KARTI                                  2 TAKIM STICKER                                  1 ADET AYRA\u00c7 <\/p>\n","protected":false},"excerpt":{"rendered":"<p>1 KIZ. 6 ERKEK. \u00d6L\u00dcMC\u00dcL B\u0130R EV. Tek derdi \u00fcniversite s\u0131nav\u0131na haz\u0131rlanmak olan Afra, bir g\u00fcn ona gelen mesajla proje \u00f6devi i\u00e7in g\u00f6nderilen adrese gider. Bina<span class=\"excerpt-hellip\"> [\u2026]<\/span><\/p>\n","protected":false},"featured_media":0,"template":"","meta":{"_monsterinsights_skip_tracking":false,"_monsterinsights_sitenote_active":false,"_monsterinsights_sitenote_note":"","_monsterinsights_sitenote_category":0},"product_brand":[],"product_cat":[12291,17033],"product_tag":[],"class_list":{"0":"post-765840","1":"product","2":"type-product","3":"status-publish","5":"product_cat-edebiyat","6":"product_cat-korku-gerilim","7":"pa_cilt-ciltsiz","8":"pa_tur-kitap","9":"pa_yayinevi-marti-yayinlari","10":"pa_yazar-isil-limae","12":"first","13":"instock","14":"sale","15":"shipping-taxable","16":"purchasable","17":"product-type-simple"},"_links":{"self":[{"href":"https:\/\/roveyayinevi.com.tr\/index.php\/wp-json\/wp\/v2\/product\/765840","targetHints":{"allow":["GET"]}}],"collection":[{"href":"https:\/\/roveyayinevi.com.tr\/index.php\/wp-json\/wp\/v2\/product"}],"about":[{"href":"https:\/\/roveyayinevi.com.tr\/index.php\/wp-json\/wp\/v2\/types\/product"}],"wp:attachment":[{"href":"https:\/\/roveyayinevi.com.tr\/index.php\/wp-json\/wp\/v2\/media?parent=765840"}],"wp:term":[{"taxonomy":"product_brand","embeddable":true,"href":"https:\/\/roveyayinevi.com.tr\/index.php\/wp-json\/wp\/v2\/product_brand?post=765840"},{"taxonomy":"product_cat","embeddable":true,"href":"https:\/\/roveyayinevi.com.tr\/index.php\/wp-json\/wp\/v2\/product_cat?post=765840"},{"taxonomy":"product_tag","embeddable":true,"href":"https:\/\/roveyayinevi.com.tr\/index.php\/wp-json\/wp\/v2\/product_tag?post=765840"}],"curies":[{"name":"wp","href":"https:\/\/api.w.org\/{rel}","templated":true}]}}