{"id":765810,"date":"2025-08-28T11:52:23","date_gmt":"2025-08-28T08:52:23","guid":{"rendered":"https:\/\/roveyayinevi.com.tr\/index.php\/urun\/paw-patrol-saymaya-basliyorum-faliyet-kitabi\/"},"modified":"2026-04-15T03:31:36","modified_gmt":"2026-04-15T00:31:36","slug":"paw-patrol-saymaya-basliyorum-faliyet-kitabi","status":"publish","type":"product","link":"https:\/\/roveyayinevi.com.tr\/index.php\/urun\/paw-patrol-saymaya-basliyorum-faliyet-kitabi\/","title":{"rendered":"Paw Patrol Saymaya Ba\u015fl\u0131yorum Faliyet Kitab\u0131"},"content":{"rendered":"<p>&#8220;PawPatrol: Saymaya Ba\u015fl\u0131yorum,&#8221; \u00e7ocuklar\u0131n temel say\u0131lar\u0131 tan\u0131mas\u0131na ve sayma becerilerini geli\u015ftirmesine yard\u0131mc\u0131 olmak amac\u0131yla tasarlanm\u0131\u015ft\u0131r. Bu e\u011flenceli aktivite kitab\u0131nda \u00e7ocuklar, PAW Patrol karakterleriyle birlikte sayma oyunlar\u0131 oynarken hem e\u011flenecek hem de \u00f6\u011frenmeye te\u015fvik edilecektir. Bu renkli PAW Patrol kitab\u0131 ile k\u00fc\u00e7\u00fck \u00f6\u011frencinizin say\u0131larla tan\u0131\u015fmas\u0131na ve maceraya \u00e7\u0131kmas\u0131na yard\u0131mc\u0131 olun. \u00c7ocuklar, sevimli PAW Patrol arkada\u015flar\u0131 e\u015fli\u011finde 1\u2019den 20\u2019ye kadar sayma prati\u011fi yapacak, say\u0131lar\u0131 s\u0131ral\u0131 kullanmay\u0131 \u00f6\u011frenecek ve temel toplama ile \u00e7\u0131karma i\u015flemleriyle tan\u0131\u015facakt\u0131r. Kitab\u0131n sonunda s\u00fcrpriz bir \u00f6d\u00fcl sertifikas\u0131 bulunmaktad\u0131r. Okul \u00f6ncesi \u00e7ocuklar\u0131n okula haz\u0131rl\u0131k yapmalar\u0131 i\u00e7in ideal bir kaynakt\u0131r. K\u00fc\u00e7\u00fck k\u00e2\u015fifiniz, say\u0131larla dolu bu macerada hareketlenecek! <\/p>\n","protected":false},"excerpt":{"rendered":"<p>&#8220;PawPatrol: Saymaya Ba\u015fl\u0131yorum,&#8221; \u00e7ocuklar\u0131n temel say\u0131lar\u0131 tan\u0131mas\u0131na ve sayma becerilerini geli\u015ftirmesine yard\u0131mc\u0131 olmak amac\u0131yla tasarlanm\u0131\u015ft\u0131r. Bu e\u011flenceli aktivite kitab\u0131nda \u00e7ocuklar, PAW Patrol karakterleriyle birlikte sayma oyunlar\u0131<span class=\"excerpt-hellip\"> [\u2026]<\/span><\/p>\n","protected":false},"featured_media":0,"template":"","meta":{"_monsterinsights_skip_tracking":false,"_monsterinsights_sitenote_active":false,"_monsterinsights_sitenote_note":"","_monsterinsights_sitenote_category":0},"product_brand":[],"product_cat":[12274,15842],"product_tag":[],"class_list":{"0":"post-765810","1":"product","2":"type-product","3":"status-publish","5":"product_cat-cocuk-ve-genclik-kitaplari","6":"product_cat-egitici-kitaplar","7":"pa_cilt-ciltsiz","8":"pa_tur-kitap","9":"pa_yayinevi-beta-kids","10":"pa_yazar-kolektif","12":"first","13":"instock","14":"sale","15":"shipping-taxable","16":"purchasable","17":"product-type-simple"},"_links":{"self":[{"href":"https:\/\/roveyayinevi.com.tr\/index.php\/wp-json\/wp\/v2\/product\/765810","targetHints":{"allow":["GET"]}}],"collection":[{"href":"https:\/\/roveyayinevi.com.tr\/index.php\/wp-json\/wp\/v2\/product"}],"about":[{"href":"https:\/\/roveyayinevi.com.tr\/index.php\/wp-json\/wp\/v2\/types\/product"}],"wp:attachment":[{"href":"https:\/\/roveyayinevi.com.tr\/index.php\/wp-json\/wp\/v2\/media?parent=765810"}],"wp:term":[{"taxonomy":"product_brand","embeddable":true,"href":"https:\/\/roveyayinevi.com.tr\/index.php\/wp-json\/wp\/v2\/product_brand?post=765810"},{"taxonomy":"product_cat","embeddable":true,"href":"https:\/\/roveyayinevi.com.tr\/index.php\/wp-json\/wp\/v2\/product_cat?post=765810"},{"taxonomy":"product_tag","embeddable":true,"href":"https:\/\/roveyayinevi.com.tr\/index.php\/wp-json\/wp\/v2\/product_tag?post=765810"}],"curies":[{"name":"wp","href":"https:\/\/api.w.org\/{rel}","templated":true}]}}