{"id":765808,"date":"2025-08-28T11:52:19","date_gmt":"2025-08-28T08:52:19","guid":{"rendered":"https:\/\/roveyayinevi.com.tr\/index.php\/urun\/paw-patrol-inanilmaz-labirentler-faaliyet-kitabi\/"},"modified":"2026-04-15T03:31:36","modified_gmt":"2026-04-15T00:31:36","slug":"paw-patrol-inanilmaz-labirentler-faaliyet-kitabi","status":"publish","type":"product","link":"https:\/\/roveyayinevi.com.tr\/index.php\/urun\/paw-patrol-inanilmaz-labirentler-faaliyet-kitabi\/","title":{"rendered":"Paw Patrol \u0130nan\u0131lmaz Labirentler Faaliyet Kitab\u0131"},"content":{"rendered":"<p>&#8220;\u0130nan\u0131lmaz Labirentler Faaliyet Kitab\u0131&#8221;, \u00e7ocuklar\u0131n problem \u00e7\u00f6zme ve dikkat becerilerini geli\u015ftirmelerine yard\u0131mc\u0131 olur. PAW Patrol&#8217;un sevimli karakterleri e\u015fli\u011finde \u00e7ocuklar, farkl\u0131 zorluk seviyelerindeki labirentlerde \u00e7\u0131k\u0131\u015f\u0131 bulmaya \u00e7al\u0131\u015f\u0131rken e\u011flenceli vakit ge\u00e7irir.   Renkli ve macera dolu bu kitap, \u00e7ocuklar\u0131n odaklanma becerilerini peki\u015ftirirken onlar\u0131 yeni ser\u00fcvenlere davet eder. PAW Patrol d\u00fcnyas\u0131nda kaybolmaya haz\u0131r olun! Hem evde hem de yuvalarda kullan\u0131labilecek bir kaynak olarak ideal bir tercihtir. <\/p>\n","protected":false},"excerpt":{"rendered":"<p>&#8220;\u0130nan\u0131lmaz Labirentler Faaliyet Kitab\u0131&#8221;, \u00e7ocuklar\u0131n problem \u00e7\u00f6zme ve dikkat becerilerini geli\u015ftirmelerine yard\u0131mc\u0131 olur. PAW Patrol&#8217;un sevimli karakterleri e\u015fli\u011finde \u00e7ocuklar, farkl\u0131 zorluk seviyelerindeki labirentlerde \u00e7\u0131k\u0131\u015f\u0131 bulmaya \u00e7al\u0131\u015f\u0131rken<span class=\"excerpt-hellip\"> [\u2026]<\/span><\/p>\n","protected":false},"featured_media":0,"template":"","meta":{"_monsterinsights_skip_tracking":false,"_monsterinsights_sitenote_active":false,"_monsterinsights_sitenote_note":"","_monsterinsights_sitenote_category":0},"product_brand":[],"product_cat":[12274,15842],"product_tag":[],"class_list":{"0":"post-765808","1":"product","2":"type-product","3":"status-publish","5":"product_cat-cocuk-ve-genclik-kitaplari","6":"product_cat-egitici-kitaplar","7":"pa_cilt-ciltsiz","8":"pa_tur-kitap","9":"pa_yayinevi-beta-kids","10":"pa_yazar-kolektif","12":"first","13":"instock","14":"sale","15":"shipping-taxable","16":"purchasable","17":"product-type-simple"},"_links":{"self":[{"href":"https:\/\/roveyayinevi.com.tr\/index.php\/wp-json\/wp\/v2\/product\/765808","targetHints":{"allow":["GET"]}}],"collection":[{"href":"https:\/\/roveyayinevi.com.tr\/index.php\/wp-json\/wp\/v2\/product"}],"about":[{"href":"https:\/\/roveyayinevi.com.tr\/index.php\/wp-json\/wp\/v2\/types\/product"}],"wp:attachment":[{"href":"https:\/\/roveyayinevi.com.tr\/index.php\/wp-json\/wp\/v2\/media?parent=765808"}],"wp:term":[{"taxonomy":"product_brand","embeddable":true,"href":"https:\/\/roveyayinevi.com.tr\/index.php\/wp-json\/wp\/v2\/product_brand?post=765808"},{"taxonomy":"product_cat","embeddable":true,"href":"https:\/\/roveyayinevi.com.tr\/index.php\/wp-json\/wp\/v2\/product_cat?post=765808"},{"taxonomy":"product_tag","embeddable":true,"href":"https:\/\/roveyayinevi.com.tr\/index.php\/wp-json\/wp\/v2\/product_tag?post=765808"}],"curies":[{"name":"wp","href":"https:\/\/api.w.org\/{rel}","templated":true}]}}