{"id":765804,"date":"2025-08-28T11:52:12","date_gmt":"2025-08-28T08:52:12","guid":{"rendered":"https:\/\/roveyayinevi.com.tr\/index.php\/urun\/alevilikte-toplumsal-kurumlar-ve-iktidar\/"},"modified":"2026-04-15T03:31:36","modified_gmt":"2026-04-15T00:31:36","slug":"alevilikte-toplumsal-kurumlar-ve-iktidar","status":"publish","type":"product","link":"https:\/\/roveyayinevi.com.tr\/index.php\/urun\/alevilikte-toplumsal-kurumlar-ve-iktidar\/","title":{"rendered":"Alevilikte Toplumsal Kurumlar ve \u0130ktidar"},"content":{"rendered":"<p>Elinizdeki kitap, imam-hatip liseleriyle, y\u00fcksek \u0130slam enstit\u00fcleriyle, ilahiyat fak\u00fclteleriyle ku\u015fat\u0131lm\u0131\u015fken, \u00fcniversitelerde Alevilik \u00e7al\u0131\u015f-malar\u0131n\u0131n laikli\u011fe ayk\u0131r\u0131 kabul edildi\u011fi, Alevili\u011fin \u2013o da ad\u0131 an\u0131lmak-s\u0131z\u0131n- \u201chalk inan\u00e7lar\u0131, gelenekleri, g\u00f6renekleri, adetleri\u201dyle ancak folklorun konusu olabildi\u011fi bir d\u00f6nemde, bu alanlar\u0131n d\u0131\u015f\u0131nda, Alevilik \u00fcst\u00fcne adl\u0131 ad\u0131nca bir \u00fcniversitede yaz\u0131lm\u0131\u015f ilk tez olmasa da, ilklerden biridir. Ama sosyal bilimler alan\u0131nda T\u00fcrkiye\u2019nin en k\u00f6kl\u00fc kurumlar\u0131ndan biri olan Ankara \u00dcniversitesi Siyasal Bilgiler Fak\u00fcltesi\u2019nde ve genel olarak siyaset bilimi alan\u0131ndan Alevili\u011fe y\u00f6nelen ilk \u00e7al\u0131\u015fmad\u0131r. Elinizdeki kitap Alevili\u011fi ilk kez bir siyaset bilimi konusu haline getirirken ayn\u0131 zamanda, yine ilk kez, Alevilerin toplumsal kurum-lar\u0131na y\u00f6nelerek bu kurumlar\u0131n in\u015fa etti\u011fi devlet-d\u0131\u015f\u0131 bir siyasall\u0131\u011f\u0131n ya da siyasal b\u00fcnyenin varl\u0131\u011f\u0131na ili\u015fkin iddialar ileri s\u00fcren bir \u00e7al\u0131\u015fmad\u0131r. Kitap, g\u00f6bek ba\u011f\u0131 \u201cdevletlu siyasetle\u201d kesilenlerin kar\u015f\u0131s\u0131na devlet-d\u0131\u015f\u0131 bir siyasall\u0131\u011f\u0131n m\u00fcmk\u00fcn oldu\u011fu ve bu imkan\u0131n da Alevi topluluklar i\u00e7inde hala ya\u015fad\u0131\u011f\u0131, Alevili\u011fin tarih boyunca kar\u015f\u0131la\u015ft\u0131\u011f\u0131m\u0131z muhalif niteli\u011finin de tam burada aranmas\u0131 gerekti\u011fi sav\u0131yla \u00e7\u0131kmaktad\u0131r. Ancak bu sav do\u011frultusunda, elinizdeki kitap bir Alevilik \u00f6vg\u00fcs\u00fc de\u011fildir. Bu \u00e7al\u0131\u015fma ele ald\u0131\u011f\u0131 nesnenin yan\u0131nda saf tutmakla birlikte nesnesine teslim olmayan bir tutumu benimsiyor, Alevili\u011fin kaybettiklerinin ve bu kay\u0131plar\u0131n ne gibi sonu\u00e7lara yol a\u00e7t\u0131\u011f\u0131n\u0131n bir \u00e7etelesini tutuyor ve \u201cArkaik Alevili\u011fe\u201d ili\u015fkin teorik bir soyutlamadan hareketle g\u00fcn\u00fcm\u00fcz Alevili\u011fine ve Alevilerine ele\u015ftiriler y\u00f6neltiyor. Yazar, bu bask\u0131 i\u00e7in kaleme ald\u0131\u011f\u0131 \u201cOtuz Y\u0131l \u00d6nce, Otuz Y\u0131l Sonra\u201d ba\u015fl\u0131kl\u0131 b\u00f6l\u00fcmde Alevi hareketinin kat etti\u011fi otuz y\u0131l\u0131 da g\u00f6zeterek \u201caksilanet\u201d bir y\u00fcksek lisans tez j\u00fcrisi \u00fcyesi gibi, otuz y\u0131l \u00f6nce yazd\u0131klar\u0131n\u0131n bir \u00f6z de\u011ferlendirmesini ve ele\u015ftirisini yap\u0131yor. <\/p>\n","protected":false},"excerpt":{"rendered":"<p>Elinizdeki kitap, imam-hatip liseleriyle, y\u00fcksek \u0130slam enstit\u00fcleriyle, ilahiyat fak\u00fclteleriyle ku\u015fat\u0131lm\u0131\u015fken, \u00fcniversitelerde Alevilik \u00e7al\u0131\u015f-malar\u0131n\u0131n laikli\u011fe ayk\u0131r\u0131 kabul edildi\u011fi, Alevili\u011fin \u2013o da ad\u0131 an\u0131lmak-s\u0131z\u0131n- \u201chalk inan\u00e7lar\u0131, gelenekleri, g\u00f6renekleri,<span class=\"excerpt-hellip\"> [\u2026]<\/span><\/p>\n","protected":false},"featured_media":0,"template":"","meta":{"_monsterinsights_skip_tracking":false,"_monsterinsights_sitenote_active":false,"_monsterinsights_sitenote_note":"","_monsterinsights_sitenote_category":0},"product_brand":[],"product_cat":[12325,12324],"product_tag":[],"class_list":{"0":"post-765804","1":"product","2":"type-product","3":"status-publish","5":"product_cat-diger-sosyoloji","6":"product_cat-sosyoloji","7":"pa_cilt-ciltsiz","8":"pa_tur-kitap","9":"pa_yayinevi-dipnot-yayinlari","10":"pa_yazar-ayhan-yalcinkaya","12":"first","13":"instock","14":"sale","15":"shipping-taxable","16":"purchasable","17":"product-type-simple"},"_links":{"self":[{"href":"https:\/\/roveyayinevi.com.tr\/index.php\/wp-json\/wp\/v2\/product\/765804","targetHints":{"allow":["GET"]}}],"collection":[{"href":"https:\/\/roveyayinevi.com.tr\/index.php\/wp-json\/wp\/v2\/product"}],"about":[{"href":"https:\/\/roveyayinevi.com.tr\/index.php\/wp-json\/wp\/v2\/types\/product"}],"wp:attachment":[{"href":"https:\/\/roveyayinevi.com.tr\/index.php\/wp-json\/wp\/v2\/media?parent=765804"}],"wp:term":[{"taxonomy":"product_brand","embeddable":true,"href":"https:\/\/roveyayinevi.com.tr\/index.php\/wp-json\/wp\/v2\/product_brand?post=765804"},{"taxonomy":"product_cat","embeddable":true,"href":"https:\/\/roveyayinevi.com.tr\/index.php\/wp-json\/wp\/v2\/product_cat?post=765804"},{"taxonomy":"product_tag","embeddable":true,"href":"https:\/\/roveyayinevi.com.tr\/index.php\/wp-json\/wp\/v2\/product_tag?post=765804"}],"curies":[{"name":"wp","href":"https:\/\/api.w.org\/{rel}","templated":true}]}}