{"id":765776,"date":"2025-08-28T11:51:15","date_gmt":"2025-08-28T08:51:15","guid":{"rendered":"https:\/\/roveyayinevi.com.tr\/index.php\/urun\/omur-yuku\/"},"modified":"2026-04-15T03:31:35","modified_gmt":"2026-04-15T00:31:35","slug":"omur-yuku","status":"publish","type":"product","link":"https:\/\/roveyayinevi.com.tr\/index.php\/urun\/omur-yuku\/","title":{"rendered":"\u00d6m\u00fcr Y\u00fck\u00fc"},"content":{"rendered":"<p>\u00d6m\u00fcr Y\u00fck\u00fc, \u015eair \u00d6zkan \u015eahbaz\u2019\u0131n \u00fc\u00e7\u00fcnc\u00fc \u015fiir kitab\u0131d\u0131r. \u015eairin Denizk\u0131z\u0131 Yay\u0131nlar\u0131\u2019ndan yay\u0131mlanm\u0131\u015f \u201cBir Umut Ya\u015famak\u201d ve \u201cGidenler de A\u011flar\u201d adl\u0131 iki \u015fiir kitab\u0131 daha bulunmaktad\u0131r.\u0130K\u0130 TEMMUZBir otel odas\u0131nday\u0131m ve takvim ikisinde temmuzun, Sene iki binin yirmi ikisinde, Innsbruck\u2019ta bir otel odas\u0131nday\u0131m Ay yeni g\u00fcne ba\u015flarken insanl\u0131\u011f\u0131n sonunday\u0131z&#8230;<\/p>\n","protected":false},"excerpt":{"rendered":"<p>\u00d6m\u00fcr Y\u00fck\u00fc, \u015eair \u00d6zkan \u015eahbaz\u2019\u0131n \u00fc\u00e7\u00fcnc\u00fc \u015fiir kitab\u0131d\u0131r. \u015eairin Denizk\u0131z\u0131 Yay\u0131nlar\u0131\u2019ndan yay\u0131mlanm\u0131\u015f \u201cBir Umut Ya\u015famak\u201d ve \u201cGidenler de A\u011flar\u201d adl\u0131 iki \u015fiir kitab\u0131 daha bulunmaktad\u0131r.\u0130K\u0130 TEMMUZBir<span class=\"excerpt-hellip\"> [\u2026]<\/span><\/p>\n","protected":false},"featured_media":0,"template":"","meta":{"_monsterinsights_skip_tracking":false,"_monsterinsights_sitenote_active":false,"_monsterinsights_sitenote_note":"","_monsterinsights_sitenote_category":0},"product_brand":[],"product_cat":[12291,12509],"product_tag":[],"class_list":{"0":"post-765776","1":"product","2":"type-product","3":"status-publish","5":"product_cat-edebiyat","6":"product_cat-siir","7":"pa_cilt-ciltsiz","8":"pa_tur-kitap","9":"pa_yayinevi-denizkizi-yayinlari","10":"pa_yazar-ozkan-sahbaz","12":"first","13":"instock","14":"sale","15":"shipping-taxable","16":"purchasable","17":"product-type-simple"},"_links":{"self":[{"href":"https:\/\/roveyayinevi.com.tr\/index.php\/wp-json\/wp\/v2\/product\/765776","targetHints":{"allow":["GET"]}}],"collection":[{"href":"https:\/\/roveyayinevi.com.tr\/index.php\/wp-json\/wp\/v2\/product"}],"about":[{"href":"https:\/\/roveyayinevi.com.tr\/index.php\/wp-json\/wp\/v2\/types\/product"}],"wp:attachment":[{"href":"https:\/\/roveyayinevi.com.tr\/index.php\/wp-json\/wp\/v2\/media?parent=765776"}],"wp:term":[{"taxonomy":"product_brand","embeddable":true,"href":"https:\/\/roveyayinevi.com.tr\/index.php\/wp-json\/wp\/v2\/product_brand?post=765776"},{"taxonomy":"product_cat","embeddable":true,"href":"https:\/\/roveyayinevi.com.tr\/index.php\/wp-json\/wp\/v2\/product_cat?post=765776"},{"taxonomy":"product_tag","embeddable":true,"href":"https:\/\/roveyayinevi.com.tr\/index.php\/wp-json\/wp\/v2\/product_tag?post=765776"}],"curies":[{"name":"wp","href":"https:\/\/api.w.org\/{rel}","templated":true}]}}