{"id":765753,"date":"2025-08-28T11:50:36","date_gmt":"2025-08-28T08:50:36","guid":{"rendered":"https:\/\/roveyayinevi.com.tr\/index.php\/urun\/cizmeli-kedi-bir-varmis-bir-yokmus\/"},"modified":"2026-04-15T03:31:35","modified_gmt":"2026-04-15T00:31:35","slug":"cizmeli-kedi-bir-varmis-bir-yokmus","status":"publish","type":"product","link":"https:\/\/roveyayinevi.com.tr\/index.php\/urun\/cizmeli-kedi-bir-varmis-bir-yokmus\/","title":{"rendered":"\u00c7izmeli Kedi \u2013 Bir Varmi\u015f Bir Yokmu\u015f"},"content":{"rendered":"<p>Ya\u015fl\u0131 de\u011firmenci k\u00fc\u00e7\u00fck o\u011fluna sadece bir kedi b\u0131rakm\u0131\u015f. Kedinin ne kadar \u00f6zel ve zeki oldu\u011funu bilmeyen delikanl\u0131, hayal k\u0131r\u0131kl\u0131\u011f\u0131na u\u011fram\u0131\u015f ama kediye de bir \u015fans vermek istemi\u015f. \u00c7izmeli Kedi, delikanl\u0131n\u0131n hayat\u0131n\u0131 de\u011fi\u015ftirecek maceras\u0131na b\u00f6ylece ba\u015flam\u0131\u015f\u2026 Charles Perrault\u2019nun en \u00fcnl\u00fc masallar\u0131ndan biri \u00c7izmeli Kedi, C\u00e9cile Becq\u2019in \u00e7izimleriyle renklenen yeni anlat\u0131m\u0131yla, \u00e7ocuklara keyifli bir okuma deneyimi ya\u015fatacak. <\/p>\n","protected":false},"excerpt":{"rendered":"<p>Ya\u015fl\u0131 de\u011firmenci k\u00fc\u00e7\u00fck o\u011fluna sadece bir kedi b\u0131rakm\u0131\u015f. Kedinin ne kadar \u00f6zel ve zeki oldu\u011funu bilmeyen delikanl\u0131, hayal k\u0131r\u0131kl\u0131\u011f\u0131na u\u011fram\u0131\u015f ama kediye de bir \u015fans vermek<span class=\"excerpt-hellip\"> [\u2026]<\/span><\/p>\n","protected":false},"featured_media":0,"template":"","meta":{"_monsterinsights_skip_tracking":false,"_monsterinsights_sitenote_active":false,"_monsterinsights_sitenote_note":"","_monsterinsights_sitenote_category":0},"product_brand":[],"product_cat":[12274,12284],"product_tag":[],"class_list":{"0":"post-765753","1":"product","2":"type-product","3":"status-publish","5":"product_cat-cocuk-ve-genclik-kitaplari","6":"product_cat-hikayeler","7":"pa_cilt-ciltsiz","8":"pa_tur-kitap","9":"pa_yayinevi-is-bankasi-kultur-yayinlari","10":"pa_yazar-charles-perrault","12":"first","13":"instock","14":"sale","15":"shipping-taxable","16":"purchasable","17":"product-type-simple"},"_links":{"self":[{"href":"https:\/\/roveyayinevi.com.tr\/index.php\/wp-json\/wp\/v2\/product\/765753","targetHints":{"allow":["GET"]}}],"collection":[{"href":"https:\/\/roveyayinevi.com.tr\/index.php\/wp-json\/wp\/v2\/product"}],"about":[{"href":"https:\/\/roveyayinevi.com.tr\/index.php\/wp-json\/wp\/v2\/types\/product"}],"wp:attachment":[{"href":"https:\/\/roveyayinevi.com.tr\/index.php\/wp-json\/wp\/v2\/media?parent=765753"}],"wp:term":[{"taxonomy":"product_brand","embeddable":true,"href":"https:\/\/roveyayinevi.com.tr\/index.php\/wp-json\/wp\/v2\/product_brand?post=765753"},{"taxonomy":"product_cat","embeddable":true,"href":"https:\/\/roveyayinevi.com.tr\/index.php\/wp-json\/wp\/v2\/product_cat?post=765753"},{"taxonomy":"product_tag","embeddable":true,"href":"https:\/\/roveyayinevi.com.tr\/index.php\/wp-json\/wp\/v2\/product_tag?post=765753"}],"curies":[{"name":"wp","href":"https:\/\/api.w.org\/{rel}","templated":true}]}}