{"id":765736,"date":"2025-08-28T11:50:03","date_gmt":"2025-08-28T08:50:03","guid":{"rendered":"https:\/\/roveyayinevi.com.tr\/index.php\/urun\/annem-beni-seviyor-baska-bir-hikaye-icin-cevirin\/"},"modified":"2026-04-15T03:31:34","modified_gmt":"2026-04-15T00:31:34","slug":"annem-beni-seviyor-baska-bir-hikaye-icin-cevirin","status":"publish","type":"product","link":"https:\/\/roveyayinevi.com.tr\/index.php\/urun\/annem-beni-seviyor-baska-bir-hikaye-icin-cevirin\/","title":{"rendered":"Annem Beni Seviyor &#8211; Ba\u015fka Bir Hikaye \u0130\u00e7in \u00c7evirin"},"content":{"rendered":"<p>\u00c7ocuk ve ebeveyn aras\u0131ndaki sevgiyi temel alan bu tatl\u0131 kitapta sevimli bir z\u00fcrafa, fil ve gergedan, anne ve babalar\u0131yla aralar\u0131ndaki \u00f6zel ba\u011f\u0131 ke\u015ffediyor. K\u00fc\u00e7\u00fck Z\u00fcrafa, annesi onu e\u015fsiz k\u0131lan \u015feyleri hat\u0131rlatana kadar kendini \u00f6zel hissetmez. K\u00fc\u00e7\u00fck Fil, babas\u0131n\u0131n yapabilece\u011fi muhte\u015fem \u015feyleri g\u00f6rd\u00fc\u011f\u00fcnde t\u0131pk\u0131 babas\u0131 gibi olmak ister. Sonunda anne babalar\u0131n\u0131n s\u0131cak s\u00f6zleriyle sevgi ve g\u00fcven ihtiya\u00e7lar\u0131 kar\u015f\u0131lanan minikler huzurla hayatlar\u0131na devam eder.         Okumas\u0131 e\u011flenceli bu iki tarafl\u0131 kitapta \u00e7ocuklarla ebeveynlerin aras\u0131ndaki ba\u011f g\u00fc\u00e7lenecek, dile az getirilen sevgi s\u00f6zleri peki\u015ftirilecek. Reng\u00e2renk \u00e7izimleriyle en ne\u015feli sabahlara ve en huzurlu uykulara e\u015flik edecek bu kitap e\u015fsiz bir aile hazinesi. <\/p>\n","protected":false},"excerpt":{"rendered":"<p>\u00c7ocuk ve ebeveyn aras\u0131ndaki sevgiyi temel alan bu tatl\u0131 kitapta sevimli bir z\u00fcrafa, fil ve gergedan, anne ve babalar\u0131yla aralar\u0131ndaki \u00f6zel ba\u011f\u0131 ke\u015ffediyor. K\u00fc\u00e7\u00fck Z\u00fcrafa, annesi<span class=\"excerpt-hellip\"> [\u2026]<\/span><\/p>\n","protected":false},"featured_media":0,"template":"","meta":{"_monsterinsights_skip_tracking":false,"_monsterinsights_sitenote_active":false,"_monsterinsights_sitenote_note":"","_monsterinsights_sitenote_category":0},"product_brand":[],"product_cat":[12274,12284],"product_tag":[],"class_list":{"0":"post-765736","1":"product","2":"type-product","3":"status-publish","5":"product_cat-cocuk-ve-genclik-kitaplari","6":"product_cat-hikayeler","7":"pa_cilt-ciltli","8":"pa_tur-kitap","9":"pa_yayinevi-buyulu-fener-yayinlari","10":"pa_yazar-elena-ulyeva","12":"first","13":"instock","14":"sale","15":"shipping-taxable","16":"purchasable","17":"product-type-simple"},"_links":{"self":[{"href":"https:\/\/roveyayinevi.com.tr\/index.php\/wp-json\/wp\/v2\/product\/765736","targetHints":{"allow":["GET"]}}],"collection":[{"href":"https:\/\/roveyayinevi.com.tr\/index.php\/wp-json\/wp\/v2\/product"}],"about":[{"href":"https:\/\/roveyayinevi.com.tr\/index.php\/wp-json\/wp\/v2\/types\/product"}],"wp:attachment":[{"href":"https:\/\/roveyayinevi.com.tr\/index.php\/wp-json\/wp\/v2\/media?parent=765736"}],"wp:term":[{"taxonomy":"product_brand","embeddable":true,"href":"https:\/\/roveyayinevi.com.tr\/index.php\/wp-json\/wp\/v2\/product_brand?post=765736"},{"taxonomy":"product_cat","embeddable":true,"href":"https:\/\/roveyayinevi.com.tr\/index.php\/wp-json\/wp\/v2\/product_cat?post=765736"},{"taxonomy":"product_tag","embeddable":true,"href":"https:\/\/roveyayinevi.com.tr\/index.php\/wp-json\/wp\/v2\/product_tag?post=765736"}],"curies":[{"name":"wp","href":"https:\/\/api.w.org\/{rel}","templated":true}]}}