{"id":765732,"date":"2025-08-28T11:49:56","date_gmt":"2025-08-28T08:49:56","guid":{"rendered":"https:\/\/roveyayinevi.com.tr\/index.php\/urun\/kutlama-2\/"},"modified":"2026-01-23T03:40:45","modified_gmt":"2026-01-23T00:40:45","slug":"kutlama-2","status":"publish","type":"product","link":"https:\/\/roveyayinevi.com.tr\/index.php\/urun\/kutlama-2\/","title":{"rendered":"Kutlama"},"content":{"rendered":"<p>\u201cSadece oyundan \u00e7\u0131kt\u0131m. Art\u0131k bir bedene ihtiyac\u0131m yok.\u201d Bir arkada\u015f grubu Baraka Otel\u2019de bulu\u015fur ve ge\u00e7mi\u015fin defterini a\u00e7t\u0131klar\u0131 masada hem onlar hem de okur i\u00e7in bitmek bilmeyen bir hesapla\u015fma baslar. Sonras\u0131 ambulanslar, \u00f6te d\u00fcnyadan gelen k\u0131sa mesajlar, arafta s\u0131k\u0131\u015fanlar&#8230; Asl\u0131nda neredelerdir, ger\u00e7ekten o masada oturuyorlar m\u0131d\u0131r, yoksa t\u00fcm bunlar onlar\u0131 uzaktan izliyor gibi g\u00f6r\u00fcnse de ge\u00e7mi\u015fin ve gelece\u011fin h\u00e2kimi anlat\u0131c\u0131n\u0131n zihninde mi olup bitmektedir? Ezgi Ayval\u0131, ikinci roman\u0131 Kutlama\u2019da, yaln\u0131zca oyunsu bir metin in\u015fa etmekle kalm\u0131yor, ayn\u0131 zamanda roman ki\u015filerinden her birine s\u0131rayla tuttu\u011fu sahne \u0131\u015f\u0131\u011f\u0131yla, oyunu metnin kendisi haline getirerek kurmacan\u0131n roman\u0131n\u0131 yaz\u0131yor.   Art\u0131k ne yap\u0131p etseler \u00f6lemeyeceklerdi ve bu, bir fikir olarak bile pek \u00e7ok \u015feyi de beraberinde g\u00f6t\u00fcr\u00fcyordu. Art\u0131k korkmuyorlard\u0131 ve beklentileri de kalmam\u0131\u015ft\u0131. Mutlu falan da olmayacaklard\u0131 \u00e7\u00fcnk\u00fc mutsuzluk veren her \u015fey tamamen ve sonsuza kadar ortadan kalkm\u0131\u015ft\u0131. Art\u0131k \u00f6lmeyeceklerdi ama yasamayacaklard\u0131 da. Bir bekleme salonunda oturup hi\u00e7bir \u015fey beklememek gibi, bas\u0131 sonu olmayan bir r\u00fcyan\u0131n i\u00e7ine hapsolmu\u015flard\u0131. O kadar uzun bakt\u0131lar ki sonunda g\u00f6zleri karanl\u0131\u011fa al\u0131\u015ft\u0131. <\/p>\n","protected":false},"excerpt":{"rendered":"<p>\u201cSadece oyundan \u00e7\u0131kt\u0131m. Art\u0131k bir bedene ihtiyac\u0131m yok.\u201d Bir arkada\u015f grubu Baraka Otel\u2019de bulu\u015fur ve ge\u00e7mi\u015fin defterini a\u00e7t\u0131klar\u0131 masada hem onlar hem de okur i\u00e7in bitmek<span class=\"excerpt-hellip\"> [\u2026]<\/span><\/p>\n","protected":false},"featured_media":0,"template":"","meta":{"_monsterinsights_skip_tracking":false,"_monsterinsights_sitenote_active":false,"_monsterinsights_sitenote_note":"","_monsterinsights_sitenote_category":0},"product_brand":[],"product_cat":[12291,12711],"product_tag":[],"class_list":{"0":"post-765732","1":"product","2":"type-product","3":"status-publish","5":"product_cat-edebiyat","6":"product_cat-roman-oyku","7":"pa_cilt-ciltsiz","8":"pa_tur-kitap","9":"pa_yayinevi-everest-yayinlari","10":"pa_yazar-ezgi-ayvali","12":"first","13":"instock","14":"sale","15":"shipping-taxable","16":"purchasable","17":"product-type-simple"},"_links":{"self":[{"href":"https:\/\/roveyayinevi.com.tr\/index.php\/wp-json\/wp\/v2\/product\/765732","targetHints":{"allow":["GET"]}}],"collection":[{"href":"https:\/\/roveyayinevi.com.tr\/index.php\/wp-json\/wp\/v2\/product"}],"about":[{"href":"https:\/\/roveyayinevi.com.tr\/index.php\/wp-json\/wp\/v2\/types\/product"}],"wp:attachment":[{"href":"https:\/\/roveyayinevi.com.tr\/index.php\/wp-json\/wp\/v2\/media?parent=765732"}],"wp:term":[{"taxonomy":"product_brand","embeddable":true,"href":"https:\/\/roveyayinevi.com.tr\/index.php\/wp-json\/wp\/v2\/product_brand?post=765732"},{"taxonomy":"product_cat","embeddable":true,"href":"https:\/\/roveyayinevi.com.tr\/index.php\/wp-json\/wp\/v2\/product_cat?post=765732"},{"taxonomy":"product_tag","embeddable":true,"href":"https:\/\/roveyayinevi.com.tr\/index.php\/wp-json\/wp\/v2\/product_tag?post=765732"}],"curies":[{"name":"wp","href":"https:\/\/api.w.org\/{rel}","templated":true}]}}