{"id":765730,"date":"2025-08-28T11:49:53","date_gmt":"2025-08-28T08:49:53","guid":{"rendered":"https:\/\/roveyayinevi.com.tr\/index.php\/urun\/kadinliklar-erkeklikler-cinsellikler\/"},"modified":"2026-04-15T03:31:34","modified_gmt":"2026-04-15T00:31:34","slug":"kadinliklar-erkeklikler-cinsellikler","status":"publish","type":"product","link":"https:\/\/roveyayinevi.com.tr\/index.php\/urun\/kadinliklar-erkeklikler-cinsellikler\/","title":{"rendered":"Kad\u0131nl\u0131klar, Erkeklikler, Cinsellikler"},"content":{"rendered":"<p>Psikanalizin kurucusu Sigmund Freud\u2019un insan ruhunun derinliklerine indi\u011fi \u00e7al\u0131\u015fmalar\u0131 ve ula\u015ft\u0131\u011f\u0131 sonu\u00e7lar, bir y\u00fczy\u0131l sonra bile d\u00fc\u015f\u00fcn\u00fcrleri b\u00fcy\u00fclemeye, tahrik etmeye ve harekete ge\u00e7irmeye devam ediyor. Kimileri onu bilin\u00e7d\u0131\u015f\u0131n\u0131n gizli dinamiklerini g\u00fcn \u0131\u015f\u0131\u011f\u0131na \u00e7\u0131kard\u0131\u011f\u0131 i\u00e7in \u00f6v\u00fcp yapt\u0131\u011f\u0131 ke\u015fiflerin, \u00e7a\u011fda\u015flar\u0131n\u0131n fizik alan\u0131nda geli\u015ftirdi\u011fi atom kuram\u0131 veya g\u00f6relilik kuram\u0131 kadar \u00f6nemli oldu\u011funu d\u00fc\u015f\u00fcn\u00fcyor. Kimileriyse onu bir f\u0131rsat\u00e7\u0131 olarak g\u00f6r\u00fcp kuramlar\u0131n\u0131 mu\u011flak, klinik tekniklerini ise zararl\u0131 olmakla itham ediyor. \u00d6zellikle de \u00e7al\u0131\u015fmalar\u0131n\u0131n toplumsal cinsiyet hakk\u0131ndaki \u00f6nyarg\u0131larla malul oldu\u011fundan yak\u0131n\u0131l\u0131yor. O h\u00e2lde Freud\u2019un fikirleri ve psikanaliz neden tarihin tozlu sayfalar\u0131nda yerini almaya direnip h\u00e2l\u00e2 bu denli ilgi \u00e7ekmeye devam ediyor? Psikanalitik feminizmin en etkili isimlerinden biri olan Nancy J. Chodorow, Kad\u0131nl\u0131klar, Erkeklikler, Cinsellikler\u2019de i\u015fte bu soruya bir yan\u0131t ar\u0131yor. Toplumsal cinsiyet, cinsellik ve psikanalizin i\u00e7 i\u00e7e ge\u00e7ti\u011fi noktalarda psikanalitik teorinin cinsellik ve bireysel farkl\u0131l\u0131klar\u0131 nas\u0131l ele ald\u0131\u011f\u0131n\u0131 sorgularken, heteroseks\u00fcelli\u011fin, kad\u0131nl\u0131\u011f\u0131n ve erkekli\u011fin normatif stat\u00fcs\u00fcne dair cesur ve k\u0131\u015fk\u0131rt\u0131c\u0131 sorular soruyor.<\/p>\n","protected":false},"excerpt":{"rendered":"<p>Psikanalizin kurucusu Sigmund Freud\u2019un insan ruhunun derinliklerine indi\u011fi \u00e7al\u0131\u015fmalar\u0131 ve ula\u015ft\u0131\u011f\u0131 sonu\u00e7lar, bir y\u00fczy\u0131l sonra bile d\u00fc\u015f\u00fcn\u00fcrleri b\u00fcy\u00fclemeye, tahrik etmeye ve harekete ge\u00e7irmeye devam ediyor. Kimileri<span class=\"excerpt-hellip\"> [\u2026]<\/span><\/p>\n","protected":false},"featured_media":0,"template":"","meta":{"_monsterinsights_skip_tracking":false,"_monsterinsights_sitenote_active":false,"_monsterinsights_sitenote_note":"","_monsterinsights_sitenote_category":0},"product_brand":[],"product_cat":[12357],"product_tag":[],"class_list":{"0":"post-765730","1":"product","2":"type-product","3":"status-publish","5":"product_cat-psikoloji","6":"pa_cilt-ciltsiz","7":"pa_tur-kitap","8":"pa_yayinevi-fol-kitap","9":"pa_yazar-nancy-j-chodorow","11":"first","12":"instock","13":"sale","14":"shipping-taxable","15":"purchasable","16":"product-type-simple"},"_links":{"self":[{"href":"https:\/\/roveyayinevi.com.tr\/index.php\/wp-json\/wp\/v2\/product\/765730","targetHints":{"allow":["GET"]}}],"collection":[{"href":"https:\/\/roveyayinevi.com.tr\/index.php\/wp-json\/wp\/v2\/product"}],"about":[{"href":"https:\/\/roveyayinevi.com.tr\/index.php\/wp-json\/wp\/v2\/types\/product"}],"wp:attachment":[{"href":"https:\/\/roveyayinevi.com.tr\/index.php\/wp-json\/wp\/v2\/media?parent=765730"}],"wp:term":[{"taxonomy":"product_brand","embeddable":true,"href":"https:\/\/roveyayinevi.com.tr\/index.php\/wp-json\/wp\/v2\/product_brand?post=765730"},{"taxonomy":"product_cat","embeddable":true,"href":"https:\/\/roveyayinevi.com.tr\/index.php\/wp-json\/wp\/v2\/product_cat?post=765730"},{"taxonomy":"product_tag","embeddable":true,"href":"https:\/\/roveyayinevi.com.tr\/index.php\/wp-json\/wp\/v2\/product_tag?post=765730"}],"curies":[{"name":"wp","href":"https:\/\/api.w.org\/{rel}","templated":true}]}}