{"id":765709,"date":"2025-08-28T11:49:12","date_gmt":"2025-08-28T08:49:12","guid":{"rendered":"https:\/\/roveyayinevi.com.tr\/index.php\/urun\/ver-elini-hindistan\/"},"modified":"2026-04-15T03:31:33","modified_gmt":"2026-04-15T00:31:33","slug":"ver-elini-hindistan","status":"publish","type":"product","link":"https:\/\/roveyayinevi.com.tr\/index.php\/urun\/ver-elini-hindistan\/","title":{"rendered":"Ver Elini Hindistan"},"content":{"rendered":"<p>Zeynep U\u011furlu d\u00fcnyay\u0131 gezen bir seyyaht\u0131r. Akdeniz&#8217;e yak\u0131n Toroslar\u0131n Da\u011flar\u0131n\u0131n ete\u011finde , B\u00fcy\u00fck \u0130skender&#8217;in at\u0131n\u0131 sulad\u0131\u011f\u0131 g\u00f6ller b\u00f6lgesinde bulunan k\u00fc\u00e7\u00fck ve \u015firin bir \u015fehrinde do\u011fdu. \u0130ngiltere&#8217;nin Birmingham \u015fehrinde Solihull College&#8217;de \u0130ngilizce \u00f6\u011frendi. T\u00fcrkiye&#8217;de ve Polonya&#8217;da e\u011fitim ve \u00f6\u011fretimini tamamlad\u0131ktan sonra Amerikan ve Yunan Cruise gemilerinde g\u00f6rev yaparak 20 y\u0131l boyunca d\u00fcnyay\u0131 gezdi. Ye\u011feninin do\u011fmas\u0131n\u0131 beklerken yerle\u015fik hayata ge\u00e7meye karar verdi. Bir\u00e7ok \u00fclkede farkl\u0131 k\u00fclt\u00fcrlerle kar\u015f\u0131la\u015fmas\u0131, ya\u015fam\u0131n sundu\u011fu de\u011ferleri anlamas\u0131n\u0131 sa\u011flad\u0131. Burdan ald\u0131\u011f\u0131 ilhamla gezgin olarak adland\u0131rd\u0131\u011f\u0131 inek ve bo\u011fan\u0131n hikayesini okuyucuya aktarmak i\u00e7in ba\u015flad\u0131 yazmaya.Bo\u011fa Gabriel ve kar\u0131s\u0131 Maria ineklerin Hindistan&#8217;da kutsal oldu\u011funu \u00f6\u011frenirler. Bu destans\u0131 yolculu\u011fa ba\u015flamak i\u00e7in Amerika&#8217;dan ka\u00e7\u0131p Hindistan&#8217;a gitmeye karar verirler. Yoldaki maceralar\u0131 keyifli, k\u00fclt\u00fcrel, i\u00e7sel ve tarihi bir yolculuk yarat\u0131r. Bu kitap, d\u00fcnyan\u0131n sessiz sahipleri olan hayvanlar\u0131n h\u00fcmanizme zekice bak\u0131\u015f\u0131n\u0131 anlat\u0131r.Karma\u015fa ve kar\u0131\u015f\u0131kl\u0131klarla dolu bu ola\u011fan\u00fcst\u00fc yolculuk dini, k\u00fclt\u00fcrel ve tarihi konulara benzersiz bir bak\u0131\u015f a\u00e7\u0131s\u0131 sa\u011flar.<\/p>\n","protected":false},"excerpt":{"rendered":"<p>Zeynep U\u011furlu d\u00fcnyay\u0131 gezen bir seyyaht\u0131r. Akdeniz&#8217;e yak\u0131n Toroslar\u0131n Da\u011flar\u0131n\u0131n ete\u011finde , B\u00fcy\u00fck \u0130skender&#8217;in at\u0131n\u0131 sulad\u0131\u011f\u0131 g\u00f6ller b\u00f6lgesinde bulunan k\u00fc\u00e7\u00fck ve \u015firin bir \u015fehrinde do\u011fdu. \u0130ngiltere&#8217;nin<span class=\"excerpt-hellip\"> [\u2026]<\/span><\/p>\n","protected":false},"featured_media":0,"template":"","meta":{"_monsterinsights_skip_tracking":false,"_monsterinsights_sitenote_active":false,"_monsterinsights_sitenote_note":"","_monsterinsights_sitenote_category":0},"product_brand":[],"product_cat":[12291,13706],"product_tag":[],"class_list":{"0":"post-765709","1":"product","2":"type-product","3":"status-publish","5":"product_cat-edebiyat","6":"product_cat-efsane-destan-masal","7":"pa_cilt-ciltsiz","8":"pa_tur-kitap","9":"pa_yayinevi-nios","10":"pa_yazar-zeynep-ugurlu","12":"first","13":"instock","14":"sale","15":"shipping-taxable","16":"purchasable","17":"product-type-simple"},"_links":{"self":[{"href":"https:\/\/roveyayinevi.com.tr\/index.php\/wp-json\/wp\/v2\/product\/765709","targetHints":{"allow":["GET"]}}],"collection":[{"href":"https:\/\/roveyayinevi.com.tr\/index.php\/wp-json\/wp\/v2\/product"}],"about":[{"href":"https:\/\/roveyayinevi.com.tr\/index.php\/wp-json\/wp\/v2\/types\/product"}],"wp:attachment":[{"href":"https:\/\/roveyayinevi.com.tr\/index.php\/wp-json\/wp\/v2\/media?parent=765709"}],"wp:term":[{"taxonomy":"product_brand","embeddable":true,"href":"https:\/\/roveyayinevi.com.tr\/index.php\/wp-json\/wp\/v2\/product_brand?post=765709"},{"taxonomy":"product_cat","embeddable":true,"href":"https:\/\/roveyayinevi.com.tr\/index.php\/wp-json\/wp\/v2\/product_cat?post=765709"},{"taxonomy":"product_tag","embeddable":true,"href":"https:\/\/roveyayinevi.com.tr\/index.php\/wp-json\/wp\/v2\/product_tag?post=765709"}],"curies":[{"name":"wp","href":"https:\/\/api.w.org\/{rel}","templated":true}]}}