{"id":765706,"date":"2025-08-28T11:49:09","date_gmt":"2025-08-28T08:49:09","guid":{"rendered":"https:\/\/roveyayinevi.com.tr\/index.php\/urun\/kuresellesen-dunyada-imf-politikalari\/"},"modified":"2026-04-15T03:31:33","modified_gmt":"2026-04-15T00:31:33","slug":"kuresellesen-dunyada-imf-politikalari","status":"publish","type":"product","link":"https:\/\/roveyayinevi.com.tr\/index.php\/urun\/kuresellesen-dunyada-imf-politikalari\/","title":{"rendered":"K\u00fcreselle\u015fen D\u00fcnyada IMF Politikalar\u0131"},"content":{"rendered":"<p>K\u00fcreselle\u015fen D\u00fcnyada IMF Politikalar\u0131 ve T\u00fcrkiye \u00f6zellikle son d\u00f6nemlere damgas\u0131n\u0131 vurmu\u015f olan bir konunun eseridir. K\u00fcreselle\u015fmenin t\u00fcm d\u00fcnyay\u0131 etkisi alt\u0131na ald\u0131\u011f\u0131 1980 sonras\u0131 d\u00f6nem, ayn\u0131 zamanda IMF&#8217;ye de atfedilen \u00f6nemin artt\u0131\u011f\u0131 bir d\u00f6nem olmu\u015ftur. Buna istinaden, bu kitap; t\u00fcm d\u00fcnyada kalk\u0131nman\u0131n finansman\u0131n\u0131n sa\u011flanarak, ekonomik istikrars\u0131zl\u0131klar\u0131n giderilmesinde ve \u00f6demeler dengesinin sa\u011flanmas\u0131nda vazge\u00e7ilmez bir uluslararas\u0131 finansman kurulu\u015funun k\u0131sa bir hikayesi olarak yaz\u0131lm\u0131\u015ft\u0131r.<\/p>\n","protected":false},"excerpt":{"rendered":"<p>K\u00fcreselle\u015fen D\u00fcnyada IMF Politikalar\u0131 ve T\u00fcrkiye \u00f6zellikle son d\u00f6nemlere damgas\u0131n\u0131 vurmu\u015f olan bir konunun eseridir. K\u00fcreselle\u015fmenin t\u00fcm d\u00fcnyay\u0131 etkisi alt\u0131na ald\u0131\u011f\u0131 1980 sonras\u0131 d\u00f6nem, ayn\u0131 zamanda<span class=\"excerpt-hellip\"> [\u2026]<\/span><\/p>\n","protected":false},"featured_media":0,"template":"","meta":{"_monsterinsights_skip_tracking":false,"_monsterinsights_sitenote_active":false,"_monsterinsights_sitenote_note":"","_monsterinsights_sitenote_category":0},"product_brand":[],"product_cat":[12337],"product_tag":[],"class_list":{"0":"post-765706","1":"product","2":"type-product","3":"status-publish","5":"product_cat-politika-siyaset","6":"pa_cilt-ciltsiz","7":"pa_tur-kitap","8":"pa_yayinevi-roma-yayinlari","9":"pa_yazar-meliha-enver","11":"first","12":"instock","13":"sale","14":"shipping-taxable","15":"purchasable","16":"product-type-simple"},"_links":{"self":[{"href":"https:\/\/roveyayinevi.com.tr\/index.php\/wp-json\/wp\/v2\/product\/765706","targetHints":{"allow":["GET"]}}],"collection":[{"href":"https:\/\/roveyayinevi.com.tr\/index.php\/wp-json\/wp\/v2\/product"}],"about":[{"href":"https:\/\/roveyayinevi.com.tr\/index.php\/wp-json\/wp\/v2\/types\/product"}],"wp:attachment":[{"href":"https:\/\/roveyayinevi.com.tr\/index.php\/wp-json\/wp\/v2\/media?parent=765706"}],"wp:term":[{"taxonomy":"product_brand","embeddable":true,"href":"https:\/\/roveyayinevi.com.tr\/index.php\/wp-json\/wp\/v2\/product_brand?post=765706"},{"taxonomy":"product_cat","embeddable":true,"href":"https:\/\/roveyayinevi.com.tr\/index.php\/wp-json\/wp\/v2\/product_cat?post=765706"},{"taxonomy":"product_tag","embeddable":true,"href":"https:\/\/roveyayinevi.com.tr\/index.php\/wp-json\/wp\/v2\/product_tag?post=765706"}],"curies":[{"name":"wp","href":"https:\/\/api.w.org\/{rel}","templated":true}]}}