{"id":765705,"date":"2025-08-28T11:49:08","date_gmt":"2025-08-28T08:49:08","guid":{"rendered":"https:\/\/roveyayinevi.com.tr\/index.php\/urun\/organize-suc-ekonomisi\/"},"modified":"2026-04-15T03:31:33","modified_gmt":"2026-04-15T00:31:33","slug":"organize-suc-ekonomisi","status":"publish","type":"product","link":"https:\/\/roveyayinevi.com.tr\/index.php\/urun\/organize-suc-ekonomisi\/","title":{"rendered":"Organize Su\u00e7 Ekonomisi"},"content":{"rendered":"<p>Organize su\u00e7, gelece\u011fin &#8216;en \u00f6nemli politiko-ekonomik sorunu&#8217; olma potansiyeli ta\u015f\u0131maktad\u0131r. 9. y\u00fczy\u0131l\u0131n &#8216;s\u00f6m\u00fcrgecilik&#8217;le, 20. y\u00fczy\u0131l\u0131n &#8216;so\u011fuk sava\u015f&#8217;la karakterize edilmesi gibi, 21. y\u00fczy\u0131l da ulus \u00f6tesi &#8216;organize su\u00e7&#8217; ile karakterize edilecektir.D\u00fcnyan\u0131n yeni haritas\u0131n\u0131n \u00e7iziminde politika ve ekonomi ile devlet ve piyasa aras\u0131ndaki diyalektik yan\u0131nda yasall\u0131k ve organize su\u00e7 aras\u0131ndaki diyalekti\u011fin de hesaba kat\u0131lmas\u0131 gerekmektedir.<\/p>\n","protected":false},"excerpt":{"rendered":"<p>Organize su\u00e7, gelece\u011fin &#8216;en \u00f6nemli politiko-ekonomik sorunu&#8217; olma potansiyeli ta\u015f\u0131maktad\u0131r. 9. y\u00fczy\u0131l\u0131n &#8216;s\u00f6m\u00fcrgecilik&#8217;le, 20. y\u00fczy\u0131l\u0131n &#8216;so\u011fuk sava\u015f&#8217;la karakterize edilmesi gibi, 21. y\u00fczy\u0131l da ulus \u00f6tesi &#8216;organize<span class=\"excerpt-hellip\"> [\u2026]<\/span><\/p>\n","protected":false},"featured_media":0,"template":"","meta":{"_monsterinsights_skip_tracking":false,"_monsterinsights_sitenote_active":false,"_monsterinsights_sitenote_note":"","_monsterinsights_sitenote_category":0},"product_brand":[],"product_cat":[15351,15350],"product_tag":[],"class_list":{"0":"post-765705","1":"product","2":"type-product","3":"status-publish","5":"product_cat-ders-kitaplari","6":"product_cat-hukuk","7":"pa_cilt-ciltsiz","8":"pa_tur-kitap","9":"pa_yayinevi-roma-yayinlari","10":"pa_yazar-enver-alper-guven","12":"first","13":"instock","14":"sale","15":"shipping-taxable","16":"purchasable","17":"product-type-simple"},"_links":{"self":[{"href":"https:\/\/roveyayinevi.com.tr\/index.php\/wp-json\/wp\/v2\/product\/765705","targetHints":{"allow":["GET"]}}],"collection":[{"href":"https:\/\/roveyayinevi.com.tr\/index.php\/wp-json\/wp\/v2\/product"}],"about":[{"href":"https:\/\/roveyayinevi.com.tr\/index.php\/wp-json\/wp\/v2\/types\/product"}],"wp:attachment":[{"href":"https:\/\/roveyayinevi.com.tr\/index.php\/wp-json\/wp\/v2\/media?parent=765705"}],"wp:term":[{"taxonomy":"product_brand","embeddable":true,"href":"https:\/\/roveyayinevi.com.tr\/index.php\/wp-json\/wp\/v2\/product_brand?post=765705"},{"taxonomy":"product_cat","embeddable":true,"href":"https:\/\/roveyayinevi.com.tr\/index.php\/wp-json\/wp\/v2\/product_cat?post=765705"},{"taxonomy":"product_tag","embeddable":true,"href":"https:\/\/roveyayinevi.com.tr\/index.php\/wp-json\/wp\/v2\/product_tag?post=765705"}],"curies":[{"name":"wp","href":"https:\/\/api.w.org\/{rel}","templated":true}]}}

Organize Suç Ekonomisi

<p>Organize suç, geleceğin &#8216;en önemli politiko-ekonomik sorunu&#8217; olma potansiyeli taşımaktadır. 9. yüzyılın &#8216;sömürgecilik&#8217;le, 20. yüzyılın &#8216;soğuk savaş&#8217;la karakterize edilmesi gibi, 21. yüzyıl da ulus ötesi &#8216;organize suç&#8217; ile karakterize edilecektir.Dünyanın yeni haritasının çiziminde politika ve ekonomi ile devlet ve piyasa arasındaki diyalektik yanında yasallık ve organize suç arasındaki diyalektiğin de hesaba katılması gerekmektedir.</p>

<p>Organize suç, geleceğin &#8216;en önemli politiko-ekonomik sorunu&#8217; olma potansiyeli taşımaktadır. 9. yüzyılın &#8216;sömürgecilik&#8217;le, 20. yüzyılın &#8216;soğuk savaş&#8217;la karakterize edilmesi gibi, 21. yüzyıl da ulus ötesi &#8216;organize<span class="excerpt-hellip"> […]</span></p>
