{"id":765704,"date":"2025-08-28T11:49:06","date_gmt":"2025-08-28T08:49:06","guid":{"rendered":"https:\/\/roveyayinevi.com.tr\/index.php\/urun\/suc-ve-ceza-ekonomisi\/"},"modified":"2026-04-15T03:31:33","modified_gmt":"2026-04-15T00:31:33","slug":"suc-ve-ceza-ekonomisi","status":"publish","type":"product","link":"https:\/\/roveyayinevi.com.tr\/index.php\/urun\/suc-ve-ceza-ekonomisi\/","title":{"rendered":"Su\u00e7 ve Ceza Ekonomisi"},"content":{"rendered":"<p>Su\u00e7, k\u00fcresel \u00f6l\u00e7ekte en zararl\u0131 sosyal problem olarak nitelendirilmektedir. G\u00fcn\u00fcm\u00fczde genel olarak su\u00e7 olgusu, \u00f6zellikle de \u015fiddet i\u00e7eren su\u00e7lar b\u00fct\u00fcn \u00fclkelerde \u00f6nemli bir politika \u00f6nceli\u011fi haline gelmektedir. Ancak izlenecek politikalar\u0131n neler olabilece\u011fi konusunda g\u00f6r\u00fc\u015f birli\u011fi yoktur.\u0130ktisat d\u0131\u015f\u0131ndaki sosyal bilim dallar\u0131nda ger\u00e7ekle\u015ftirilen su\u00e7 ara\u015ft\u0131rmalar\u0131ndan elde edilen bulgular, geni\u015f ve genelle\u015ftirilebilir politika sonu\u00e7lar\u0131na sahip de\u011fildir. Bu nedenle son y\u0131llarda iktisat\u00e7\u0131lar &#8216;kar\u015f\u0131la\u015ft\u0131rmal\u0131 entellekt\u00fcel \u00fcst\u00fcnl\u00fcklerini su\u00e7 ve ceza konusunu incelemede kullanmaya y\u00f6nelmi\u015flerdir.Bu alandaki yeni aray\u0131\u015flar Hukuk ve Ekonomi literat\u00fcr\u00fc i\u00e7inde geli\u015fmektedir. Ancak bu akademik birikimin politika belirleyicilere, hukuk uygulay\u0131c\u0131lara ve hukuk\u00e7u akademisyenlere ula\u015fmas\u0131nda baz\u0131 engeller s\u00f6z konusudur. Kar\u015f\u0131la\u015f\u0131lan engellerin ba\u015f\u0131nda hukuk kurallar\u0131n\u0131n ve\/veya uygulamalar\u0131n\u0131n ekonomik sonu\u00e7lar\u0131na ya da etkinli\u011fine ilgisizlik duyulmas\u0131ndan \u00e7ok, literat\u00fcre n\u00fcfuz etmede ya\u015fanan g\u00fc\u00e7l\u00fckler gelmektedir.\u00c7\u00fcnk\u00fc bu alanda yap\u0131lm\u0131\u015f binlerce \u00e7al\u0131\u015fma \u00e7ok say\u0131da hukuk ve iktisat dergisi i\u00e7erisinde serpi\u015ftirilmi\u015f olup, uzmanlar d\u0131\u015f\u0131ndakilerin anlayamayaca\u011f\u0131 derecede karma\u015f\u0131kt\u0131r. Bu karma\u015f\u0131k literat\u00fcre n\u00fcfuz edilmesi, temel kaynak kitaplar\u0131n haz\u0131rlanmas\u0131na ba\u011fl\u0131d\u0131r.Bu \u00e7al\u0131\u015fma, Hukuk ve Ekonomi literat\u00fcr\u00fc i\u00e7inde \u00e7ok \u00f6nemli bir yer tutan &#8216;su\u00e7 ve ceza&#8217; alan\u0131nda kuramsal birikimi T\u00fcrk\u00e7e literat\u00fcre kazand\u0131rma amac\u0131yla kaleme al\u0131nm\u0131\u015ft\u0131r.<\/p>\n","protected":false},"excerpt":{"rendered":"<p>Su\u00e7, k\u00fcresel \u00f6l\u00e7ekte en zararl\u0131 sosyal problem olarak nitelendirilmektedir. G\u00fcn\u00fcm\u00fczde genel olarak su\u00e7 olgusu, \u00f6zellikle de \u015fiddet i\u00e7eren su\u00e7lar b\u00fct\u00fcn \u00fclkelerde \u00f6nemli bir politika \u00f6nceli\u011fi haline<span class=\"excerpt-hellip\"> [\u2026]<\/span><\/p>\n","protected":false},"featured_media":0,"template":"","meta":{"_monsterinsights_skip_tracking":false,"_monsterinsights_sitenote_active":false,"_monsterinsights_sitenote_note":"","_monsterinsights_sitenote_category":0},"product_brand":[],"product_cat":[15350,17602],"product_tag":[],"class_list":{"0":"post-765704","1":"product","2":"type-product","3":"status-publish","5":"product_cat-hukuk","6":"product_cat-hukuk-uzerine","7":"pa_cilt-ciltsiz","8":"pa_tur-kitap","9":"pa_yayinevi-roma-yayinlari","10":"pa_yazar-enver-alper-guven","12":"first","13":"instock","14":"sale","15":"shipping-taxable","16":"purchasable","17":"product-type-simple"},"_links":{"self":[{"href":"https:\/\/roveyayinevi.com.tr\/index.php\/wp-json\/wp\/v2\/product\/765704","targetHints":{"allow":["GET"]}}],"collection":[{"href":"https:\/\/roveyayinevi.com.tr\/index.php\/wp-json\/wp\/v2\/product"}],"about":[{"href":"https:\/\/roveyayinevi.com.tr\/index.php\/wp-json\/wp\/v2\/types\/product"}],"wp:attachment":[{"href":"https:\/\/roveyayinevi.com.tr\/index.php\/wp-json\/wp\/v2\/media?parent=765704"}],"wp:term":[{"taxonomy":"product_brand","embeddable":true,"href":"https:\/\/roveyayinevi.com.tr\/index.php\/wp-json\/wp\/v2\/product_brand?post=765704"},{"taxonomy":"product_cat","embeddable":true,"href":"https:\/\/roveyayinevi.com.tr\/index.php\/wp-json\/wp\/v2\/product_cat?post=765704"},{"taxonomy":"product_tag","embeddable":true,"href":"https:\/\/roveyayinevi.com.tr\/index.php\/wp-json\/wp\/v2\/product_tag?post=765704"}],"curies":[{"name":"wp","href":"https:\/\/api.w.org\/{rel}","templated":true}]}}