{"id":765698,"date":"2025-08-28T11:48:59","date_gmt":"2025-08-28T08:48:59","guid":{"rendered":"https:\/\/roveyayinevi.com.tr\/index.php\/urun\/demokratik-polislik-ve-insan-haklari\/"},"modified":"2026-04-15T03:31:33","modified_gmt":"2026-04-15T00:31:33","slug":"demokratik-polislik-ve-insan-haklari","status":"publish","type":"product","link":"https:\/\/roveyayinevi.com.tr\/index.php\/urun\/demokratik-polislik-ve-insan-haklari\/","title":{"rendered":"Demokratik Polislik ve \u0130nsan Haklar\u0131"},"content":{"rendered":"<p>ne kadar, kolluk g\u00f6revlilerine, g\u00f6revlerini yaparken demokratik, hukuki ve insan haklar\u0131na sayg\u0131l\u0131 bir bak\u0131\u015f a\u00e7\u0131c\u0131 kazand\u0131rmay\u0131 hedeflemi\u015fse de \u00e7al\u0131\u015fman\u0131n hedef kitlesi i\u00e7inde genel okuyucu kitlesi de bulunmaktad\u0131r. \u00c7\u00fcnk\u00fc demokratik bir \u00fclkede polis vatanda\u015f i\u00e7in vard\u0131r. Vatanda\u015f olarak bizlerin de kendi haklar\u0131m\u0131z\u0131 bilmemiz gerekir ki, haks\u0131z m\u00fcdahalelere hukuk s\u0131n\u0131rlar\u0131 i\u00e7erisinde kar\u015f\u0131 \u00e7\u0131karak hakk\u0131m\u0131z\u0131 arayal\u0131m.Bu eserin ba\u015fta devletin zor kullanma yetkisi verdi\u011fi g\u00fcvenlik g\u00fc\u00e7lerinin, konuya ilgi duyan akademisyenlerin ve t\u00fcm vatanda\u015flar\u0131m\u0131z\u0131n insan haklar\u0131 bilgi birikimini art\u0131rma, kendi haklar\u0131na sahip \u00e7\u0131kma ve ba\u015fkalar\u0131n\u0131n haklar\u0131na sayg\u0131 duyma bilincinin geli\u015fmesine k\u00fc\u00e7\u00fck de olsa bir katk\u0131s\u0131n\u0131n olmas\u0131 ama\u00e7lanm\u0131\u015ft\u0131r.<\/p>\n","protected":false},"excerpt":{"rendered":"<p>ne kadar, kolluk g\u00f6revlilerine, g\u00f6revlerini yaparken demokratik, hukuki ve insan haklar\u0131na sayg\u0131l\u0131 bir bak\u0131\u015f a\u00e7\u0131c\u0131 kazand\u0131rmay\u0131 hedeflemi\u015fse de \u00e7al\u0131\u015fman\u0131n hedef kitlesi i\u00e7inde genel okuyucu kitlesi de<span class=\"excerpt-hellip\"> [\u2026]<\/span><\/p>\n","protected":false},"featured_media":0,"template":"","meta":{"_monsterinsights_skip_tracking":false,"_monsterinsights_sitenote_active":false,"_monsterinsights_sitenote_note":"","_monsterinsights_sitenote_category":0},"product_brand":[],"product_cat":[12337],"product_tag":[],"class_list":{"0":"post-765698","1":"product","2":"type-product","3":"status-publish","5":"product_cat-politika-siyaset","6":"pa_cilt-ciltsiz","7":"pa_tur-kitap","8":"pa_yayinevi-hukuk-yayinlari","9":"pa_yazar-ali-kuyaksil","11":"first","12":"instock","13":"sale","14":"shipping-taxable","15":"purchasable","16":"product-type-simple"},"_links":{"self":[{"href":"https:\/\/roveyayinevi.com.tr\/index.php\/wp-json\/wp\/v2\/product\/765698","targetHints":{"allow":["GET"]}}],"collection":[{"href":"https:\/\/roveyayinevi.com.tr\/index.php\/wp-json\/wp\/v2\/product"}],"about":[{"href":"https:\/\/roveyayinevi.com.tr\/index.php\/wp-json\/wp\/v2\/types\/product"}],"wp:attachment":[{"href":"https:\/\/roveyayinevi.com.tr\/index.php\/wp-json\/wp\/v2\/media?parent=765698"}],"wp:term":[{"taxonomy":"product_brand","embeddable":true,"href":"https:\/\/roveyayinevi.com.tr\/index.php\/wp-json\/wp\/v2\/product_brand?post=765698"},{"taxonomy":"product_cat","embeddable":true,"href":"https:\/\/roveyayinevi.com.tr\/index.php\/wp-json\/wp\/v2\/product_cat?post=765698"},{"taxonomy":"product_tag","embeddable":true,"href":"https:\/\/roveyayinevi.com.tr\/index.php\/wp-json\/wp\/v2\/product_tag?post=765698"}],"curies":[{"name":"wp","href":"https:\/\/api.w.org\/{rel}","templated":true}]}}