{"id":765687,"date":"2025-08-28T11:48:46","date_gmt":"2025-08-28T08:48:46","guid":{"rendered":"https:\/\/roveyayinevi.com.tr\/index.php\/urun\/saglik-sistemlerine-hukuki-mali-ve-idari-yaklasimlar\/"},"modified":"2026-04-15T03:31:33","modified_gmt":"2026-04-15T00:31:33","slug":"saglik-sistemlerine-hukuki-mali-ve-idari-yaklasimlar","status":"publish","type":"product","link":"https:\/\/roveyayinevi.com.tr\/index.php\/urun\/saglik-sistemlerine-hukuki-mali-ve-idari-yaklasimlar\/","title":{"rendered":"Sa\u011fl\u0131k Sistemlerine Hukuki, Mali ve \u0130dari Yakla\u015f\u0131mlar"},"content":{"rendered":"<p>\u00dclkelerin uygulad\u0131klar\u0131 sa\u011fl\u0131k sistemleri ve bu sistemlerin \u00f6zellikleri \u00fclkelerin sa\u011fl\u0131k harcamalar\u0131n\u0131 ve sa\u011fl\u0131k sekt\u00f6r\u00fcndeki \u00e7\u0131kt\u0131lar\u0131n\u0131 etkileyen en \u00f6nemli fakt\u00f6rlerdir.Sa\u011fl\u0131k sistemleri hukuki, mali ve idari a\u00e7\u0131dan farkl\u0131 \u00e7al\u0131\u015fma alanlar\u0131nda tart\u0131\u015f\u0131lmaktad\u0131r. Bu kitap, T\u00fcrk sa\u011fl\u0131k sisteminin g\u00fcncel ve tart\u0131\u015fmal\u0131 meselelerini, hukuki, m\u00e2li ve idari a\u00e7\u0131lardan, multidisipliner bir yakla\u015f\u0131mla de\u011ferlendirmektedir.Kitap 8 b\u00f6l\u00fcmden olu\u015fmaktad\u0131r. S\u0131ras\u0131yla, Prof.Dr.H. Hakan Y\u0131lmaz ve Dr.\u00d6\u011fr. G\u00f6r. Sava\u015f Y\u0131lmaz, \u201cT\u00fcrkiye\u2019de Sa\u011fl\u0131k Harcamalar\u0131n\u0131n Belirleyicilerinin De\u011ferlendirilmesi\u201d, Dr.\u00d6mer Alan ve Prof.Dr.Salih Murat Eke, \u201cHasta ve Hekim Haklar\u0131\u201d, Prof.Dr. \u00c7etin Arslan, Do\u00e7.Dr.Burcu \u00d6zcan B\u00fcy\u00fcktan\u0131r, Av.\u0130layda Kandur, \u201c7406 Say\u0131l\u0131 T\u00fcrk Ceza Kanunu ve Baz\u0131 Kanunlarda De\u011fi\u015fiklik Yap\u0131lmas\u0131na Dair Kanun\u2019un T\u0131p Hukuku Bak\u0131m\u0131ndan De\u011ferlendirilmesi\u201d, Do\u00e7.Dr.Seda Bayrakdar,\u201dT\u00fcrkiye\u2019de Sa\u011fl\u0131k Hizmetlerinin Sosyal Refah Devleti Perspektifinden De\u011ferlendirilmesi\u201d, Do\u00e7.Dr.Hilmi \u00c7oban, \u201cDiyet ve Bula\u015f\u0131c\u0131 Olmayan Hastal\u0131klar\u0131n \u00d6nlenmesinde Maliye Politikas\u0131\u201d, Dr. Dila Okyar, \u201cT\u00fcrk Hukuk Uygulamas\u0131nda Hastaneye Kabul S\u00f6zle\u015fmesinin T\u00fcrlerine Yarg\u0131sal Yakla\u015f\u0131m\u201d, Dr.Merve \u00c7elikta\u015f ve Prof.Dr.Hasan Yayl\u0131, \u201cT\u00fcrkiye\u2019de Sa\u011fl\u0131k Sisteminin Tarihsel Geli\u015fimi ve Mevcut Sa\u011fl\u0131k Y\u00f6netiminin Yap\u0131s\u0131\u201d, Prof.Dr.H.Hakan Y\u0131lmaz, Prof.Dr.Pelin Varol \u0130yido\u011fan ve Do\u00e7.Dr.Eda Ye\u015fil, \u201cYerel Sa\u011fl\u0131k Hizmetleri Sunumunda Koruyucu Sa\u011fl\u0131k Harcamalar\u0131n\u0131n Se\u00e7ilmi\u015f AB \u00dclkeleri \u00dczerinde Etkinli\u011finin \u00d6l\u00e7\u00fcm\u00fc\u201d ba\u015fl\u0131kl\u0131 \u00e7al\u0131\u015fmalar yer almaktad\u0131r.Sa\u011fl\u0131k sistemlerini kapsaml\u0131 ele alan kitab\u0131m\u0131z\u0131n geni\u015f \u00e7apl\u0131 okuyucu kitlesine hitap edece\u011fi d\u00fc\u015f\u00fcn\u00fclmektedir.<\/p>\n","protected":false},"excerpt":{"rendered":"<p>\u00dclkelerin uygulad\u0131klar\u0131 sa\u011fl\u0131k sistemleri ve bu sistemlerin \u00f6zellikleri \u00fclkelerin sa\u011fl\u0131k harcamalar\u0131n\u0131 ve sa\u011fl\u0131k sekt\u00f6r\u00fcndeki \u00e7\u0131kt\u0131lar\u0131n\u0131 etkileyen en \u00f6nemli fakt\u00f6rlerdir.Sa\u011fl\u0131k sistemleri hukuki, mali ve idari a\u00e7\u0131dan farkl\u0131<span class=\"excerpt-hellip\"> [\u2026]<\/span><\/p>\n","protected":false},"featured_media":0,"template":"","meta":{"_monsterinsights_skip_tracking":false,"_monsterinsights_sitenote_active":false,"_monsterinsights_sitenote_note":"","_monsterinsights_sitenote_category":0},"product_brand":[],"product_cat":[16965,13365],"product_tag":[],"class_list":{"0":"post-765687","1":"product","2":"type-product","3":"status-publish","5":"product_cat-genel-saglik-kitaplari","6":"product_cat-saglik","7":"pa_cilt-ciltsiz","8":"pa_tur-kitap","9":"pa_yayinevi-hukuk-yayinlari","10":"pa_yazar-eda-yesil-dila-okyar","12":"first","13":"instock","14":"sale","15":"shipping-taxable","16":"purchasable","17":"product-type-simple"},"_links":{"self":[{"href":"https:\/\/roveyayinevi.com.tr\/index.php\/wp-json\/wp\/v2\/product\/765687","targetHints":{"allow":["GET"]}}],"collection":[{"href":"https:\/\/roveyayinevi.com.tr\/index.php\/wp-json\/wp\/v2\/product"}],"about":[{"href":"https:\/\/roveyayinevi.com.tr\/index.php\/wp-json\/wp\/v2\/types\/product"}],"wp:attachment":[{"href":"https:\/\/roveyayinevi.com.tr\/index.php\/wp-json\/wp\/v2\/media?parent=765687"}],"wp:term":[{"taxonomy":"product_brand","embeddable":true,"href":"https:\/\/roveyayinevi.com.tr\/index.php\/wp-json\/wp\/v2\/product_brand?post=765687"},{"taxonomy":"product_cat","embeddable":true,"href":"https:\/\/roveyayinevi.com.tr\/index.php\/wp-json\/wp\/v2\/product_cat?post=765687"},{"taxonomy":"product_tag","embeddable":true,"href":"https:\/\/roveyayinevi.com.tr\/index.php\/wp-json\/wp\/v2\/product_tag?post=765687"}],"curies":[{"name":"wp","href":"https:\/\/api.w.org\/{rel}","templated":true}]}}

Sağlık Sistemlerine Hukuki, Mali ve İdari Yaklaşımlar

<p>Ülkelerin uyguladıkları sağlık sistemleri ve bu sistemlerin özellikleri ülkelerin sağlık harcamalarını ve sağlık sektöründeki çıktılarını etkileyen en önemli faktörlerdir.Sağlık sistemleri hukuki, mali ve idari açıdan farklı çalışma alanlarında tartışılmaktadır. Bu kitap, Türk sağlık sisteminin güncel ve tartışmalı meselelerini, hukuki, mâli ve idari açılardan, multidisipliner bir yaklaşımla değerlendirmektedir.Kitap 8 bölümden oluşmaktadır. Sırasıyla, Prof.Dr.H. Hakan Yılmaz ve Dr.Öğr. Gör. Savaş Yılmaz, “Türkiye’de Sağlık Harcamalarının Belirleyicilerinin Değerlendirilmesi”, Dr.Ömer Alan ve Prof.Dr.Salih Murat Eke, “Hasta ve Hekim Hakları”, Prof.Dr. Çetin Arslan, Doç.Dr.Burcu Özcan Büyüktanır, Av.İlayda Kandur, “7406 Sayılı Türk Ceza Kanunu ve Bazı Kanunlarda Değişiklik Yapılmasına Dair Kanun’un Tıp Hukuku Bakımından Değerlendirilmesi”, Doç.Dr.Seda Bayrakdar,”Türkiye’de Sağlık Hizmetlerinin Sosyal Refah Devleti Perspektifinden Değerlendirilmesi”, Doç.Dr.Hilmi Çoban, “Diyet ve Bulaşıcı Olmayan Hastalıkların Önlenmesinde Maliye Politikası”, Dr. Dila Okyar, “Türk Hukuk Uygulamasında Hastaneye Kabul Sözleşmesinin Türlerine Yargısal Yaklaşım”, Dr.Merve Çeliktaş ve Prof.Dr.Hasan Yaylı, “Türkiye’de Sağlık Sisteminin Tarihsel Gelişimi ve Mevcut Sağlık Yönetiminin Yapısı”, Prof.Dr.H.Hakan Yılmaz, Prof.Dr.Pelin Varol İyidoğan ve Doç.Dr.Eda Yeşil, “Yerel Sağlık Hizmetleri Sunumunda Koruyucu Sağlık Harcamalarının Seçilmiş AB Ülkeleri Üzerinde Etkinliğinin Ölçümü” başlıklı çalışmalar yer almaktadır.Sağlık sistemlerini kapsamlı ele alan kitabımızın geniş çaplı okuyucu kitlesine hitap edeceği düşünülmektedir.</p>

<p>Ülkelerin uyguladıkları sağlık sistemleri ve bu sistemlerin özellikleri ülkelerin sağlık harcamalarını ve sağlık sektöründeki çıktılarını etkileyen en önemli faktörlerdir.Sağlık sistemleri hukuki, mali ve idari açıdan farklı<span class="excerpt-hellip"> […]</span></p>
