{"id":765674,"date":"2025-08-28T11:48:30","date_gmt":"2025-08-28T08:48:30","guid":{"rendered":"https:\/\/roveyayinevi.com.tr\/index.php\/urun\/yeni-sag-kuresellesme-ve-turkiye\/"},"modified":"2026-04-15T03:31:33","modified_gmt":"2026-04-15T00:31:33","slug":"yeni-sag-kuresellesme-ve-turkiye","status":"publish","type":"product","link":"https:\/\/roveyayinevi.com.tr\/index.php\/urun\/yeni-sag-kuresellesme-ve-turkiye\/","title":{"rendered":"Yeni Sa\u011f, K\u00fcreselle\u015fme ve T\u00fcrkiye"},"content":{"rendered":"<p>AK Parti&#8217;nin T\u00fcrk toplumunun b\u00fcy\u00fck kesiminde kar\u015f\u0131l\u0131k bulan sosyal alanda muhafazakar (milli-yerel-k\u00fclt\u00fcrel), ekonomik ve siyasal alanda ise liberal (k\u00fcresel) politikalar\u0131; hem kurulu\u015fundan bu yana kat\u0131ldu\u011f\u0131 b\u00fct\u00fcn se\u00e7imlerde alm\u0131\u015f oldu\u011fu y\u00fcksek ve s\u00fcrekli halk deste\u011fini, hem de AB, ABD gibi k\u00fcresel g\u00fc\u00e7lerin ona olan deste\u011fini a\u00e7\u0131klamaktad\u0131r. D\u0131\u015far\u0131da AB, ABD gibi Bat\u0131l\u0131 k\u00fcresel g\u00fc\u00e7lerin i\u00e7eride ise geni\u015f halk kitlelerinin deste\u011fini alan AK Parti; iktidarda oldu\u011fu on y\u0131l\u0131 a\u015fk\u0131n zamanda, ekonomik, sosyal, siyasal, hukuksal ve y\u00f6netsel alanlarda reform niteli\u011finde \u00f6nemli de\u011fi\u015fim ve d\u00f6n\u00fc\u015f\u00fcmlere imza atm\u0131\u015ft\u0131r.Elinizdeki bu kitap, son d\u00f6nemde ba\u015flang\u0131\u00e7taki liberal-demokratik (k\u00fcreselci) e\u011filiminden ayr\u0131l\u0131p daha milli, daha devlet\u00e7i bir \u00e7izgiye kaym\u0131\u015f g\u00f6r\u00fcnse de, daha otoriter bir e\u011filim i\u00e7erisine girdi\u011fi s\u00f6ylense de, T\u00fcrkiye&#8217;de 2000&#8217;li y\u0131llarda ya\u015fanan b\u00fcy\u00fck de\u011fi\u015fim ve d\u00f6n\u00fc\u015f\u00fcm\u00fcn ba\u015f akt\u00f6r\u00fc olan AK Parti&#8217;nin; siyasal felsefesini, dayand\u0131\u011f\u0131 toplumsal taban\u0131, siyasal, sosyal ve ekonomik alandaki politikalar\u0131n\u0131, yerel y\u00f6netimler, \u00e7evre,finans vb. konulardaki yakla\u015f\u0131m ve uygulamalar\u0131n\u0131 ortaya koymay\u0131 ama\u00e7layan \u00e7al\u0131\u015fmalardan olu\u015fmaktad\u0131r.<\/p>\n","protected":false},"excerpt":{"rendered":"<p>AK Parti&#8217;nin T\u00fcrk toplumunun b\u00fcy\u00fck kesiminde kar\u015f\u0131l\u0131k bulan sosyal alanda muhafazakar (milli-yerel-k\u00fclt\u00fcrel), ekonomik ve siyasal alanda ise liberal (k\u00fcresel) politikalar\u0131; hem kurulu\u015fundan bu yana kat\u0131ldu\u011f\u0131 b\u00fct\u00fcn<span class=\"excerpt-hellip\"> [\u2026]<\/span><\/p>\n","protected":false},"featured_media":0,"template":"","meta":{"_monsterinsights_skip_tracking":false,"_monsterinsights_sitenote_active":false,"_monsterinsights_sitenote_note":"","_monsterinsights_sitenote_category":0},"product_brand":[],"product_cat":[12337,14543],"product_tag":[],"class_list":{"0":"post-765674","1":"product","2":"type-product","3":"status-publish","5":"product_cat-politika-siyaset","6":"product_cat-turkiye-siyaseti-ve-politikasi","7":"pa_cilt-ciltsiz","8":"pa_tur-kitap","9":"pa_yayinevi-orion-kitabevi","10":"pa_yazar-nafiz-tok","12":"first","13":"instock","14":"sale","15":"shipping-taxable","16":"purchasable","17":"product-type-simple"},"_links":{"self":[{"href":"https:\/\/roveyayinevi.com.tr\/index.php\/wp-json\/wp\/v2\/product\/765674","targetHints":{"allow":["GET"]}}],"collection":[{"href":"https:\/\/roveyayinevi.com.tr\/index.php\/wp-json\/wp\/v2\/product"}],"about":[{"href":"https:\/\/roveyayinevi.com.tr\/index.php\/wp-json\/wp\/v2\/types\/product"}],"wp:attachment":[{"href":"https:\/\/roveyayinevi.com.tr\/index.php\/wp-json\/wp\/v2\/media?parent=765674"}],"wp:term":[{"taxonomy":"product_brand","embeddable":true,"href":"https:\/\/roveyayinevi.com.tr\/index.php\/wp-json\/wp\/v2\/product_brand?post=765674"},{"taxonomy":"product_cat","embeddable":true,"href":"https:\/\/roveyayinevi.com.tr\/index.php\/wp-json\/wp\/v2\/product_cat?post=765674"},{"taxonomy":"product_tag","embeddable":true,"href":"https:\/\/roveyayinevi.com.tr\/index.php\/wp-json\/wp\/v2\/product_tag?post=765674"}],"curies":[{"name":"wp","href":"https:\/\/api.w.org\/{rel}","templated":true}]}}