{"id":765673,"date":"2025-08-28T11:48:29","date_gmt":"2025-08-28T08:48:29","guid":{"rendered":"https:\/\/roveyayinevi.com.tr\/index.php\/urun\/yeni-kuresel-donusumun-sifresi-afganistan\/"},"modified":"2026-04-15T03:31:32","modified_gmt":"2026-04-15T00:31:32","slug":"yeni-kuresel-donusumun-sifresi-afganistan","status":"publish","type":"product","link":"https:\/\/roveyayinevi.com.tr\/index.php\/urun\/yeni-kuresel-donusumun-sifresi-afganistan\/","title":{"rendered":"Yeni K\u00fcresel D\u00f6n\u00fc\u015f\u00fcm\u00fcn \u015eifresi Afganistan"},"content":{"rendered":"<p>Cengiz \u00d6zel, 1977 y\u0131l\u0131nda Konya&#8217;da do\u011fdu. Orta\u00f6\u011frenimini \u0130vriz \u00d6\u011fretmen Okulu ve Kuleli Askeri Lisesinde, lisans e\u011fitimini Kara Harp Okulunda almay\u0131 m\u00fcteakip Sel\u00e7uk \u00dcniversitesinde \u00d6zel Hukuk alan\u0131nda y\u00fcksek lisans, \u0130n\u00f6n\u00fc \u00dcniversitesinde Siyaset Bilimi ve Kamu Y\u00f6netimi alan\u0131nda doktora e\u011fitimini tamamlad\u0131. Halen Jandarma ve Sahil G\u00fcvenlik Akademisi Ba\u015fkanl\u0131\u011f\u0131nda Disiplin ve Hukuk \u0130\u015fleri \u015eube M\u00fcd\u00fcr\u00fc olarak g\u00f6revini s\u00fcrd\u00fcren Cengiz \u00d6zel, Evli ve \u00fc\u00e7 \u00e7ocuk babas\u0131d\u0131r.Kimilerine g\u00f6re bir komplo, kimilerine g\u00f6re ise y\u00fczy\u0131l\u0131n en b\u00fcy\u00fck meydan okumas\u0131 olan 11 Eyl\u00fcl sald\u0131r\u0131lar\u0131, uluslararas\u0131 politikada T\u00fcrkiye&#8217;nin yumu\u015fak g\u00fc\u00e7 havzalar\u0131nda T\u00fcrkiye&#8217;yi hi\u00e7 istemedi\u011fi bir s\u0131navla y\u00fcz y\u00fcze b\u0131rakm\u0131\u015ft\u0131r. ABD, tek kutuplu yeni d\u00fcnya d\u00fczeni i\u00e7in tasarlad\u0131\u011f\u0131 ulus devletin egemenli\u011finin a\u015f\u0131nd\u0131r\u0131lmas\u0131 ve demokratikle\u015ftirilmesi projesine 11 Eyl\u00fcl, arad\u0131\u011f\u0131 e\u015fsiz f\u0131rsat\u0131 alt\u0131n tepside sunarken, T\u00fcrkiye de ABD&#8217;nin bu f\u0131rsat do\u011frultusunda giri\u015fti\u011fi ulus in\u015fas\u0131 furyas\u0131n\u0131n zoraki ka\u00e7\u0131n\u0131lmaz akt\u00f6r\u00fcne d\u00f6n\u00fc\u015fm\u00fc\u015ft\u00fcr&#8230;II. D\u00fcnya Sava\u015f\u0131 ile birlikte s\u0131kl\u0131kla g\u00f6rmeye ba\u015flad\u0131\u011f\u0131m\u0131z ulus in\u015fas\u0131 furyas\u0131, 11 Eyl\u00fcl sonras\u0131nda \u00f6nce Afganistan ile ba\u015flam\u0131\u015f, ard\u0131ndan Irak ve sonras\u0131nda t\u00fcm Ortado\u011fu&#8217;yu i\u00e7ine alm\u0131\u015ft\u0131r. So\u011fuk sava\u015f sonras\u0131 ABD&#8217;nin ger\u00e7ekle\u015ftirmek istedi\u011fi k\u00fcresel d\u00f6n\u00fc\u015f\u00fcm\u00fcn kodlar\u0131n\u0131 bar\u0131nd\u0131rmas\u0131 ve yeni ulus in\u015fas\u0131 \u00f6rne\u011finde bir ilk ve model olmas\u0131 nedeniyle Afgan ulus in\u015fas\u0131 ve bu s\u00fcre\u00e7te T\u00fcrkiye&#8217;nin izledi\u011fi yumu\u015fak g\u00fc\u00e7 stratejisi, di\u011fer ulus in\u015fa \u00f6rneklerinin anla\u015f\u0131lmas\u0131nda \u00e7ok \u00f6nemli katk\u0131lar sunmaktad\u0131r.<\/p>\n","protected":false},"excerpt":{"rendered":"<p>Cengiz \u00d6zel, 1977 y\u0131l\u0131nda Konya&#8217;da do\u011fdu. Orta\u00f6\u011frenimini \u0130vriz \u00d6\u011fretmen Okulu ve Kuleli Askeri Lisesinde, lisans e\u011fitimini Kara Harp Okulunda almay\u0131 m\u00fcteakip Sel\u00e7uk \u00dcniversitesinde \u00d6zel Hukuk alan\u0131nda<span class=\"excerpt-hellip\"> [\u2026]<\/span><\/p>\n","protected":false},"featured_media":0,"template":"","meta":{"_monsterinsights_skip_tracking":false,"_monsterinsights_sitenote_active":false,"_monsterinsights_sitenote_note":"","_monsterinsights_sitenote_category":0},"product_brand":[],"product_cat":[13059,12337],"product_tag":[],"class_list":{"0":"post-765673","1":"product","2":"type-product","3":"status-publish","5":"product_cat-diger-politika-siyaset","6":"product_cat-politika-siyaset","7":"pa_cilt-ciltsiz","8":"pa_tur-kitap","9":"pa_yayinevi-orion-kitabevi","10":"pa_yazar-cengiz-ozel","12":"first","13":"instock","14":"sale","15":"shipping-taxable","16":"purchasable","17":"product-type-simple"},"_links":{"self":[{"href":"https:\/\/roveyayinevi.com.tr\/index.php\/wp-json\/wp\/v2\/product\/765673","targetHints":{"allow":["GET"]}}],"collection":[{"href":"https:\/\/roveyayinevi.com.tr\/index.php\/wp-json\/wp\/v2\/product"}],"about":[{"href":"https:\/\/roveyayinevi.com.tr\/index.php\/wp-json\/wp\/v2\/types\/product"}],"wp:attachment":[{"href":"https:\/\/roveyayinevi.com.tr\/index.php\/wp-json\/wp\/v2\/media?parent=765673"}],"wp:term":[{"taxonomy":"product_brand","embeddable":true,"href":"https:\/\/roveyayinevi.com.tr\/index.php\/wp-json\/wp\/v2\/product_brand?post=765673"},{"taxonomy":"product_cat","embeddable":true,"href":"https:\/\/roveyayinevi.com.tr\/index.php\/wp-json\/wp\/v2\/product_cat?post=765673"},{"taxonomy":"product_tag","embeddable":true,"href":"https:\/\/roveyayinevi.com.tr\/index.php\/wp-json\/wp\/v2\/product_tag?post=765673"}],"curies":[{"name":"wp","href":"https:\/\/api.w.org\/{rel}","templated":true}]}}