{"id":765671,"date":"2025-08-28T11:48:26","date_gmt":"2025-08-28T08:48:26","guid":{"rendered":"https:\/\/roveyayinevi.com.tr\/index.php\/urun\/yeni-dunya-duzeninde-turk-dis-politikasi\/"},"modified":"2026-04-15T03:31:32","modified_gmt":"2026-04-15T00:31:32","slug":"yeni-dunya-duzeninde-turk-dis-politikasi","status":"publish","type":"product","link":"https:\/\/roveyayinevi.com.tr\/index.php\/urun\/yeni-dunya-duzeninde-turk-dis-politikasi\/","title":{"rendered":"Yeni D\u00fcnya D\u00fczeninde T\u00fcrk D\u0131\u015f Politikas\u0131"},"content":{"rendered":"<p>Uluslararas\u0131 sistem tarihte hi\u00e7 olmad\u0131\u011f\u0131 kadar h\u0131zl\u0131 bir \u015fekilde de\u011fi\u015fmekte ve d\u00f6n\u00fc\u015fmektedir. Yeni d\u00fcnya g\u00fc\u00e7 dengesinde T\u00fcrkiye ve benzeri b\u00f6lgesel akt\u00f6rlerin de h\u0131zla g\u00fc\u00e7lendikleri, sistem \u00fczerinde daha fazla etkili olmaya ba\u015flad\u0131klar\u0131 ve yeni d\u00fcnya d\u00fczeninin de buna f\u0131rsat verdi\u011fi g\u00f6r\u00fclmektedir. \u0130\u00e7inde ya\u015fad\u0131\u011f\u0131m\u0131z k\u00fcresel uluslararas\u0131 sistemde T\u00fcrkiye&#8217;nin nas\u0131l bir konuma sahip oldu\u011fu, nas\u0131l tehditler ile kar\u015f\u0131 kar\u015f\u0131ya bulundu\u011fu, sistemin T\u00fcrkiye i\u00e7in ne t\u00fcr f\u0131rsatlar sundu\u011fu ve T\u00fcrkiye&#8217;nin bunlara kar\u015f\u0131 nas\u0131l bir tepki verdi\u011fi, \u00fczerinde durulmas\u0131 gereken \u00f6nemli konulard\u0131r. Bu kitab\u0131n temel ama\u00e7lar\u0131ndan bir tanesi de bu sorulara verilecek cevaplar i\u00e7in bir zemin haz\u0131rlamakt\u0131r. Kitapta T\u00fcrk d\u0131\u015f politikas\u0131n\u0131n temellerini olu\u015fturan ana belirleyiciler vurguland\u0131ktan sonra, zamanla ya\u015fanan de\u011fi\u015fimin nedenleri ortaya konulmu\u015f, T\u00fcrkiye&#8217;d\u0131\u015f politikada nas\u0131l davrand\u0131\u011f\u0131, b\u00f6lgesel ve k\u00fcresel \u00f6l\u00e7ekte nas\u0131l bir rol oynamaya \u00e7al\u0131\u015ft\u0131\u011f\u0131 ele al\u0131nm\u0131\u015ft\u0131r. Kitab\u0131n iki temel amac\u0131 bulunmaktad\u0131r. Bu ama\u00e7lardan ilki Cumhuriyet d\u00f6neminde uygulanan d\u0131\u015f politikadan hangi temeller \u00fczerinden vizyon in\u015fa edildi\u011fini, daha sonra ise vizyonda ne t\u00fcr de\u011fi\u015fiklikler ve bu de\u011fi\u015fikliklere neden olan \u00f6nemli olay, fikir, ki\u015fi ve ili\u015fkileri ortaya koymakt\u0131r. Bu \u00e7er\u00e7evede yakla\u015f\u0131k y\u00fcz y\u0131ll\u0131k tarih i\u00e7erisinde ger\u00e7ekle\u015fen \u00f6nemli d\u0131\u015f politika ili\u015fkileri ele al\u0131nacak, T\u00fcrk d\u0131\u015f politikas\u0131n\u0131n karakteri ve seyri \u00fczerinde ciddi etki yaratan geli\u015fmeler \u00fczerinde durulacakt\u0131r. \u00c7al\u0131\u015fman\u0131n ikinci temel amac\u0131 ise, g\u00fcn\u00fcm\u00fcz uluslararas\u0131 sistemi g\u00fc\u00e7 dengesinde meydana gelen geli\u015fmelerin T\u00fcrkiye i\u00e7in ortaya \u00e7\u0131kard\u0131\u011f\u0131 f\u0131rsat ve tehditlerin T\u00fcrk d\u0131\u015f politikas\u0131 \u00fczerinde yaratt\u0131\u011f\u0131 etkileri ortaya koymakt\u0131r. Bu kapsamda So\u011fuk Sava\u015f sonras\u0131 d\u00f6nem \u00fczerine yo\u011funla\u015fmakla birlikte, daha \u00e7ok Ak Parti iktidar\u0131 d\u00f6nemi d\u0131\u015f politika uygulamalar\u0131 analiz edilmi\u015ftir. Di\u011fer bir ifade ile kitap T\u00fcrkiye&#8217;nin So\u011fuk Sava\u015f sonras\u0131 d\u00f6nemde yeniden \u015fekillenmekte olan d\u00fcnya g\u00fc\u00e7 dengesindeki konumunu T\u00fcrk d\u0131\u015f politikas\u0131 vizyonu ve uygulamalar\u0131 \u00fczerinden tart\u0131\u015fmay\u0131 ama\u00e7lamakt\u0131r.<\/p>\n","protected":false},"excerpt":{"rendered":"<p>Uluslararas\u0131 sistem tarihte hi\u00e7 olmad\u0131\u011f\u0131 kadar h\u0131zl\u0131 bir \u015fekilde de\u011fi\u015fmekte ve d\u00f6n\u00fc\u015fmektedir. Yeni d\u00fcnya g\u00fc\u00e7 dengesinde T\u00fcrkiye ve benzeri b\u00f6lgesel akt\u00f6rlerin de h\u0131zla g\u00fc\u00e7lendikleri, sistem \u00fczerinde<span class=\"excerpt-hellip\"> [\u2026]<\/span><\/p>\n","protected":false},"featured_media":0,"template":"","meta":{"_monsterinsights_skip_tracking":false,"_monsterinsights_sitenote_active":false,"_monsterinsights_sitenote_note":"","_monsterinsights_sitenote_category":0},"product_brand":[],"product_cat":[12338,12337],"product_tag":[],"class_list":{"0":"post-765671","1":"product","2":"type-product","3":"status-publish","5":"product_cat-dunya-siyaseti-ve-politikasi","6":"product_cat-politika-siyaset","7":"pa_cilt-ciltsiz","8":"pa_tur-kitap","9":"pa_yayinevi-orion-kitabevi","10":"pa_yazar-abdulkadir-baharcicek","12":"first","13":"instock","14":"sale","15":"shipping-taxable","16":"purchasable","17":"product-type-simple"},"_links":{"self":[{"href":"https:\/\/roveyayinevi.com.tr\/index.php\/wp-json\/wp\/v2\/product\/765671","targetHints":{"allow":["GET"]}}],"collection":[{"href":"https:\/\/roveyayinevi.com.tr\/index.php\/wp-json\/wp\/v2\/product"}],"about":[{"href":"https:\/\/roveyayinevi.com.tr\/index.php\/wp-json\/wp\/v2\/types\/product"}],"wp:attachment":[{"href":"https:\/\/roveyayinevi.com.tr\/index.php\/wp-json\/wp\/v2\/media?parent=765671"}],"wp:term":[{"taxonomy":"product_brand","embeddable":true,"href":"https:\/\/roveyayinevi.com.tr\/index.php\/wp-json\/wp\/v2\/product_brand?post=765671"},{"taxonomy":"product_cat","embeddable":true,"href":"https:\/\/roveyayinevi.com.tr\/index.php\/wp-json\/wp\/v2\/product_cat?post=765671"},{"taxonomy":"product_tag","embeddable":true,"href":"https:\/\/roveyayinevi.com.tr\/index.php\/wp-json\/wp\/v2\/product_tag?post=765671"}],"curies":[{"name":"wp","href":"https:\/\/api.w.org\/{rel}","templated":true}]}}