{"id":765660,"date":"2025-08-28T11:48:12","date_gmt":"2025-08-28T08:48:12","guid":{"rendered":"https:\/\/roveyayinevi.com.tr\/index.php\/urun\/turkiyenin-ab-ile-butunlesme-surecine-abdnin-etkisi\/"},"modified":"2026-04-15T03:31:32","modified_gmt":"2026-04-15T00:31:32","slug":"turkiyenin-ab-ile-butunlesme-surecine-abdnin-etkisi","status":"publish","type":"product","link":"https:\/\/roveyayinevi.com.tr\/index.php\/urun\/turkiyenin-ab-ile-butunlesme-surecine-abdnin-etkisi\/","title":{"rendered":"T\u00fcrkiye&#8217;nin AB ile B\u00fct\u00fcnle\u015fme S\u00fcrecine ABD&#8217;nin Etkisi"},"content":{"rendered":"<p>T\u00fcrkiye-AB ili\u015fkilerini takip eden akademisyen ve ara\u015ft\u0131rmac\u0131lar, So\u011fuk Sava\u015f sonras\u0131 d\u00f6nemde &#8220;Clinton&#8217;dan tam destek&#8221;, ABD &#8220;tarih i\u00e7in bast\u0131r\u0131yor&#8221;. &#8220;ABD, AB&#8217;nin ensesinde &#8221; ve &#8220;Bush T\u00fcrkiye i\u00e7in bask\u0131y\u0131 art\u0131rd\u0131&#8221; gibi ba\u015fl\u0131klar\u0131n kullan\u0131ld\u0131\u011f\u0131 yaz\u0131l\u0131 bas\u0131nda yer alan \u00e7ok say\u0131da haber ile kar\u015f\u0131la\u015fm\u0131\u015flard\u0131r. Bu \u00e7e\u015fit haberlerin i\u00e7eri\u011finde ABD&#8217;nin T\u00fcrkiye&#8217;nin AB ile b\u00fct\u00fcnle\u015fmesine deste\u011fi ve \u00f6zellikle de AB &#8216;nin T\u00fcrkiye ile ilgili kararlar ald\u0131\u011f\u0131  Avrupa Konseyi Zirveleri \u00f6ncesinde ve esnas\u0131nda AB \u00fczerinde yapt\u0131\u011f\u0131 bask\u0131lar anlat\u0131lm\u0131\u015ft\u0131r. Bu \u00e7al\u0131\u015fmada T\u00fcrkiye&#8217;nin AB ile b\u00fct\u00fcnle\u015fme s\u00fcrecine ABD&#8217;nin yapm\u0131\u015f oldu\u011fu \u00e7ok g\u00fc\u00e7l\u00fc etki ortaya konulmaktad\u0131r. \u00c7al\u0131\u015fmada, ABD&#8217;nin T\u00fcrkiye&#8217;nin AB b\u00fct\u00fcnle\u015fmesine deste\u011finin nedenleri ise Avrasya&#8217;daki jeopolitik \u00e7\u0131karlar\u0131 \u00e7er\u00e7evesinde Zbigniew Brzezinski&#8217;nin &#8220;B\u00fcy\u00fck Satran\u00e7 Tahtas\u0131&#8221; teorisi ile a\u00e7\u0131klanmaktad\u0131r.Yrd. Do\u00e7. Dr. U\u011fur Bur\u00e7 Y\u0131ld\u0131z, \u0130zmir \u00dcniversitesi Uluslararas\u0131 \u0130li\u015fkiler b\u00f6l\u00fcm\u00fcnde g\u00f6rev yapmaktad\u0131r. Doktora derecesini Avrupa \u00c7al\u0131\u015fmalar\u0131 alan\u0131nda Dokuz Eyl\u00fcl \u00dcniversitesi&#8217;nden alan yazar\u0131n ilgi alanlar\u0131 AB&#8217;nin b\u00f6lgesel politikalar\u0131 ve T\u00fcrkiye-AB ili\u015fkileridir.<\/p>\n","protected":false},"excerpt":{"rendered":"<p>T\u00fcrkiye-AB ili\u015fkilerini takip eden akademisyen ve ara\u015ft\u0131rmac\u0131lar, So\u011fuk Sava\u015f sonras\u0131 d\u00f6nemde &#8220;Clinton&#8217;dan tam destek&#8221;, ABD &#8220;tarih i\u00e7in bast\u0131r\u0131yor&#8221;. &#8220;ABD, AB&#8217;nin ensesinde &#8221; ve &#8220;Bush T\u00fcrkiye i\u00e7in<span class=\"excerpt-hellip\"> [\u2026]<\/span><\/p>\n","protected":false},"featured_media":0,"template":"","meta":{"_monsterinsights_skip_tracking":false,"_monsterinsights_sitenote_active":false,"_monsterinsights_sitenote_note":"","_monsterinsights_sitenote_category":0},"product_brand":[],"product_cat":[12337,14543],"product_tag":[],"class_list":{"0":"post-765660","1":"product","2":"type-product","3":"status-publish","5":"product_cat-politika-siyaset","6":"product_cat-turkiye-siyaseti-ve-politikasi","7":"pa_cilt-ciltsiz","8":"pa_tur-kitap","9":"pa_yayinevi-orion-kitabevi","10":"pa_yazar-ugur-burc-yildiz","12":"first","13":"instock","14":"sale","15":"shipping-taxable","16":"purchasable","17":"product-type-simple"},"_links":{"self":[{"href":"https:\/\/roveyayinevi.com.tr\/index.php\/wp-json\/wp\/v2\/product\/765660","targetHints":{"allow":["GET"]}}],"collection":[{"href":"https:\/\/roveyayinevi.com.tr\/index.php\/wp-json\/wp\/v2\/product"}],"about":[{"href":"https:\/\/roveyayinevi.com.tr\/index.php\/wp-json\/wp\/v2\/types\/product"}],"wp:attachment":[{"href":"https:\/\/roveyayinevi.com.tr\/index.php\/wp-json\/wp\/v2\/media?parent=765660"}],"wp:term":[{"taxonomy":"product_brand","embeddable":true,"href":"https:\/\/roveyayinevi.com.tr\/index.php\/wp-json\/wp\/v2\/product_brand?post=765660"},{"taxonomy":"product_cat","embeddable":true,"href":"https:\/\/roveyayinevi.com.tr\/index.php\/wp-json\/wp\/v2\/product_cat?post=765660"},{"taxonomy":"product_tag","embeddable":true,"href":"https:\/\/roveyayinevi.com.tr\/index.php\/wp-json\/wp\/v2\/product_tag?post=765660"}],"curies":[{"name":"wp","href":"https:\/\/api.w.org\/{rel}","templated":true}]}}