{"id":765655,"date":"2025-08-28T11:48:05","date_gmt":"2025-08-28T08:48:05","guid":{"rendered":"https:\/\/roveyayinevi.com.tr\/index.php\/urun\/turkiyede-enerji-politikalari\/"},"modified":"2026-04-15T03:31:32","modified_gmt":"2026-04-15T00:31:32","slug":"turkiyede-enerji-politikalari","status":"publish","type":"product","link":"https:\/\/roveyayinevi.com.tr\/index.php\/urun\/turkiyede-enerji-politikalari\/","title":{"rendered":"T\u00fcrkiye&#8217;de Enerji Politikalar\u0131"},"content":{"rendered":"<p>nsan\u0131n temel ihtiya\u00e7lar\u0131n\u0131n kar\u015f\u0131lanmas\u0131nda ve ya\u015fam standard\u0131n\u0131n y\u00fckseltilmesinde vazge\u00e7ilmezler aras\u0131nda yer alan enerji, sosyo-ekonomik kalk\u0131nman\u0131n temel fakt\u00f6rlerinden biridir. Enerji kavram\u0131 \u00e7ok geni\u015f alanlar\u0131 kapsamaktad\u0131r. Enerjinin end\u00fcstri, ula\u015f\u0131m, sa\u011fl\u0131k, tar\u0131m ve di\u011fer pek \u00e7ok alanda insan geli\u015fimi i\u00e7in \u00f6ncelikli oldu\u011fu kabul edilmektedir. Enerji, \u00fclkelerin ulusal ve uluslararas\u0131 siyasetinin belirlenmesinde en \u00f6nemli fakt\u00f6rler aras\u0131nda yer al\u0131r. Ekonomik ve sosyal geli\u015fmenin te-mel ta\u015flar\u0131ndan birini olu\u015fturan enerji, \u00fclkelerin ulusal g\u00fcvenli\u011fini de \u00f6nemli derecede etkilemektedir.Enerji, bir \u00fclkedeki sanayinin en \u00f6nemli girdilerindendir. Bu y\u00f6n\u00fcyle de ele al\u0131nd\u0131\u011f\u0131nda enerji, ekonomik kalk\u0131nman\u0131n s\u00fcrd\u00fcr\u00fclebilirli\u011fi, ulusal ve uluslararas\u0131 alanda rekabet edebilirli\u011fin temel ta\u015flar\u0131ndan birini olu\u015fturmaktad\u0131r. Enerji t\u00fcketimindeki art\u0131\u015f\u0131n toplumsal refah d\u00fczeyindeki etkisi g\u00fcncel ara\u015ft\u0131rma konular\u0131 i\u00e7inde yer almaktad\u0131r. Enerji sadece ekonominin bir konusu de\u011fil, insanl\u0131\u011f\u0131n gelece\u011fini etkileyen, y\u00f6nlendiren ana fakt\u00f6rlerden biridir. Enerji konusu, ekonomik, teknolojik, ekolojik, jeopolitik, siyasi, ulusal ve uluslararas\u0131 boyutlar\u0131yla g\u00fcndeme gelmekte ve her platformda de\u011ferlendirilmektedir. Enerji konusu T\u00fcrkiye ve d\u00fcnyada i\u015f d\u00fcnyas\u0131n\u0131n, politikac\u0131lar\u0131n, akademik camian\u0131n, \u00fcretici ve t\u00fcketicilerin, k\u0131saca kamuoyunun dikkatini \u00e7eken \u00f6nemli konulardan biri olmaya devam etmektedir. Enerji, farkl\u0131 siyasi k\u00fclt\u00fcr ve rejimlerde farkl\u0131 anlay\u0131\u015fla de\u011ferlendirilmektedir. Enerjinin ekonomik mi yoksa siyasi bir \u00fcr\u00fcn m\u00fc oldu\u011fu halen tart\u0131\u015f\u0131lmaktad\u0131r.<\/p>\n","protected":false},"excerpt":{"rendered":"<p>nsan\u0131n temel ihtiya\u00e7lar\u0131n\u0131n kar\u015f\u0131lanmas\u0131nda ve ya\u015fam standard\u0131n\u0131n y\u00fckseltilmesinde vazge\u00e7ilmezler aras\u0131nda yer alan enerji, sosyo-ekonomik kalk\u0131nman\u0131n temel fakt\u00f6rlerinden biridir. Enerji kavram\u0131 \u00e7ok geni\u015f alanlar\u0131 kapsamaktad\u0131r. Enerjinin end\u00fcstri,<span class=\"excerpt-hellip\"> [\u2026]<\/span><\/p>\n","protected":false},"featured_media":0,"template":"","meta":{"_monsterinsights_skip_tracking":false,"_monsterinsights_sitenote_active":false,"_monsterinsights_sitenote_note":"","_monsterinsights_sitenote_category":0},"product_brand":[],"product_cat":[12337],"product_tag":[],"class_list":{"0":"post-765655","1":"product","2":"type-product","3":"status-publish","5":"product_cat-politika-siyaset","6":"pa_cilt-ciltsiz","7":"pa_tur-kitap","8":"pa_yayinevi-orion-kitabevi","9":"pa_yazar-selahattin-erdogan","11":"first","12":"instock","13":"sale","14":"shipping-taxable","15":"purchasable","16":"product-type-simple"},"_links":{"self":[{"href":"https:\/\/roveyayinevi.com.tr\/index.php\/wp-json\/wp\/v2\/product\/765655","targetHints":{"allow":["GET"]}}],"collection":[{"href":"https:\/\/roveyayinevi.com.tr\/index.php\/wp-json\/wp\/v2\/product"}],"about":[{"href":"https:\/\/roveyayinevi.com.tr\/index.php\/wp-json\/wp\/v2\/types\/product"}],"wp:attachment":[{"href":"https:\/\/roveyayinevi.com.tr\/index.php\/wp-json\/wp\/v2\/media?parent=765655"}],"wp:term":[{"taxonomy":"product_brand","embeddable":true,"href":"https:\/\/roveyayinevi.com.tr\/index.php\/wp-json\/wp\/v2\/product_brand?post=765655"},{"taxonomy":"product_cat","embeddable":true,"href":"https:\/\/roveyayinevi.com.tr\/index.php\/wp-json\/wp\/v2\/product_cat?post=765655"},{"taxonomy":"product_tag","embeddable":true,"href":"https:\/\/roveyayinevi.com.tr\/index.php\/wp-json\/wp\/v2\/product_tag?post=765655"}],"curies":[{"name":"wp","href":"https:\/\/api.w.org\/{rel}","templated":true}]}}