{"id":765637,"date":"2025-08-28T11:47:43","date_gmt":"2025-08-28T08:47:43","guid":{"rendered":"https:\/\/roveyayinevi.com.tr\/index.php\/urun\/turk-siyasal-hayati\/"},"modified":"2026-04-15T03:31:32","modified_gmt":"2026-04-15T00:31:32","slug":"turk-siyasal-hayati","status":"publish","type":"product","link":"https:\/\/roveyayinevi.com.tr\/index.php\/urun\/turk-siyasal-hayati\/","title":{"rendered":"T\u00fcrk Siyasal Hayat\u0131"},"content":{"rendered":"<p>T\u00fcrk siyasal hayat\u0131, uzun tarihi ge\u00e7mi\u015fi ve ya\u015fananlar ile okunmas\u0131 zevkli, ihtiva etti\u011fi dersler itibariyle de \u00f6\u011frenilmesi zorunlu olaylarla doludur. \u00c7\u00fcnk\u00fc tarih, uluslann belle\u011fidir ve siyaset de en \u00f6nemli belirleyici unsur olarak her ko\u015fulda varl\u0131\u011f\u0131n\u0131 hissettirir.Elinizdeki eserde, T\u00fcrk siyasal hayat\u0131n\u0131n temel dinamikleri ve tarihsel s\u00fcre\u00e7 i\u00e7inde ge\u00e7irdi\u011fi evreler anlat\u0131lmaktad\u0131r. Hi\u00e7 ku\u015fku yok ki, siyaset ve y\u00f6netim anlay\u0131\u015f\u0131 ba\u011flam\u0131nda insano\u011flunun geldi\u011fi nokta itibariyle demokratik de\u011fer ve ilkeleri \u00f6nemsiyor olmas\u0131n\u0131n bir nedeni de uzun tarih bir m\u00fccadelenin verilmi\u015f olmas\u0131d\u0131r. Bu m\u00fccadeleye her toplumun ciddi katk\u0131 sa\u011flad\u0131\u011f\u0131n\u0131 s\u00f6ylemek ne derece do\u011fru de\u011filse, bir b\u00fct\u00fcn olarak bak\u0131ld\u0131\u011f\u0131nda T\u00fcrk siyasal ya\u015fam\u0131n\u0131n demokratik de\u011ferierden yoksun oldu\u011funu iddia etmek de o derece do\u011fru de\u011fildir.Nitekim, eski T\u00fcrk devletlerinde siyasal iktidara yard\u0131mc\u0131 olmu\u015f kurultaylan, Osmanl\u0131 Devleti&#8217;nin me\u015frutiyet giri\u015fimlerini veya Cumhuriyetli y\u0131llar\u0131n modernle\u015fme-demokratikle\u015fme s\u00fcrecine katk\u0131s\u0131n\u0131 g\u00f6rmezden gelemeyiz. Bu ba\u011flamda T\u00fcrk Siyasal Hayat\u0131 kitab\u0131, eski T\u00fcrk devletlerinden g\u00fcn\u00fcm\u00fcze iktidar alg\u0131s\u0131 ve siyaset anlay\u0131\u015f\u0131n\u0131 y\u00f6neten-y\u00f6netilen ekseninde ve sade bir dille anlatmay\u0131 hedeflemekte, bu kapsaml\u0131 tarihsel ge\u00e7mi\u015fi ve g\u00fcn\u00fcm\u00fcze etkileri konusundaki analizi ise m\u00fcmk\u00fcn oldu\u011funca okuyucuya b\u0131rakmaktad\u0131r.Modernle\u015fme kavram\u0131 veya sorunsal\u0131na odaklanan ve Bat\u0131 d\u0131\u015f\u0131 toplumlar\u0131 analize yeltenen yakla\u015f\u0131mlann T\u00fcrk siyasal hayat\u0131 s\u00f6z konusu oldu\u011funda ne ifade etti\u011finin anla\u015f\u0131lmas\u0131 da ayn bir \u00f6neme sahiptir. Siyasal m\u00fccadele ve tart\u0131\u015fmalar\u0131yla, devlet gelene\u011fi ve iktidar\u0131n \u015fekilleni\u015fiyle, toplumsal refleksleri ve uyumuyla, di\u011fer devletlerle sava\u015f\u0131 ve ban\u015f\u0131yla ve nihayet fikir d\u00fcnyas\u0131yla T\u00fcrk siyasal hayat\u0131n\u0131n kendine has dinamikler ihtiva etti\u011fini s\u00f6ylemek kayda de\u011ferdir.<\/p>\n","protected":false},"excerpt":{"rendered":"<p>T\u00fcrk siyasal hayat\u0131, uzun tarihi ge\u00e7mi\u015fi ve ya\u015fananlar ile okunmas\u0131 zevkli, ihtiva etti\u011fi dersler itibariyle de \u00f6\u011frenilmesi zorunlu olaylarla doludur. \u00c7\u00fcnk\u00fc tarih, uluslann belle\u011fidir ve siyaset<span class=\"excerpt-hellip\"> [\u2026]<\/span><\/p>\n","protected":false},"featured_media":0,"template":"","meta":{"_monsterinsights_skip_tracking":false,"_monsterinsights_sitenote_active":false,"_monsterinsights_sitenote_note":"","_monsterinsights_sitenote_category":0},"product_brand":[],"product_cat":[12337,14528],"product_tag":[],"class_list":{"0":"post-765637","1":"product","2":"type-product","3":"status-publish","5":"product_cat-politika-siyaset","6":"product_cat-siyaset-tarihi","7":"pa_cilt-ciltsiz","8":"pa_tur-kitap","9":"pa_yayinevi-orion-kitabevi","10":"pa_yazar-cagatay-okutan","12":"first","13":"instock","14":"sale","15":"shipping-taxable","16":"purchasable","17":"product-type-simple"},"_links":{"self":[{"href":"https:\/\/roveyayinevi.com.tr\/index.php\/wp-json\/wp\/v2\/product\/765637","targetHints":{"allow":["GET"]}}],"collection":[{"href":"https:\/\/roveyayinevi.com.tr\/index.php\/wp-json\/wp\/v2\/product"}],"about":[{"href":"https:\/\/roveyayinevi.com.tr\/index.php\/wp-json\/wp\/v2\/types\/product"}],"wp:attachment":[{"href":"https:\/\/roveyayinevi.com.tr\/index.php\/wp-json\/wp\/v2\/media?parent=765637"}],"wp:term":[{"taxonomy":"product_brand","embeddable":true,"href":"https:\/\/roveyayinevi.com.tr\/index.php\/wp-json\/wp\/v2\/product_brand?post=765637"},{"taxonomy":"product_cat","embeddable":true,"href":"https:\/\/roveyayinevi.com.tr\/index.php\/wp-json\/wp\/v2\/product_cat?post=765637"},{"taxonomy":"product_tag","embeddable":true,"href":"https:\/\/roveyayinevi.com.tr\/index.php\/wp-json\/wp\/v2\/product_tag?post=765637"}],"curies":[{"name":"wp","href":"https:\/\/api.w.org\/{rel}","templated":true}]}}