{"id":765636,"date":"2025-08-28T11:47:42","date_gmt":"2025-08-28T08:47:42","guid":{"rendered":"https:\/\/roveyayinevi.com.tr\/index.php\/urun\/turk-milliyetciligi-ve-mhp\/"},"modified":"2026-04-15T03:31:32","modified_gmt":"2026-04-15T00:31:32","slug":"turk-milliyetciligi-ve-mhp","status":"publish","type":"product","link":"https:\/\/roveyayinevi.com.tr\/index.php\/urun\/turk-milliyetciligi-ve-mhp\/","title":{"rendered":"T\u00fcrk Milliyet\u00e7ili\u011fi ve MHP"},"content":{"rendered":"<p>Farkl\u0131 tonlar\u0131yla da olsa milliyet\u00e7ilik her zaman tart\u0131\u015f\u0131lan, a\u011f\u0131rl\u0131\u011f\u0131 olan ve siyasal olaylar\u0131 etkileyen bir ideoloji niteli\u011fi ta\u015f\u0131maktad\u0131r .T\u00fcrk milliyet\u00e7ili\u011fi ideolojisi, Milliyet\u00e7i Hareket Partisi&#8217;nin kurulmas\u0131yla, bir siyasal partinin temel ideolojisi haline gelmi\u015ftir. MHP, siyasal hayat i\u00e7erisinde T\u00fcrk siyasal ya\u015fam\u0131n\u0131n bir\u00e7ok a\u015famas\u0131nda etkin olmu\u015f, h\u00fck\u00fcmetlerin kurulu\u015funda belirleyici konuma gelmi\u015ftir. Bu nedenle MHP, sa\u011f siyasal partiler i\u00e7inde sahip oldu\u011fu ideoloji, partiyi destekleyen dinamik gen\u00e7lik \u00f6rg\u00fctleri ve \u00f6rg\u00fctsel yap\u0131s\u0131yla kendisine \u00f6zg\u00fc nitelikler sergileyen bir siyasal parti niteli\u011fini ta\u015f\u0131maktad\u0131r. Bu kitap milliyet\u00e7ilik yakla\u015f\u0131mlar\u0131n\u0131 ve farkl\u0131 toplumlardaki milliyet\u00e7i ideolojinin olu\u015fum s\u00fcre\u00e7lerine dikkat \u00e7ektikten sonra T\u00fcrk toplumundaki milliyet\u00e7i yap\u0131lanmalar\u0131 ele almaktad\u0131r. Osmanl\u0131 Devletin&#8217;de T\u00fcrk milliyet\u00e7ili\u011finin nas\u0131l olu\u015ftu\u011fu, Kurtulu\u015f Sava\u015f\u0131nda ve cumhuriyetin kurulu\u015f a\u015famalar\u0131nda T\u00fcrk milliyet\u00e7ili\u011finin etkisi incelenmektedir . Son b\u00f6l\u00fcmde de kuru\u015fundan g\u00fcn\u00fcm\u00fcze kadar MHP&#8217;nin siyasal hayat i\u00e7indeki ser\u00fcveni ayr\u0131nt\u0131l\u0131 olarak ele al\u0131nmaktad\u0131r.<\/p>\n","protected":false},"excerpt":{"rendered":"<p>Farkl\u0131 tonlar\u0131yla da olsa milliyet\u00e7ilik her zaman tart\u0131\u015f\u0131lan, a\u011f\u0131rl\u0131\u011f\u0131 olan ve siyasal olaylar\u0131 etkileyen bir ideoloji niteli\u011fi ta\u015f\u0131maktad\u0131r .T\u00fcrk milliyet\u00e7ili\u011fi ideolojisi, Milliyet\u00e7i Hareket Partisi&#8217;nin kurulmas\u0131yla, bir<span class=\"excerpt-hellip\"> [\u2026]<\/span><\/p>\n","protected":false},"featured_media":0,"template":"","meta":{"_monsterinsights_skip_tracking":false,"_monsterinsights_sitenote_active":false,"_monsterinsights_sitenote_note":"","_monsterinsights_sitenote_category":0},"product_brand":[],"product_cat":[13590,12337],"product_tag":[],"class_list":{"0":"post-765636","1":"product","2":"type-product","3":"status-publish","5":"product_cat-arastirma-inceleme-politika-siyaset","6":"product_cat-politika-siyaset","7":"pa_cilt-ciltsiz","8":"pa_tur-kitap","9":"pa_yayinevi-orion-kitabevi","10":"pa_yazar-turgay-uzun","12":"first","13":"instock","14":"sale","15":"shipping-taxable","16":"purchasable","17":"product-type-simple"},"_links":{"self":[{"href":"https:\/\/roveyayinevi.com.tr\/index.php\/wp-json\/wp\/v2\/product\/765636","targetHints":{"allow":["GET"]}}],"collection":[{"href":"https:\/\/roveyayinevi.com.tr\/index.php\/wp-json\/wp\/v2\/product"}],"about":[{"href":"https:\/\/roveyayinevi.com.tr\/index.php\/wp-json\/wp\/v2\/types\/product"}],"wp:attachment":[{"href":"https:\/\/roveyayinevi.com.tr\/index.php\/wp-json\/wp\/v2\/media?parent=765636"}],"wp:term":[{"taxonomy":"product_brand","embeddable":true,"href":"https:\/\/roveyayinevi.com.tr\/index.php\/wp-json\/wp\/v2\/product_brand?post=765636"},{"taxonomy":"product_cat","embeddable":true,"href":"https:\/\/roveyayinevi.com.tr\/index.php\/wp-json\/wp\/v2\/product_cat?post=765636"},{"taxonomy":"product_tag","embeddable":true,"href":"https:\/\/roveyayinevi.com.tr\/index.php\/wp-json\/wp\/v2\/product_tag?post=765636"}],"curies":[{"name":"wp","href":"https:\/\/api.w.org\/{rel}","templated":true}]}}