{"id":765632,"date":"2025-08-28T11:47:37","date_gmt":"2025-08-28T08:47:37","guid":{"rendered":"https:\/\/roveyayinevi.com.tr\/index.php\/urun\/turk-dis-politikasinda-dusunce-kuruluslari\/"},"modified":"2026-04-15T03:31:31","modified_gmt":"2026-04-15T00:31:31","slug":"turk-dis-politikasinda-dusunce-kuruluslari","status":"publish","type":"product","link":"https:\/\/roveyayinevi.com.tr\/index.php\/urun\/turk-dis-politikasinda-dusunce-kuruluslari\/","title":{"rendered":"T\u00fcrk D\u0131\u015f Politikas\u0131nda D\u00fc\u015f\u00fcnce Kurulu\u015flar\u0131"},"content":{"rendered":"<p>G\u00fcn\u00fcm\u00fczdeki tan\u0131mlamayla an\u0131lmalar\u0131 ilk kez 1990l\u0131 y\u0131llarla olsa da d\u00fc\u015f\u00fcnce kurulu\u015flar\u0131 \u00e7ok daha \u00f6nceleri \u00fclkemizde var olmu\u015ftur. S\u00f6z konusu d\u00f6nemlerde bu kurulu\u015flar merkezi h\u00fck\u00fcmet ile yak\u0131n i\u015f birli\u011fi i\u00e7inde hareket etmi\u015ftir. Hatta 12 Eyl\u00fcl 1980 askeri darbesi sonras\u0131 milletvekili heyeti g\u00f6nderilemedi\u011fi bir d\u00f6nemde S\u0130SAV mensuplar\u0131ndan olu\u015fa bir heyet, Avrupa Konseyi Parlamenter Meclisi (AKPM) toplant\u0131lar\u0131na kat\u0131larak T\u00fcrkiye\u2019yi temsil etmi\u015ftir. T\u00fcrkiye\u2019nin ilk d\u00fc\u015f\u00fcnce kurulu\u015flar\u0131 hangileridir? Hangi stat\u00fcde kurulmu\u015f ve hangi alanlarda faaliyet y\u00fcr\u00fctm\u00fc\u015flerdir? \u0130lk d\u00fc\u015f\u00fcnce kurulu\u015flar\u0131na kimler \u00f6nc\u00fc olmu\u015ftur? Neden 1960l\u0131 y\u0131llardan itibaren kurulmaya ba\u015flanm\u0131\u015ft\u0131r? Bu kurulu\u015flar\u0131n farkl\u0131 kurulu\u015flarla ili\u015fkileri nas\u0131l olmu\u015ftur? T\u00fcrk d\u0131\u015f politikas\u0131na etkileri ne \u00f6l\u00e7\u00fcde olmu\u015f ve t\u00fcm bunlar g\u00fcn\u00fcm\u00fcz d\u00fc\u015f\u00fcnce kurulu\u015fu k\u00fclt\u00fcr\u00fcn\u00fc nas\u0131l \u015fekillendirmi\u015ftir? \u00dclkemizde bu tip kurulu\u015flar\u0131n etkinli\u011fi i\u00e7in gerekli olan unsurlar nelerdir? Sorular\u0131na ve daha fazlas\u0131na cevap bulunabilece\u011finiz; bu kez Prof. Dr. H\u00fcseyin Ba\u011fc\u0131\u2019n\u0131n \u00f6ns\u00f6z\u00fcyle \u00e7\u0131kan alan\u0131nda ilk bu kitab\u0131n muhteviyat\u0131, ge\u00e7mi\u015ften g\u00fcn\u00fcm\u00fcze gelinen nokta i\u00e7in bir tespit niteli\u011finde olurken ayn\u0131 zamanda bir gelecek perspektifi sunmay\u0131 hedeflemi\u015ftir.<\/p>\n","protected":false},"excerpt":{"rendered":"<p>G\u00fcn\u00fcm\u00fczdeki tan\u0131mlamayla an\u0131lmalar\u0131 ilk kez 1990l\u0131 y\u0131llarla olsa da d\u00fc\u015f\u00fcnce kurulu\u015flar\u0131 \u00e7ok daha \u00f6nceleri \u00fclkemizde var olmu\u015ftur. S\u00f6z konusu d\u00f6nemlerde bu kurulu\u015flar merkezi h\u00fck\u00fcmet ile yak\u0131n<span class=\"excerpt-hellip\"> [\u2026]<\/span><\/p>\n","protected":false},"featured_media":0,"template":"","meta":{"_monsterinsights_skip_tracking":false,"_monsterinsights_sitenote_active":false,"_monsterinsights_sitenote_note":"","_monsterinsights_sitenote_category":0},"product_brand":[],"product_cat":[13590,12337],"product_tag":[],"class_list":{"0":"post-765632","1":"product","2":"type-product","3":"status-publish","5":"product_cat-arastirma-inceleme-politika-siyaset","6":"product_cat-politika-siyaset","7":"pa_cilt-ciltsiz","8":"pa_tur-kitap","9":"pa_yayinevi-orion-kitabevi","10":"pa_yazar-kenan-arpacioglu","12":"first","13":"instock","14":"sale","15":"shipping-taxable","16":"purchasable","17":"product-type-simple"},"_links":{"self":[{"href":"https:\/\/roveyayinevi.com.tr\/index.php\/wp-json\/wp\/v2\/product\/765632","targetHints":{"allow":["GET"]}}],"collection":[{"href":"https:\/\/roveyayinevi.com.tr\/index.php\/wp-json\/wp\/v2\/product"}],"about":[{"href":"https:\/\/roveyayinevi.com.tr\/index.php\/wp-json\/wp\/v2\/types\/product"}],"wp:attachment":[{"href":"https:\/\/roveyayinevi.com.tr\/index.php\/wp-json\/wp\/v2\/media?parent=765632"}],"wp:term":[{"taxonomy":"product_brand","embeddable":true,"href":"https:\/\/roveyayinevi.com.tr\/index.php\/wp-json\/wp\/v2\/product_brand?post=765632"},{"taxonomy":"product_cat","embeddable":true,"href":"https:\/\/roveyayinevi.com.tr\/index.php\/wp-json\/wp\/v2\/product_cat?post=765632"},{"taxonomy":"product_tag","embeddable":true,"href":"https:\/\/roveyayinevi.com.tr\/index.php\/wp-json\/wp\/v2\/product_tag?post=765632"}],"curies":[{"name":"wp","href":"https:\/\/api.w.org\/{rel}","templated":true}]}}