{"id":765629,"date":"2025-08-28T11:47:27","date_gmt":"2025-08-28T08:47:27","guid":{"rendered":"https:\/\/roveyayinevi.com.tr\/index.php\/urun\/tum-yonleriyle-is-kanununda-kidem-tazminati\/"},"modified":"2026-04-15T03:31:31","modified_gmt":"2026-04-15T00:31:31","slug":"tum-yonleriyle-is-kanununda-kidem-tazminati","status":"publish","type":"product","link":"https:\/\/roveyayinevi.com.tr\/index.php\/urun\/tum-yonleriyle-is-kanununda-kidem-tazminati\/","title":{"rendered":"T\u00fcm Y\u00f6nleriyle \u0130\u015f Kanununda K\u0131dem Tazminat\u0131"},"content":{"rendered":"<p>\u015f Mevzuat\u0131nda K\u0131dem Tazminat\u0131 Vergi Mevzuat\u0131nda K\u0131dem Tazminat\u0131 \u00c7al\u0131\u015fma ve Sosyal G\u00fcvenlik Bakanl\u0131\u011f\u0131 ile Mahkeme Nezdinde K\u0131dem Tazminat\u0131 \u0130htilaflar\u0131n\u0131n \u00c7\u00f6z\u00fcm\u00fc Sosyal Sigortalar Kanunu Y\u00f6n\u00fcnden K\u0131dem Tazminat\u0131 K\u0131dem Tazminat\u0131n\u0131n Sigorta Ettirilip Ettirilmeyece\u011fi K\u0131dem Tazminat\u0131 Fonu K\u0131dem Tazminat\u0131 ile \u0130lgili Mevzuat<\/p>\n","protected":false},"excerpt":{"rendered":"<p>\u015f Mevzuat\u0131nda K\u0131dem Tazminat\u0131 Vergi Mevzuat\u0131nda K\u0131dem Tazminat\u0131 \u00c7al\u0131\u015fma ve Sosyal G\u00fcvenlik Bakanl\u0131\u011f\u0131 ile Mahkeme Nezdinde K\u0131dem Tazminat\u0131 \u0130htilaflar\u0131n\u0131n \u00c7\u00f6z\u00fcm\u00fc Sosyal Sigortalar Kanunu Y\u00f6n\u00fcnden K\u0131dem Tazminat\u0131<span class=\"excerpt-hellip\"> [\u2026]<\/span><\/p>\n","protected":false},"featured_media":0,"template":"","meta":{"_monsterinsights_skip_tracking":false,"_monsterinsights_sitenote_active":false,"_monsterinsights_sitenote_note":"","_monsterinsights_sitenote_category":0},"product_brand":[],"product_cat":[15351,15350],"product_tag":[],"class_list":{"0":"post-765629","1":"product","2":"type-product","3":"status-publish","5":"product_cat-ders-kitaplari","6":"product_cat-hukuk","7":"pa_cilt-ciltsiz","8":"pa_tur-kitap","9":"pa_yayinevi-orion-kitabevi","10":"pa_yazar-mustafa-colak","12":"first","13":"instock","14":"sale","15":"shipping-taxable","16":"purchasable","17":"product-type-simple"},"_links":{"self":[{"href":"https:\/\/roveyayinevi.com.tr\/index.php\/wp-json\/wp\/v2\/product\/765629","targetHints":{"allow":["GET"]}}],"collection":[{"href":"https:\/\/roveyayinevi.com.tr\/index.php\/wp-json\/wp\/v2\/product"}],"about":[{"href":"https:\/\/roveyayinevi.com.tr\/index.php\/wp-json\/wp\/v2\/types\/product"}],"wp:attachment":[{"href":"https:\/\/roveyayinevi.com.tr\/index.php\/wp-json\/wp\/v2\/media?parent=765629"}],"wp:term":[{"taxonomy":"product_brand","embeddable":true,"href":"https:\/\/roveyayinevi.com.tr\/index.php\/wp-json\/wp\/v2\/product_brand?post=765629"},{"taxonomy":"product_cat","embeddable":true,"href":"https:\/\/roveyayinevi.com.tr\/index.php\/wp-json\/wp\/v2\/product_cat?post=765629"},{"taxonomy":"product_tag","embeddable":true,"href":"https:\/\/roveyayinevi.com.tr\/index.php\/wp-json\/wp\/v2\/product_tag?post=765629"}],"curies":[{"name":"wp","href":"https:\/\/api.w.org\/{rel}","templated":true}]}}