{"id":765617,"date":"2025-08-28T11:47:12","date_gmt":"2025-08-28T08:47:12","guid":{"rendered":"https:\/\/roveyayinevi.com.tr\/index.php\/urun\/stratejik-ortaklik-kavrami-baglaminda-israil-azerbaycan-iliskileri\/"},"modified":"2026-04-15T03:31:31","modified_gmt":"2026-04-15T00:31:31","slug":"stratejik-ortaklik-kavrami-baglaminda-israil-azerbaycan-iliskileri","status":"publish","type":"product","link":"https:\/\/roveyayinevi.com.tr\/index.php\/urun\/stratejik-ortaklik-kavrami-baglaminda-israil-azerbaycan-iliskileri\/","title":{"rendered":"Stratejik Ortakl\u0131k Kavram\u0131 Ba\u011flam\u0131nda \u0130srail Azerbaycan \u0130li\u015fkileri"},"content":{"rendered":"<p>1991&#8217;de Sovyetler Birli\u011fi&#8217;nin \u00e7\u00f6kmesi ile Azerbaycan&#8217;\u0131n ba\u011f\u0131ms\u0131zl\u0131\u011f\u0131n\u0131 kazanmas\u0131 \u0130srail i\u00e7in \u00f6nemli f\u0131rsatlar sunmu\u015ftur. \u00d6ncelikle ihtiya\u00e7 duydu\u011fu enerjinin neredeyse tamam\u0131n\u0131 d\u0131\u015far\u0131dan sa\u011flayan \u0130srail i\u00e7in Azerbaycan ithalat \u00e7e\u015fitlili\u011fini sa\u011flayaca\u011f\u0131 en uygun \u00fclkelerden biri olmas\u0131n\u0131n yan\u0131 s\u0131ra en b\u00fcy\u00fck d\u00fc\u015fman\u0131 olarak g\u00f6rd\u00fc\u00fc \u0130ran&#8217;a kom\u015fu olmas\u0131 a\u00e7\u0131s\u0131ndan da olduk\u00e7a \u00f6nemli bir \u00fclkedir. Bununla birlikte \u0130srail; \u00f6zellikle SSCB&#8217;nin \u00e7\u00f6kmesi ile ba\u011f\u0131ms\u0131zl\u0131\u011f\u0131n\u0131 kazanm\u0131\u015f M\u00fcsl\u00fcman \u00fclkelere de Azerbaycan ile s\u00fcrd\u00fcrd\u00fc\u011f\u00fc ili\u015fkiyi olumlu bir &#8220;model&#8221; olarak sunma \u015fans\u0131n\u0131 elde etmektedir.Azerbaycan ise, \u0130srail&#8217;i \u00f6zellikle Ermenistan ile yapt\u0131\u011f\u0131 sava\u015fta silah tedarik edebilece\u011fi ve Yahudi lobisi vas\u0131tas\u0131yla ABD&#8217;nin deste\u011fini alabilece\u011fi bir \u00fclke olarak g\u00f6rmektedir. Ba\u015fta ABD olmak \u00fczere Bat\u0131l\u0131 \u00fclkelerdeki Ermeni Lobisi&#8217;nin etkin g\u00fcc\u00fc dikkate al\u0131nd\u0131\u011f\u0131nda, Azerbaycan&#8217;\u0131n bu politikas\u0131n\u0131n rasyonel gerek\u00e7elerle uyumlu oldu\u011funu s\u00f6ylemek m\u00fcmk\u00fcnd\u00fcr. Bat\u0131 d\u00fcnyas\u0131n\u0131n bir anlamda \u00f6rt\u00fcl\u00fc silah ambargosuna tabi olan Azerbaycan&#8217;a \u0130srail&#8217;in ba\u011f\u0131ms\u0131zl\u0131ktan \u00f6nce de silah satmas\u0131 Azeri kamuoyunda \u0130srail&#8217;e olan sempatiyi artt\u0131rmaktad\u0131r. Ermenistan ile devam eden \u00e7at\u0131\u015fmada Rusya ve \u0130ran&#8217;\u0131n ve hatta Bat\u0131&#8217;n\u0131n Erivan&#8217;\u0131 desteklemesine kar\u015f\u0131n, Azerbaycan b\u00fcy\u00fck oranda T\u00fcrkiye&#8217;den destek alabilmi\u015ftir. Ancak T\u00fcrkiye&#8217;nin silah teknolojisinin \u00e7ok geli\u015fmemi\u015f olmas\u0131, verebilece\u011fi deste\u011fin s\u0131n\u0131rl\u0131 olmas\u0131; Azerbaycan&#8217;\u0131n \u0130srail&#8217;e yak\u0131nla\u015fmas\u0131nda \u00e7ok \u00f6nemli bir etken olmu\u015ftur.<\/p>\n","protected":false},"excerpt":{"rendered":"<p>1991&#8217;de Sovyetler Birli\u011fi&#8217;nin \u00e7\u00f6kmesi ile Azerbaycan&#8217;\u0131n ba\u011f\u0131ms\u0131zl\u0131\u011f\u0131n\u0131 kazanmas\u0131 \u0130srail i\u00e7in \u00f6nemli f\u0131rsatlar sunmu\u015ftur. \u00d6ncelikle ihtiya\u00e7 duydu\u011fu enerjinin neredeyse tamam\u0131n\u0131 d\u0131\u015far\u0131dan sa\u011flayan \u0130srail i\u00e7in Azerbaycan ithalat \u00e7e\u015fitlili\u011fini<span class=\"excerpt-hellip\"> [\u2026]<\/span><\/p>\n","protected":false},"featured_media":0,"template":"","meta":{"_monsterinsights_skip_tracking":false,"_monsterinsights_sitenote_active":false,"_monsterinsights_sitenote_note":"","_monsterinsights_sitenote_category":0},"product_brand":[],"product_cat":[12337],"product_tag":[],"class_list":{"0":"post-765617","1":"product","2":"type-product","3":"status-publish","5":"product_cat-politika-siyaset","6":"pa_cilt-ciltsiz","7":"pa_tur-kitap","8":"pa_yayinevi-orion-kitabevi","9":"pa_yazar-esme-ozdasli","11":"first","12":"instock","13":"sale","14":"shipping-taxable","15":"purchasable","16":"product-type-simple"},"_links":{"self":[{"href":"https:\/\/roveyayinevi.com.tr\/index.php\/wp-json\/wp\/v2\/product\/765617","targetHints":{"allow":["GET"]}}],"collection":[{"href":"https:\/\/roveyayinevi.com.tr\/index.php\/wp-json\/wp\/v2\/product"}],"about":[{"href":"https:\/\/roveyayinevi.com.tr\/index.php\/wp-json\/wp\/v2\/types\/product"}],"wp:attachment":[{"href":"https:\/\/roveyayinevi.com.tr\/index.php\/wp-json\/wp\/v2\/media?parent=765617"}],"wp:term":[{"taxonomy":"product_brand","embeddable":true,"href":"https:\/\/roveyayinevi.com.tr\/index.php\/wp-json\/wp\/v2\/product_brand?post=765617"},{"taxonomy":"product_cat","embeddable":true,"href":"https:\/\/roveyayinevi.com.tr\/index.php\/wp-json\/wp\/v2\/product_cat?post=765617"},{"taxonomy":"product_tag","embeddable":true,"href":"https:\/\/roveyayinevi.com.tr\/index.php\/wp-json\/wp\/v2\/product_tag?post=765617"}],"curies":[{"name":"wp","href":"https:\/\/api.w.org\/{rel}","templated":true}]}}