{"id":765612,"date":"2025-08-28T11:47:06","date_gmt":"2025-08-28T08:47:06","guid":{"rendered":"https:\/\/roveyayinevi.com.tr\/index.php\/urun\/sosyal-kavramlar-ansiklopedisi\/"},"modified":"2026-04-15T03:31:31","modified_gmt":"2026-04-15T00:31:31","slug":"sosyal-kavramlar-ansiklopedisi","status":"publish","type":"product","link":"https:\/\/roveyayinevi.com.tr\/index.php\/urun\/sosyal-kavramlar-ansiklopedisi\/","title":{"rendered":"Sosyal Kavramlar Ansiklopedisi"},"content":{"rendered":"<p>G\u00fcn\u00fcm\u00fczde sosyal kavramlar alan\u0131nda \u00f6nemli bir karga\u015fa ya\u015fanmaktad\u0131r. Bilimsel alanda ya\u015fanan bu kavram karga\u015fas\u0131 bir\u00e7ok yanl\u0131\u015f anla\u015f\u0131lmaya yol a\u00e7abilir. Bu y\u00fczden sosyal bilimler alan\u0131nda kavramlar\u0131 do\u011fru ve yerinde kullanmak bilimsel ilerlemenin geli\u015fmesi a\u00e7\u0131s\u0131ndan b\u00fcy\u00fck bir \u00f6nem arz etu0002mektedir. Daha geni\u015f bir bak\u0131\u015f a\u00e7\u0131s\u0131 yakalayan ve genellikle bir veya iki kelimeden olu\u015fan fikirlere kavram denir. Adalet, refah, politika, devlet ve daha fazu0002las\u0131 kavramlara \u00f6rnektir ve sosyal bilimcilerin karma\u015f\u0131k geli\u015fmelere at\u0131fta bulundu\u011fu unsurlard\u0131r. Bir ara\u015ft\u0131rmac\u0131n\u0131n bulgular\u0131n\u0131 anla\u015f\u0131l\u0131r bir bi\u00e7imde sunmas\u0131 i\u00e7in gerekli kavramlar\u0131 bilmesi ve kullanmas\u0131 gereklidir. Ayr\u0131ca okuyucu da kavramlara h\u00e2kim oldu\u011fu s\u00fcrece ger\u00e7ek bilgiye ula\u015fabileceku0002tir. Di\u011fer bir \u00f6nemli nokta, sosyal bilimler literat\u00fcr\u00fcn\u00fcn bir tart\u0131\u015fma olarak anla\u015f\u0131lmas\u0131 gerekti\u011fidir ve bu tart\u0131\u015fma b\u00fcy\u00fck \u00f6l\u00e7\u00fcde farkl\u0131 yazarlar\u0131n kavu0002ramlar\u0131 hangi farkl\u0131 \u015fekillerde kulland\u0131klar\u0131 ile ilgilidir. Ba\u015fka bir ifade ile kavramlar\u0131 yerli yerinde kullanmak \u00f6nemlidir. Dolay\u0131s\u0131yla sosyal-bilimsel literat\u00fcr\u00fc nihai bir hakikat i\u00e7eren bir b\u00fct\u00fcn olarak g\u00f6rmemek gerekir. Bu ama\u00e7la sosyal alanda \u00e7al\u0131\u015fan bilim insanlar\u0131na yard\u0131mc\u0131 olmay\u0131 g\u00f6rev ediu0002nen bu \u00e7al\u0131\u015fma, gen\u00e7 ara\u015ft\u0131rmac\u0131lar taraf\u0131ndan yaz\u0131lan yakla\u015f\u0131k 112 sosyal kavramdan olu\u015fmaktad\u0131r ve her bir kavram \u00f6zenle a\u00e7\u0131klanm\u0131\u015ft\u0131r.<\/p>\n","protected":false},"excerpt":{"rendered":"<p>G\u00fcn\u00fcm\u00fczde sosyal kavramlar alan\u0131nda \u00f6nemli bir karga\u015fa ya\u015fanmaktad\u0131r. Bilimsel alanda ya\u015fanan bu kavram karga\u015fas\u0131 bir\u00e7ok yanl\u0131\u015f anla\u015f\u0131lmaya yol a\u00e7abilir. Bu y\u00fczden sosyal bilimler alan\u0131nda kavramlar\u0131 do\u011fru<span class=\"excerpt-hellip\"> [\u2026]<\/span><\/p>\n","protected":false},"featured_media":0,"template":"","meta":{"_monsterinsights_skip_tracking":false,"_monsterinsights_sitenote_active":false,"_monsterinsights_sitenote_note":"","_monsterinsights_sitenote_category":0},"product_brand":[],"product_cat":[14787,13488],"product_tag":[],"class_list":{"0":"post-765612","1":"product","2":"type-product","3":"status-publish","5":"product_cat-diger-toplum-ve-insan","6":"product_cat-toplum-ve-insan","7":"pa_cilt-ciltsiz","8":"pa_tur-kitap","9":"pa_yayinevi-orion-kitabevi","10":"pa_yazar-emine-elif-ayhan","12":"first","13":"instock","14":"sale","15":"shipping-taxable","16":"purchasable","17":"product-type-simple"},"_links":{"self":[{"href":"https:\/\/roveyayinevi.com.tr\/index.php\/wp-json\/wp\/v2\/product\/765612","targetHints":{"allow":["GET"]}}],"collection":[{"href":"https:\/\/roveyayinevi.com.tr\/index.php\/wp-json\/wp\/v2\/product"}],"about":[{"href":"https:\/\/roveyayinevi.com.tr\/index.php\/wp-json\/wp\/v2\/types\/product"}],"wp:attachment":[{"href":"https:\/\/roveyayinevi.com.tr\/index.php\/wp-json\/wp\/v2\/media?parent=765612"}],"wp:term":[{"taxonomy":"product_brand","embeddable":true,"href":"https:\/\/roveyayinevi.com.tr\/index.php\/wp-json\/wp\/v2\/product_brand?post=765612"},{"taxonomy":"product_cat","embeddable":true,"href":"https:\/\/roveyayinevi.com.tr\/index.php\/wp-json\/wp\/v2\/product_cat?post=765612"},{"taxonomy":"product_tag","embeddable":true,"href":"https:\/\/roveyayinevi.com.tr\/index.php\/wp-json\/wp\/v2\/product_tag?post=765612"}],"curies":[{"name":"wp","href":"https:\/\/api.w.org\/{rel}","templated":true}]}}