{"id":765607,"date":"2025-08-28T11:47:00","date_gmt":"2025-08-28T08:47:00","guid":{"rendered":"https:\/\/roveyayinevi.com.tr\/index.php\/urun\/siyasette-guncel-paradigmalar\/"},"modified":"2026-04-15T03:31:31","modified_gmt":"2026-04-15T00:31:31","slug":"siyasette-guncel-paradigmalar","status":"publish","type":"product","link":"https:\/\/roveyayinevi.com.tr\/index.php\/urun\/siyasette-guncel-paradigmalar\/","title":{"rendered":"Siyasette G\u00fcncel Paradigmalar"},"content":{"rendered":"<p>Siyaset hayatlar\u0131m\u0131z\u0131 her alanda ku\u015fatmaya devam etmektedir. G\u00fcnl\u00fck hayat i\u00e7erisinde tercihlerimiz, kararlar\u0131m\u0131z kendi irademiz d\u0131\u015f\u0131nda siyasal y\u00f6r\u00fcnge i\u00e7erisinde bir\u00e7ok etkenin etkisi alt\u0131ndad\u0131r. K\u00fcreselle\u015fme ve dijital \u00e7a\u011f\u0131n etkisiyle her \u015fey de oldu\u011fu gibi siyasette de \u00f6nemli d\u00f6n\u00fc\u015f\u00fcmler ya\u015fanm\u0131\u015ft\u0131r. B\u00f6ylelikle siyaset i\u00e7erisindeki \u00f6nemli konular ve akt\u00f6rler farkl\u0131la\u015fm\u0131\u015ft\u0131r. Daha etkili ve m\u00fcdahaleci bir devlet anlay\u0131\u015f\u0131 ortaya \u00e7\u0131km\u0131\u015ft\u0131r.Liberal demokratik devletlerde devletin rol\u00fc klasik anlay\u0131\u015f\u0131n \u00f6tesine ge\u00e7erek daha kapsay\u0131c\u0131 hale gelmi\u015ftir. \u00d6te yandan dijital \u00e7a\u011f\u0131n sundu\u011fu f\u0131rsatlar\u0131n tad\u0131n\u0131 \u00e7\u0131karan bireyler, kar\u015f\u0131la\u015ft\u0131klar\u0131 g\u00fcvenlik ve gizlilik sorunlar\u0131yla y\u00fczle\u015fmeye ba\u015flam\u0131\u015flar, daha makro d\u00fczeyde ise kaotik sorunlar ba\u015f g\u00f6stermi\u015ftir. Klasik ve modern \u00e7a\u011f\u0131n demokrasi kuramlar\u0131na ise algoritmik \u00e7a\u011f\u0131n getirisi olarak, algoritmik bir demokrasi temas\u0131 eklenmi\u015ftir. Neo liberal politikalar 21. Y\u00fczy\u0131lda \u00e7ok\u00e7a \u00fczerinde durulan ekonomi politik vizyonu yans\u0131tmaktad\u0131r. Kitap t\u00fcm bu de\u011fi\u015fim ve d\u00f6n\u00fc\u015f\u00fcmleri siyasi bir \u00e7er\u00e7evede devlet, demokrasi, toplumsal yap\u0131 gibi temel ta\u015flar \u00fczerinden de\u011ferlendirmektedir.Ayr\u0131ca klasik siyaset konular\u0131n\u0131 21. Y\u00fczy\u0131l geli\u015fmeleri ile birlikte g\u00f6rmek isteyen okuyucuya, dijital d\u00f6n\u00fc\u015f\u00fcm ve sonras\u0131ndaki geli\u015fmelerin bir harman\u0131n\u0131 sunmaktad\u0131r.<\/p>\n","protected":false},"excerpt":{"rendered":"<p>Siyaset hayatlar\u0131m\u0131z\u0131 her alanda ku\u015fatmaya devam etmektedir. G\u00fcnl\u00fck hayat i\u00e7erisinde tercihlerimiz, kararlar\u0131m\u0131z kendi irademiz d\u0131\u015f\u0131nda siyasal y\u00f6r\u00fcnge i\u00e7erisinde bir\u00e7ok etkenin etkisi alt\u0131ndad\u0131r. K\u00fcreselle\u015fme ve dijital \u00e7a\u011f\u0131n<span class=\"excerpt-hellip\"> [\u2026]<\/span><\/p>\n","protected":false},"featured_media":0,"template":"","meta":{"_monsterinsights_skip_tracking":false,"_monsterinsights_sitenote_active":false,"_monsterinsights_sitenote_note":"","_monsterinsights_sitenote_category":0},"product_brand":[],"product_cat":[31194,12337],"product_tag":[],"class_list":{"0":"post-765607","1":"product","2":"type-product","3":"status-publish","5":"product_cat-guncel-siyaset","6":"product_cat-politika-siyaset","7":"pa_cilt-ciltsiz","8":"pa_tur-kitap","9":"pa_yayinevi-orion-kitabevi","10":"pa_yazar-ummuhan-kaygisiz","12":"first","13":"instock","14":"sale","15":"shipping-taxable","16":"purchasable","17":"product-type-simple"},"_links":{"self":[{"href":"https:\/\/roveyayinevi.com.tr\/index.php\/wp-json\/wp\/v2\/product\/765607","targetHints":{"allow":["GET"]}}],"collection":[{"href":"https:\/\/roveyayinevi.com.tr\/index.php\/wp-json\/wp\/v2\/product"}],"about":[{"href":"https:\/\/roveyayinevi.com.tr\/index.php\/wp-json\/wp\/v2\/types\/product"}],"wp:attachment":[{"href":"https:\/\/roveyayinevi.com.tr\/index.php\/wp-json\/wp\/v2\/media?parent=765607"}],"wp:term":[{"taxonomy":"product_brand","embeddable":true,"href":"https:\/\/roveyayinevi.com.tr\/index.php\/wp-json\/wp\/v2\/product_brand?post=765607"},{"taxonomy":"product_cat","embeddable":true,"href":"https:\/\/roveyayinevi.com.tr\/index.php\/wp-json\/wp\/v2\/product_cat?post=765607"},{"taxonomy":"product_tag","embeddable":true,"href":"https:\/\/roveyayinevi.com.tr\/index.php\/wp-json\/wp\/v2\/product_tag?post=765607"}],"curies":[{"name":"wp","href":"https:\/\/api.w.org\/{rel}","templated":true}]}}