{"id":765599,"date":"2025-08-28T11:46:50","date_gmt":"2025-08-28T08:46:50","guid":{"rendered":"https:\/\/roveyayinevi.com.tr\/index.php\/urun\/sivil-toplum-ve-devlet\/"},"modified":"2026-04-15T03:31:31","modified_gmt":"2026-04-15T00:31:31","slug":"sivil-toplum-ve-devlet","status":"publish","type":"product","link":"https:\/\/roveyayinevi.com.tr\/index.php\/urun\/sivil-toplum-ve-devlet\/","title":{"rendered":"Sivil Toplum ve Devlet"},"content":{"rendered":"<p>Ge\u00e7ti\u011fimiz y\u00fczy\u0131llar, uluslar\u0131n ve ulus devletlerin tarih sahnesine \u00e7\u0131kt\u0131\u011f\u0131 ve geli\u015fti\u011fi d\u00f6nemlerdi. Modernle\u015fme s\u00fcreciyle birlikte her t\u00fcr grup ve lokal aidiyet ve kimlik ulus devletin himayesinde ulus kimli\u011fi \u015fablonuyla kolektif bir kimli\u011fe evrilmeye ba\u015flad\u0131. Bu tarihsel geli\u015fmeden hareket eden baz\u0131 d\u00fc\u015f\u00fcn\u00fcrler, gelece\u011fin ruhunun, toplumunu \u00e7epe\u00e7evre ku\u015fatan a\u015fk\u0131n bir devlete gebe oldu\u011fu tezini ortaya att\u0131lar. Bu d\u00fc\u015f\u00fcn\u00fcrlere g\u00f6re tarih, ge\u00e7ici bir durak, bir ara\u00e7 olan sivil toplumdan a\u015fk\u0131n devlete do\u011fru ilerleyecek, a\u015fk\u0131n devlete vard\u0131ktan sonra da nihayete erecekti. Yirminci y\u00fczy\u0131l, a\u015fk\u0131n devletlerin otoriter veya totaliter bir karakterde ortaya \u00e7\u0131kt\u0131\u011f\u0131 y\u00fczy\u0131l olmu\u015ftu.Ne var ki, y\u00fczy\u0131l\u0131n ortas\u0131nda fa\u015fist devletlerin, sonuna do\u011fruysa sosyalist rejimlerin y\u0131k\u0131lmas\u0131yla birlikte a\u015fk\u0131n devlet kurumunun beslendi\u011fi sosyal ve siyasal zemin erozyona u\u011frad\u0131. Bir bak\u0131ma, yirminci y\u00fczy\u0131l, a\u015fk\u0131n devletlerin hezimetiyle kapand\u0131. Yeni y\u00fczy\u0131lda tarih, sivil toplumdan a\u015fk\u0131n devlete de\u011fil, aksine a\u015fk\u0131n devletten sivil topluma do\u011fru ilerleme s\u00fcrecine girmi\u015f durumda. Bug\u00fcn i\u00e7in metafiziksel, a\u015fk\u0131n ve kutsal devlet anlay\u0131\u015f\u0131 irtifa kaybederken, farkl\u0131 kimlikleri ve renkleriyle sivil toplum, b\u00fct\u00fcn d\u00fcnyada y\u00fckselen bir de\u011fer haline gelmi\u015ftir. Mevcut \u015fartlar\u0131n devam etmesi durumunda, yirmi birinci y\u00fczy\u0131l\u0131n, sivil toplumun y\u00fczy\u0131l\u0131 olaca\u011f\u0131n\u0131 ileri s\u00fcrmek fazla abart\u0131 olmayacakt\u0131r.Bu kitapta yer alan \u00e7al\u0131\u015fmalar, bu tezi T\u00fcrkiye deneyimi \u00fczerinden i\u015flemek \u00fczere kaleme al\u0131nm\u0131\u015ft\u0131r. Kitaptaki baz\u0131 \u00e7al\u0131\u015fmalar 28 \u015eubat s\u00fcrecinin harl\u0131, hararetli ortam\u0131nda ortaya \u00e7\u0131km\u0131\u015ft\u0131. \u00c7al\u0131\u015fmay\u0131 yirmi y\u0131l sonra alt\u0131nc\u0131 bask\u0131 i\u00e7in g\u00f6zden ge\u00e7irdi\u011fimizde, T\u00fcrkiye&#8217;nin demokrasi ve sivil toplum yolunda kat etti\u011fi ini\u015fli \u00e7\u0131k\u0131\u015fl\u0131 mesafeyi bir kez daha g\u00f6rm\u00fc\u015f olduk. T\u00fcrkiye, bu s\u00fcre i\u00e7inde demokratik siyaset alan\u0131n\u0131n darald\u0131\u011f\u0131 bir noktadan, Avrupa Birli\u011fi&#8217;yle m\u00fczakereleri s\u00fcrd\u00fcrd\u00fc\u011f\u00fc bir noktaya gelmi\u015f, fakat bir m\u00fcddet sonra h\u00fck\u00fcmeti d\u00fc\u015f\u00fcrme manevralar\u0131, \u00e7e\u015fitli entrikalar, kumpaslar ve darbe giri\u015fimleri sonucunda yeniden zikzaklar \u00e7izmek zorunda kalm\u0131\u015ft\u0131r.T\u00fcrkiye, Tanzimat&#8217;la ba\u015flay\u0131p, Me\u015frutiyet ve Cumhuriyet&#8217;le devam eden s\u00fcre\u00e7 i\u00e7indeki modernle\u015fme deneyimi ve birikimi sayesinde demokratikle\u015fme y\u00f6n\u00fcndeki yolculu\u011funa, ini\u015fli \u00e7\u0131k\u0131\u015fl\u0131 bir seyir izliyor olsa da devam etmektedir. Toplumumuzun engin deneyimi, T\u00fcrkiye&#8217;nin &#8220;muas\u0131r medeniyet&#8221; \u00fclk\u00fcs\u00fc do\u011frultusundaki yolculu\u011funa devam etmesini, ufak tefek kazalarla birlikte, vazge\u00e7ilmez bir hedef haline getirmi\u015ftir. Bu y\u00fcr\u00fcy\u00fc\u015f devam ederken bir tak\u0131m sanc\u0131lar\u0131n ya\u015fanmas\u0131, homurtular\u0131n duyulmas\u0131, ana g\u00fczerg\u00e2h\u0131n d\u0131\u015f\u0131na \u00e7\u0131k\u0131lmas\u0131 durumu s\u00f6z konusu olabilecektir. Bunlar\u0131n, toplumun engin deneyimi, derin direnci ve savunma mekanizmas\u0131 kar\u015f\u0131s\u0131nda a\u015f\u0131laca\u011f\u0131n\u0131, halk\u0131n 15 Temmuz ak\u015fam\u0131nda darbe giri\u015fimine kar\u015f\u0131 g\u00f6sterdi\u011fi tepkiden; tanka, topa, t\u00fcfe\u011fe kar\u015f\u0131 \u00e7\u0131plak elleriyle elde etti\u011fi zaferden anl\u0131yoruz.<\/p>\n","protected":false},"excerpt":{"rendered":"<p>Ge\u00e7ti\u011fimiz y\u00fczy\u0131llar, uluslar\u0131n ve ulus devletlerin tarih sahnesine \u00e7\u0131kt\u0131\u011f\u0131 ve geli\u015fti\u011fi d\u00f6nemlerdi. Modernle\u015fme s\u00fcreciyle birlikte her t\u00fcr grup ve lokal aidiyet ve kimlik ulus devletin himayesinde<span class=\"excerpt-hellip\"> [\u2026]<\/span><\/p>\n","protected":false},"featured_media":0,"template":"","meta":{"_monsterinsights_skip_tracking":false,"_monsterinsights_sitenote_active":false,"_monsterinsights_sitenote_note":"","_monsterinsights_sitenote_category":0},"product_brand":[],"product_cat":[12337],"product_tag":[],"class_list":{"0":"post-765599","1":"product","2":"type-product","3":"status-publish","5":"product_cat-politika-siyaset","6":"pa_cilt-ciltsiz","7":"pa_tur-kitap","8":"pa_yayinevi-orion-kitabevi","9":"pa_yazar-omer-caha","11":"first","12":"instock","13":"sale","14":"shipping-taxable","15":"purchasable","16":"product-type-simple"},"_links":{"self":[{"href":"https:\/\/roveyayinevi.com.tr\/index.php\/wp-json\/wp\/v2\/product\/765599","targetHints":{"allow":["GET"]}}],"collection":[{"href":"https:\/\/roveyayinevi.com.tr\/index.php\/wp-json\/wp\/v2\/product"}],"about":[{"href":"https:\/\/roveyayinevi.com.tr\/index.php\/wp-json\/wp\/v2\/types\/product"}],"wp:attachment":[{"href":"https:\/\/roveyayinevi.com.tr\/index.php\/wp-json\/wp\/v2\/media?parent=765599"}],"wp:term":[{"taxonomy":"product_brand","embeddable":true,"href":"https:\/\/roveyayinevi.com.tr\/index.php\/wp-json\/wp\/v2\/product_brand?post=765599"},{"taxonomy":"product_cat","embeddable":true,"href":"https:\/\/roveyayinevi.com.tr\/index.php\/wp-json\/wp\/v2\/product_cat?post=765599"},{"taxonomy":"product_tag","embeddable":true,"href":"https:\/\/roveyayinevi.com.tr\/index.php\/wp-json\/wp\/v2\/product_tag?post=765599"}],"curies":[{"name":"wp","href":"https:\/\/api.w.org\/{rel}","templated":true}]}}