{"id":765582,"date":"2025-08-28T11:46:28","date_gmt":"2025-08-28T08:46:28","guid":{"rendered":"https:\/\/roveyayinevi.com.tr\/index.php\/urun\/ortadoguda-devlet-disi-aktorler-ve-arap-bahari\/"},"modified":"2026-04-15T03:31:30","modified_gmt":"2026-04-15T00:31:30","slug":"ortadoguda-devlet-disi-aktorler-ve-arap-bahari","status":"publish","type":"product","link":"https:\/\/roveyayinevi.com.tr\/index.php\/urun\/ortadoguda-devlet-disi-aktorler-ve-arap-bahari\/","title":{"rendered":"Ortado\u011fu&#8217;da Devlet D\u0131\u015f\u0131 Akt\u00f6rler ve Arap Bahar\u0131"},"content":{"rendered":"<p>Arap Bahar\u0131 s\u00fcreci sonras\u0131nda Ortado\u011fu uluslararas\u0131 ili\u015fkilerinde daha fazla etkisi g\u00f6r\u00fclen ve dolay\u0131s\u0131 ile ilgili literat\u00fcrde de yerini yo\u011fun \u015fekilde almaya ba\u015flayan devlet d\u0131\u015f\u0131 akt\u00f6rlerin alternatif temsil, otonomi ve i\u00e7-d\u0131\u015f politika y\u00f6nelimi s\u00fcre\u00e7leri ile devletlerin tek ve tart\u0131\u015fmas\u0131z akt\u00f6rl\u00fck durumuna meydan okudu\u011fu a\u00e7\u0131kt\u0131r. Ortado\u011fu b\u00f6lgesinde ya\u015fanan devlet \u00e7\u00f6z\u00fclmeleri ve i\u00e7 sava\u015flar neticesinde son d\u00f6nemde yo\u011fun \u015fekilde g\u00fcndeme gelmesine ra\u011fmen devlet d\u0131\u015f\u0131 akt\u00f6rler s\u00f6m\u00fcrgeci tasavvurun etkisi ile geli\u015fen &#8220;modern&#8221; Ortado\u011fu sosyo-politik geli\u015fmelerinde uzun d\u00f6nemdir varl\u0131\u011f\u0131n\u0131 ve etkisini s\u00fcrd\u00fcrmektedir. Dolay\u0131s\u0131yla her ne kadar egemen-modern devletler b\u00f6lge politikalar\u0131nda halen hakim rol\u00fcn\u00fc korusa da, devlet-d\u0131\u015f\u0131 akt\u00f6rlerin g\u00fc\u00e7l\u00fc meydan okumalar\u0131 ile kar\u015f\u0131la\u015fmaktad\u0131r. Bu temel varsay\u0131m \u00e7er\u00e7evesinde yap\u0131lanan elinizdeki \u00e7al\u0131\u015fma, tarihsel-sosyal s\u00fcre\u00e7leri g\u00f6z \u00f6n\u00fcne alarak &#8220;modern&#8221; Ortado\u011fu uluslararas\u0131 ili\u015fkilerini \u015fekillendiren ve devletlerin tek-bask\u0131n akt\u00f6r olma durumuna meydan okuma kapasitesine sahip olan devlet d\u0131\u015f\u0131 akt\u00f6rlerden \u00f6ne \u00e7\u0131kan M\u00fcsl\u00fcman Karde\u015fler (\u0130hvan), Hizbullah ve Hamas olu\u015fumlar\u0131na odaklanmaktad\u0131r. \u00c7al\u0131\u015fmada, ele al\u0131nan olu\u015fumlar\u0131n zaman i\u00e7erisinde \u00e7ok-katmanl\u0131 d\u00f6n\u00fc\u015f\u00fcmlere paralel olarak eylemlerini, stratejilerini ve s\u00f6ylemlerini de\u011fi\u015ftirdi\u011fi vurgulanmaktad\u0131r. Bu d\u00f6n\u00fc\u015f\u00fcmlerin neticesinde son d\u00f6nemde Ortado\u011fu uluslararas\u0131 ili\u015fkilerinin devlet d\u0131\u015f\u0131 boyutunda da dini referanslara yer veren olu\u015fumlar\u0131n \u00f6n planda oldu\u011fu belirtilmekte ve bu temel arg\u00fcman \u00f6rnek olaylar \u00fczerinden anlamland\u0131r\u0131lmaktad\u0131r. Bu ba\u011flamda, elinizdeki \u00e7al\u0131\u015fma &#8220;modern&#8221; Ortado\u011fu uluslararas\u0131 ili\u015fkilerinde devletlerin yan\u0131 s\u0131ra devlet d\u0131\u015f\u0131 akt\u00f6rlerin varl\u0131\u011f\u0131n\u0131 g\u00fcndeme getiren literat\u00fcre tarihsel-sosyal perspektiften katk\u0131 sunmay\u0131 ama\u00e7lamaktad\u0131r.<\/p>\n","protected":false},"excerpt":{"rendered":"<p>Arap Bahar\u0131 s\u00fcreci sonras\u0131nda Ortado\u011fu uluslararas\u0131 ili\u015fkilerinde daha fazla etkisi g\u00f6r\u00fclen ve dolay\u0131s\u0131 ile ilgili literat\u00fcrde de yerini yo\u011fun \u015fekilde almaya ba\u015flayan devlet d\u0131\u015f\u0131 akt\u00f6rlerin alternatif<span class=\"excerpt-hellip\"> [\u2026]<\/span><\/p>\n","protected":false},"featured_media":0,"template":"","meta":{"_monsterinsights_skip_tracking":false,"_monsterinsights_sitenote_active":false,"_monsterinsights_sitenote_note":"","_monsterinsights_sitenote_category":0},"product_brand":[],"product_cat":[12337],"product_tag":[],"class_list":{"0":"post-765582","1":"product","2":"type-product","3":"status-publish","5":"product_cat-politika-siyaset","6":"pa_cilt-ciltsiz","7":"pa_tur-kitap","8":"pa_yayinevi-orion-kitabevi","9":"pa_yazar-mustafa-yetim","11":"first","12":"instock","13":"sale","14":"shipping-taxable","15":"purchasable","16":"product-type-simple"},"_links":{"self":[{"href":"https:\/\/roveyayinevi.com.tr\/index.php\/wp-json\/wp\/v2\/product\/765582","targetHints":{"allow":["GET"]}}],"collection":[{"href":"https:\/\/roveyayinevi.com.tr\/index.php\/wp-json\/wp\/v2\/product"}],"about":[{"href":"https:\/\/roveyayinevi.com.tr\/index.php\/wp-json\/wp\/v2\/types\/product"}],"wp:attachment":[{"href":"https:\/\/roveyayinevi.com.tr\/index.php\/wp-json\/wp\/v2\/media?parent=765582"}],"wp:term":[{"taxonomy":"product_brand","embeddable":true,"href":"https:\/\/roveyayinevi.com.tr\/index.php\/wp-json\/wp\/v2\/product_brand?post=765582"},{"taxonomy":"product_cat","embeddable":true,"href":"https:\/\/roveyayinevi.com.tr\/index.php\/wp-json\/wp\/v2\/product_cat?post=765582"},{"taxonomy":"product_tag","embeddable":true,"href":"https:\/\/roveyayinevi.com.tr\/index.php\/wp-json\/wp\/v2\/product_tag?post=765582"}],"curies":[{"name":"wp","href":"https:\/\/api.w.org\/{rel}","templated":true}]}}