{"id":765558,"date":"2025-08-28T11:45:59","date_gmt":"2025-08-28T08:45:59","guid":{"rendered":"https:\/\/roveyayinevi.com.tr\/index.php\/urun\/kuresellesme-3\/"},"modified":"2026-04-15T03:31:30","modified_gmt":"2026-04-15T00:31:30","slug":"kuresellesme-3","status":"publish","type":"product","link":"https:\/\/roveyayinevi.com.tr\/index.php\/urun\/kuresellesme-3\/","title":{"rendered":"K\u00fcreselle\u015fme"},"content":{"rendered":"<p>Tarihin, ulus-devletlerin, ideolojilerin sonunun ilan edildi\u011fi bir \u00e7a\u011fdan bir ba\u015fka \u00e7a\u011fa girilirken insanl\u0131k \u00e7ok daha eski tart\u0131\u015fmalara yeniden d\u00f6nm\u00fc\u015f g\u00f6r\u00fcn\u00fcyor. 20. y\u00fczy\u0131l\u0131 bir ba\u015ftan bir ba\u015fa \u015fekillendiren liberalizm, Marksizm ve de\u011fi\u015fik versiyonlar\u0131 ile birlikte sosyalizm gibi daha sek\u00fcler ideolojilere, 21. y\u00fczy\u0131l ba\u015flar\u0131nda, art\u0131k k\u00fclt\u00fcr ve medeniyet gibi dine daha duyarl\u0131 tart\u0131\u015fmalar e\u015flik ediyor. Pozitivist ve ayd\u0131nlanmac\u0131 yakla\u015f\u0131mlarda \u00e7oktan orta\u00e7a\u011fda kald\u0131\u011f\u0131 d\u00fc\u015f\u00fcn\u00fclen din temelli tart\u0131\u015fmalara geri mi d\u00f6n\u00fcl\u00fcyor? \u00d6ld\u00fc\u011f\u00fc ilan edilen tanr\u0131 yeniden mi do\u011fuyor? Yoksa b\u00fct\u00fcn bu ilanlar ger\u00e7ekli\u011fi gizleyen birer screen saver&#8217;lardan m\u0131 (ekran koruyucu) ibaretti?<\/p>\n","protected":false},"excerpt":{"rendered":"<p>Tarihin, ulus-devletlerin, ideolojilerin sonunun ilan edildi\u011fi bir \u00e7a\u011fdan bir ba\u015fka \u00e7a\u011fa girilirken insanl\u0131k \u00e7ok daha eski tart\u0131\u015fmalara yeniden d\u00f6nm\u00fc\u015f g\u00f6r\u00fcn\u00fcyor. 20. y\u00fczy\u0131l\u0131 bir ba\u015ftan bir ba\u015fa<span class=\"excerpt-hellip\"> [\u2026]<\/span><\/p>\n","protected":false},"featured_media":0,"template":"","meta":{"_monsterinsights_skip_tracking":false,"_monsterinsights_sitenote_active":false,"_monsterinsights_sitenote_note":"","_monsterinsights_sitenote_category":0},"product_brand":[],"product_cat":[12338,12337],"product_tag":[],"class_list":{"0":"post-765558","1":"product","2":"type-product","3":"status-publish","5":"product_cat-dunya-siyaseti-ve-politikasi","6":"product_cat-politika-siyaset","7":"pa_cilt-ciltsiz","8":"pa_tur-kitap","9":"pa_yayinevi-orion-kitabevi","10":"pa_yazar-kudret-bulbul","12":"first","13":"instock","14":"sale","15":"shipping-taxable","16":"purchasable","17":"product-type-simple"},"_links":{"self":[{"href":"https:\/\/roveyayinevi.com.tr\/index.php\/wp-json\/wp\/v2\/product\/765558","targetHints":{"allow":["GET"]}}],"collection":[{"href":"https:\/\/roveyayinevi.com.tr\/index.php\/wp-json\/wp\/v2\/product"}],"about":[{"href":"https:\/\/roveyayinevi.com.tr\/index.php\/wp-json\/wp\/v2\/types\/product"}],"wp:attachment":[{"href":"https:\/\/roveyayinevi.com.tr\/index.php\/wp-json\/wp\/v2\/media?parent=765558"}],"wp:term":[{"taxonomy":"product_brand","embeddable":true,"href":"https:\/\/roveyayinevi.com.tr\/index.php\/wp-json\/wp\/v2\/product_brand?post=765558"},{"taxonomy":"product_cat","embeddable":true,"href":"https:\/\/roveyayinevi.com.tr\/index.php\/wp-json\/wp\/v2\/product_cat?post=765558"},{"taxonomy":"product_tag","embeddable":true,"href":"https:\/\/roveyayinevi.com.tr\/index.php\/wp-json\/wp\/v2\/product_tag?post=765558"}],"curies":[{"name":"wp","href":"https:\/\/api.w.org\/{rel}","templated":true}]}}