{"id":765539,"date":"2025-08-28T11:45:36","date_gmt":"2025-08-28T08:45:36","guid":{"rendered":"https:\/\/roveyayinevi.com.tr\/index.php\/urun\/jeopolitigi-anlamak-uluslararasi-politika-yazilari\/"},"modified":"2026-04-15T03:31:29","modified_gmt":"2026-04-15T00:31:29","slug":"jeopolitigi-anlamak-uluslararasi-politika-yazilari","status":"publish","type":"product","link":"https:\/\/roveyayinevi.com.tr\/index.php\/urun\/jeopolitigi-anlamak-uluslararasi-politika-yazilari\/","title":{"rendered":"Jeopoliti\u011fi Anlamak: Uluslararas\u0131 Politika yaz\u0131lar\u0131"},"content":{"rendered":"<p>D\u0131\u015f politika Analizi, Diplomasi ve Uluslararas\u0131 \u0130li\u015fkiler a\u00e7\u0131s\u0131ndan en \u00f6nemli alt disiplinlerden birisidir. Devletlerin d\u0131\u015f politika karar verme s\u00fcre\u00e7lerine odaklanan D\u0131\u015f Politika Analizi, karar vericilerin psikolojisinden k\u00fcresel sisteme, kamuoyu bask\u0131s\u0131ndan \u00f6rg\u00fctsel yap\u0131lara devletlerin d\u0131\u015f politika kararlar\u0131n\u0131 etkileyen farkl\u0131 d\u00fczeylerdeki ve farkl\u0131 niteliklerdeki pek \u00e7ok unsuru irdeleyen ve bu \u00e7er\u00e7evede farkl\u0131 disiplinlerden beslenen canl\u0131 bir akademik u\u011fra\u015f haline gelmi\u015ftir.D\u0131\u015f Politika Analizinin \u00f6z\u00fcn\u00fc olu\u015fturan unsur devletlerin d\u0131\u015f politika stratejilerini anlamakt\u0131r. Uluslararas\u0131 \u0130li\u015fkiler disiplinin d\u0131\u015f politika analizlerinde sosyal bilimlerin \u00e7e\u015fitli dallar\u0131ndan yararlanarak disiplinleraras\u0131 bir yakla\u015f\u0131m y\u00fcr\u00fctmektedir. Bu disiplinler i\u00e7inde Tarih, Sosyoloji, Din, Psikoloji, Ekonomi, Jeopolitik, G\u00fcvenlik ve \u0130stihbarat \u00e7al\u0131\u015fmalar\u0131 gibi bir\u00e7ok unsur bulunmaktad\u0131r. Bir\u00e7ok disiplinden beslenen D\u0131\u015f Politika Analizi, haliyle ayn\u0131 zamanda da i\u00e7inde zorluklar bar\u0131nd\u0131rmaktad\u0131r. Elinizdeki kitap Uluslararas\u0131 \u0130li\u015fkilerde ya\u015fanan jeopolitik odakl\u0131 geli\u015fmeleri tahlil etmeye \u00e7al\u0131\u015fm\u0131\u015f, Uluslararas\u0131 \u0130li\u015fkiler disiplinin \u00f6zelinde de D\u0131\u015f Politika Analizi alt disiplinine katk\u0131 sunmak hedeflenmi\u015ftir. Bununla birlikte Stratejik Analiz ve Stratejik \u0130stihbarat a\u00e7\u0131s\u0131ndan da k\u00fcresel ve b\u00f6lgesel alanda ya\u015fanan g\u00fcncel jeopolitik geli\u015fmeler disiplinleraras\u0131 y\u00f6ntemle analiz edinmek istenmi\u015ftir.<\/p>\n","protected":false},"excerpt":{"rendered":"<p>D\u0131\u015f politika Analizi, Diplomasi ve Uluslararas\u0131 \u0130li\u015fkiler a\u00e7\u0131s\u0131ndan en \u00f6nemli alt disiplinlerden birisidir. Devletlerin d\u0131\u015f politika karar verme s\u00fcre\u00e7lerine odaklanan D\u0131\u015f Politika Analizi, karar vericilerin psikolojisinden<span class=\"excerpt-hellip\"> [\u2026]<\/span><\/p>\n","protected":false},"featured_media":0,"template":"","meta":{"_monsterinsights_skip_tracking":false,"_monsterinsights_sitenote_active":false,"_monsterinsights_sitenote_note":"","_monsterinsights_sitenote_category":0},"product_brand":[],"product_cat":[13059,12337],"product_tag":[],"class_list":{"0":"post-765539","1":"product","2":"type-product","3":"status-publish","5":"product_cat-diger-politika-siyaset","6":"product_cat-politika-siyaset","7":"pa_cilt-ciltsiz","8":"pa_tur-kitap","9":"pa_yayinevi-orion-kitabevi","10":"pa_yazar-orhan-karaoglu","12":"first","13":"instock","14":"sale","15":"shipping-taxable","16":"purchasable","17":"product-type-simple"},"_links":{"self":[{"href":"https:\/\/roveyayinevi.com.tr\/index.php\/wp-json\/wp\/v2\/product\/765539","targetHints":{"allow":["GET"]}}],"collection":[{"href":"https:\/\/roveyayinevi.com.tr\/index.php\/wp-json\/wp\/v2\/product"}],"about":[{"href":"https:\/\/roveyayinevi.com.tr\/index.php\/wp-json\/wp\/v2\/types\/product"}],"wp:attachment":[{"href":"https:\/\/roveyayinevi.com.tr\/index.php\/wp-json\/wp\/v2\/media?parent=765539"}],"wp:term":[{"taxonomy":"product_brand","embeddable":true,"href":"https:\/\/roveyayinevi.com.tr\/index.php\/wp-json\/wp\/v2\/product_brand?post=765539"},{"taxonomy":"product_cat","embeddable":true,"href":"https:\/\/roveyayinevi.com.tr\/index.php\/wp-json\/wp\/v2\/product_cat?post=765539"},{"taxonomy":"product_tag","embeddable":true,"href":"https:\/\/roveyayinevi.com.tr\/index.php\/wp-json\/wp\/v2\/product_tag?post=765539"}],"curies":[{"name":"wp","href":"https:\/\/api.w.org\/{rel}","templated":true}]}}