{"id":765538,"date":"2025-08-28T11:45:35","date_gmt":"2025-08-28T08:45:35","guid":{"rendered":"https:\/\/roveyayinevi.com.tr\/index.php\/urun\/isletmelerde-finansal-basarisizlik\/"},"modified":"2026-04-15T03:31:29","modified_gmt":"2026-04-15T00:31:29","slug":"isletmelerde-finansal-basarisizlik","status":"publish","type":"product","link":"https:\/\/roveyayinevi.com.tr\/index.php\/urun\/isletmelerde-finansal-basarisizlik\/","title":{"rendered":"\u0130\u015fletmelerde Finansal Ba\u015far\u0131s\u0131zl\u0131k"},"content":{"rendered":"<p>&#8220;\u0130\u015fletmelerde Finansal Ba\u015far\u0131s\u0131zl\u0131k&#8221; kitab\u0131 teori ve uygulamay\u0131 bir araya getirerek de\u011ferli okuyuculara ula\u015fmay\u0131 ama\u00e7lam\u0131\u015ft\u0131r. G\u00fcn\u00fcm\u00fcz bilim d\u00fcnyas\u0131nda \u00f6nemli bir yer te\u015fkil eden makine \u00f6\u011frenmesinin finans alan\u0131nda da kullan\u0131lmas\u0131n\u0131n \u00f6nemine binaen bu \u00e7al\u0131\u015fma yap\u0131lm\u0131\u015ft\u0131r. \u0130\u015fletmelerin mali y\u00fck\u00fcml\u00fcl\u00fcklerini yerine getirememe ya da getirmede zorluk ya\u015fama durumu olarak tan\u0131mlanan finansal ba\u015far\u0131s\u0131zl\u0131\u011f\u0131n \u00f6nceden tahmin edilmesi ile karar verici pozisyonunda olan y\u00f6neticiler tedbirler alarak ba\u015far\u0131s\u0131zl\u0131\u011f\u0131 \u00f6nleyebilecektir. Kitapta finansal ba\u015far\u0131s\u0131zl\u0131k tahmini i\u00e7in makine \u00f6\u011frenmesi (yapay zeka) y\u00f6ntemleri kullan\u0131larak modeller geli\u015ftirilmi\u015ftir. Geli\u015ftirilen Yapay Sinir A\u011flar\u0131, Destek Vekt\u00f6r Makineleri ve Ensemble \u00f6\u011frenme modelleri, Borsa \u0130stanbul (B\u0130ST) \u0130malat Sanayi Sekt\u00f6r\u00fcnde i\u015flem g\u00f6ren firmalar \u00fczerinde uygulanm\u0131\u015ft\u0131r. Bu kitap lisans, lisans\u00fcst\u00fc \u00f6\u011frencileri ve makine \u00f6\u011frenmesine (yapay zeka) ilgi duyan her okuyucunun yararlanabilece\u011fi bir kaynak olacakt\u0131r.<\/p>\n","protected":false},"excerpt":{"rendered":"<p>&#8220;\u0130\u015fletmelerde Finansal Ba\u015far\u0131s\u0131zl\u0131k&#8221; kitab\u0131 teori ve uygulamay\u0131 bir araya getirerek de\u011ferli okuyuculara ula\u015fmay\u0131 ama\u00e7lam\u0131\u015ft\u0131r. G\u00fcn\u00fcm\u00fcz bilim d\u00fcnyas\u0131nda \u00f6nemli bir yer te\u015fkil eden makine \u00f6\u011frenmesinin finans alan\u0131nda<span class=\"excerpt-hellip\"> [\u2026]<\/span><\/p>\n","protected":false},"featured_media":0,"template":"","meta":{"_monsterinsights_skip_tracking":false,"_monsterinsights_sitenote_active":false,"_monsterinsights_sitenote_note":"","_monsterinsights_sitenote_category":0},"product_brand":[],"product_cat":[13043,14381],"product_tag":[],"class_list":{"0":"post-765538","1":"product","2":"type-product","3":"status-publish","5":"product_cat-ekonomi","6":"product_cat-isletme-muhasebe-maliye","7":"pa_cilt-ciltsiz","8":"pa_tur-kitap","9":"pa_yayinevi-orion-kitabevi","10":"pa_yazar-muhammed-fatih-yuruk","12":"first","13":"instock","14":"sale","15":"shipping-taxable","16":"purchasable","17":"product-type-simple"},"_links":{"self":[{"href":"https:\/\/roveyayinevi.com.tr\/index.php\/wp-json\/wp\/v2\/product\/765538","targetHints":{"allow":["GET"]}}],"collection":[{"href":"https:\/\/roveyayinevi.com.tr\/index.php\/wp-json\/wp\/v2\/product"}],"about":[{"href":"https:\/\/roveyayinevi.com.tr\/index.php\/wp-json\/wp\/v2\/types\/product"}],"wp:attachment":[{"href":"https:\/\/roveyayinevi.com.tr\/index.php\/wp-json\/wp\/v2\/media?parent=765538"}],"wp:term":[{"taxonomy":"product_brand","embeddable":true,"href":"https:\/\/roveyayinevi.com.tr\/index.php\/wp-json\/wp\/v2\/product_brand?post=765538"},{"taxonomy":"product_cat","embeddable":true,"href":"https:\/\/roveyayinevi.com.tr\/index.php\/wp-json\/wp\/v2\/product_cat?post=765538"},{"taxonomy":"product_tag","embeddable":true,"href":"https:\/\/roveyayinevi.com.tr\/index.php\/wp-json\/wp\/v2\/product_tag?post=765538"}],"curies":[{"name":"wp","href":"https:\/\/api.w.org\/{rel}","templated":true}]}}