{"id":765536,"date":"2025-08-28T11:45:33","date_gmt":"2025-08-28T08:45:33","guid":{"rendered":"https:\/\/roveyayinevi.com.tr\/index.php\/urun\/islam-iktisadi-ve-finansi-teorik-ve-ampirik-calismalar\/"},"modified":"2026-04-15T03:31:29","modified_gmt":"2026-04-15T00:31:29","slug":"islam-iktisadi-ve-finansi-teorik-ve-ampirik-calismalar","status":"publish","type":"product","link":"https:\/\/roveyayinevi.com.tr\/index.php\/urun\/islam-iktisadi-ve-finansi-teorik-ve-ampirik-calismalar\/","title":{"rendered":"\u0130slam \u0130ktisad\u0131 ve Finans\u0131: Teorik ve Ampirik \u00c7al\u0131\u015fmalar"},"content":{"rendered":"<p>G\u00fcn\u00fcm\u00fczde bir\u00e7ok akademik \u00e7al\u0131\u015fman\u0131n da konusu olan \u0130slam \u0130ktisad\u0131 ve Finans\u0131 kendine has bir literat\u00fcr olu\u015fturmu\u015ftur. \u0130slam \u0130ktisad\u0131 ve Finans\u0131 alan\u0131n\u0131n mefkuresine paralel olarak geni\u015f bir yelpazede geli\u015fen literat\u00fcr\u00fcn konvansiyonel finans literat\u00fcr\u00fcne nazaran hen\u00fcz yetersiz ve geli\u015fmeye muhta\u00e7 oldu\u011fu bir ger\u00e7ektir. Bu nedenle, \u201c\u0130slam \u0130ktisad\u0131 ve Finans\u0131\u201d \u00fcst ba\u015fl\u0131\u011f\u0131nda ilki \u201c\u0130lke ve Uygulamalar\u201d, ikincisi \u201cTeorik ve Ampirik \u00c7al\u0131\u015fmalar\u201d olmak \u00fczere iki adet edit\u00f6ryal kitap tevecc\u00fchlerinize sunulmu\u015ftur. Kitaplarda yer alan b\u00f6l\u00fcmler, \u00fclkemizin k\u0131ymetli \u00fcniversitelerden alan\u0131nda uzman hocalar\u0131m\u0131z taraf\u0131ndan titizlikle yaz\u0131lm\u0131\u015ft\u0131r. Yaz\u0131 dili T\u00fcrk\u00e7e olan eserlerde, bir\u00e7ok farkl\u0131 ba\u015fl\u0131k ve i\u00e7erik edit\u00f6ryal s\u00fcre\u00e7ten ge\u00e7irilip \u00f6zenle se\u00e7ilmeye gayret g\u00f6sterilmi\u015ftir. Eserler, \u0130slam \u0130ktisad\u0131 ve Finans\u0131 alan\u0131n\u0131n teorik altyap\u0131s\u0131, y\u00f6ntemlere ili\u015fkin tart\u0131\u015fmalar, konvansiyonel finans sistemi ile mukayesesi, g\u00fcn\u00fcm\u00fcz iktisadi meselelerine alternatif \u00e7\u00f6z\u00fcm \u00f6nerileri, finansal teknolojiler, bankac\u0131l\u0131k, sukuk ve di\u011fer para ve sermaye piyasas\u0131 ara\u00e7lar\u0131n\u0131 da kapsayacak \u015fekilde planlanm\u0131\u015ft\u0131r.<\/p>\n","protected":false},"excerpt":{"rendered":"<p>G\u00fcn\u00fcm\u00fczde bir\u00e7ok akademik \u00e7al\u0131\u015fman\u0131n da konusu olan \u0130slam \u0130ktisad\u0131 ve Finans\u0131 kendine has bir literat\u00fcr olu\u015fturmu\u015ftur. \u0130slam \u0130ktisad\u0131 ve Finans\u0131 alan\u0131n\u0131n mefkuresine paralel olarak geni\u015f bir<span class=\"excerpt-hellip\"> [\u2026]<\/span><\/p>\n","protected":false},"featured_media":0,"template":"","meta":{"_monsterinsights_skip_tracking":false,"_monsterinsights_sitenote_active":false,"_monsterinsights_sitenote_note":"","_monsterinsights_sitenote_category":0},"product_brand":[],"product_cat":[12718,12719],"product_tag":[],"class_list":{"0":"post-765536","1":"product","2":"type-product","3":"status-publish","5":"product_cat-din","6":"product_cat-islam","7":"pa_cilt-ciltsiz","8":"pa_tur-kitap","9":"pa_yayinevi-orion-kitabevi","10":"pa_yazar-muhammet-fatih-canbaz","12":"first","13":"instock","14":"sale","15":"shipping-taxable","16":"purchasable","17":"product-type-simple"},"_links":{"self":[{"href":"https:\/\/roveyayinevi.com.tr\/index.php\/wp-json\/wp\/v2\/product\/765536","targetHints":{"allow":["GET"]}}],"collection":[{"href":"https:\/\/roveyayinevi.com.tr\/index.php\/wp-json\/wp\/v2\/product"}],"about":[{"href":"https:\/\/roveyayinevi.com.tr\/index.php\/wp-json\/wp\/v2\/types\/product"}],"wp:attachment":[{"href":"https:\/\/roveyayinevi.com.tr\/index.php\/wp-json\/wp\/v2\/media?parent=765536"}],"wp:term":[{"taxonomy":"product_brand","embeddable":true,"href":"https:\/\/roveyayinevi.com.tr\/index.php\/wp-json\/wp\/v2\/product_brand?post=765536"},{"taxonomy":"product_cat","embeddable":true,"href":"https:\/\/roveyayinevi.com.tr\/index.php\/wp-json\/wp\/v2\/product_cat?post=765536"},{"taxonomy":"product_tag","embeddable":true,"href":"https:\/\/roveyayinevi.com.tr\/index.php\/wp-json\/wp\/v2\/product_tag?post=765536"}],"curies":[{"name":"wp","href":"https:\/\/api.w.org\/{rel}","templated":true}]}}