{"id":765524,"date":"2025-08-28T11:45:18","date_gmt":"2025-08-28T08:45:18","guid":{"rendered":"https:\/\/roveyayinevi.com.tr\/index.php\/urun\/irkciligin-donusumu\/"},"modified":"2026-04-15T03:31:29","modified_gmt":"2026-04-15T00:31:29","slug":"irkciligin-donusumu","status":"publish","type":"product","link":"https:\/\/roveyayinevi.com.tr\/index.php\/urun\/irkciligin-donusumu\/","title":{"rendered":"Irk\u00e7\u0131l\u0131\u011f\u0131n D\u00f6n\u00fc\u015f\u00fcm\u00fc"},"content":{"rendered":"<p>T\u00fcrkiye\u2019de ve d\u00fcnyada \u0131rk\u00e7\u0131l\u0131k kavram\u0131nda yeni bir d\u00f6n\u00fc\u015f\u00fcm ya\u015fanm\u0131\u015ft\u0131r. Bu \u00e7al\u0131\u015fmada  ilk olarak, \u0131rk kavram\u0131 ve \u0131rk kuramlar\u0131 ele al\u0131nm\u0131\u015f, bu kuramlar\u0131n eski biyolojik \u0131rk\u00e7\u0131l\u0131\u011f\u0131n ortaya \u00e7\u0131k\u0131\u015f\u0131ndaki etkileri de\u011ferlendirilmi\u015ftir. Bilimsel olarak \u0131rk kavram\u0131n\u0131n ge\u00e7ersiz oldu\u011fu anla\u015f\u0131l\u0131nca, eski \u0131rk\u00e7\u0131l\u0131\u011f\u0131n k\u00fclt\u00fcrel farkl\u0131l\u0131klar \u00fczerinden yeni bir form kazand\u0131\u011f\u0131na dikkat \u00e7ekilmi\u015ftir. Eserde, \u0130slamofobi, bu yeni k\u00fclt\u00fcrel \u0131rk\u00e7\u0131l\u0131k formunun bir \u00f6rne\u011fi olarak incelenmi\u015f; ge\u00e7mi\u015fi ve g\u00fcn\u00fcm\u00fczdeki durumu da analiz edilmi\u015ftir. Son d\u00f6nemde M\u00fcsl\u00fcman g\u00f6\u00e7menlere y\u00f6nelik artan nefret s\u00f6ylemleri ve su\u00e7 \u00f6rnekleri ise \u00e7e\u015fitli kamu kurumu ve sivil toplum \u00f6rg\u00fct\u00fc verileri \u0131\u015f\u0131\u011f\u0131nda ele al\u0131nm\u0131\u015ft\u0131r. \u00c7al\u0131\u015fman\u0131n sonucunda, \u0130slamofobinin \u00f6zellikle Bat\u0131\u2019da a\u015f\u0131r\u0131 sa\u011fc\u0131 gruplar taraf\u0131ndan nas\u0131l te\u015fvik edildi\u011fi ve bu durumun M\u00fcsl\u00fcmanlar i\u00e7in olu\u015fturdu\u011fu g\u00fcvenlik sorunlar\u0131 vurgulam\u0131\u015ft\u0131r. Ayr\u0131ca, bu olumsuz e\u011filimlerin \u00f6n\u00fcne ge\u00e7mek i\u00e7in mevcut cayd\u0131r\u0131c\u0131 \u00f6nlemlerin ve politikalar\u0131n eksikli\u011fi de belirtilmi\u015ftir. <\/p>\n","protected":false},"excerpt":{"rendered":"<p>T\u00fcrkiye\u2019de ve d\u00fcnyada \u0131rk\u00e7\u0131l\u0131k kavram\u0131nda yeni bir d\u00f6n\u00fc\u015f\u00fcm ya\u015fanm\u0131\u015ft\u0131r. Bu \u00e7al\u0131\u015fmada ilk olarak, \u0131rk kavram\u0131 ve \u0131rk kuramlar\u0131 ele al\u0131nm\u0131\u015f, bu kuramlar\u0131n eski biyolojik \u0131rk\u00e7\u0131l\u0131\u011f\u0131n ortaya<span class=\"excerpt-hellip\"> [\u2026]<\/span><\/p>\n","protected":false},"featured_media":0,"template":"","meta":{"_monsterinsights_skip_tracking":false,"_monsterinsights_sitenote_active":false,"_monsterinsights_sitenote_note":"","_monsterinsights_sitenote_category":0},"product_brand":[],"product_cat":[20351,12388],"product_tag":[],"class_list":{"0":"post-765524","1":"product","2":"type-product","3":"status-publish","5":"product_cat-dusunce","6":"product_cat-felsefe","7":"pa_cilt-ciltsiz","8":"pa_tur-kitap","9":"pa_yayinevi-orion-kitabevi","10":"pa_yazar-emine-erden-kaya","12":"first","13":"instock","14":"sale","15":"shipping-taxable","16":"purchasable","17":"product-type-simple"},"_links":{"self":[{"href":"https:\/\/roveyayinevi.com.tr\/index.php\/wp-json\/wp\/v2\/product\/765524","targetHints":{"allow":["GET"]}}],"collection":[{"href":"https:\/\/roveyayinevi.com.tr\/index.php\/wp-json\/wp\/v2\/product"}],"about":[{"href":"https:\/\/roveyayinevi.com.tr\/index.php\/wp-json\/wp\/v2\/types\/product"}],"wp:attachment":[{"href":"https:\/\/roveyayinevi.com.tr\/index.php\/wp-json\/wp\/v2\/media?parent=765524"}],"wp:term":[{"taxonomy":"product_brand","embeddable":true,"href":"https:\/\/roveyayinevi.com.tr\/index.php\/wp-json\/wp\/v2\/product_brand?post=765524"},{"taxonomy":"product_cat","embeddable":true,"href":"https:\/\/roveyayinevi.com.tr\/index.php\/wp-json\/wp\/v2\/product_cat?post=765524"},{"taxonomy":"product_tag","embeddable":true,"href":"https:\/\/roveyayinevi.com.tr\/index.php\/wp-json\/wp\/v2\/product_tag?post=765524"}],"curies":[{"name":"wp","href":"https:\/\/api.w.org\/{rel}","templated":true}]}}