{"id":765515,"date":"2025-08-28T11:45:07","date_gmt":"2025-08-28T08:45:07","guid":{"rendered":"https:\/\/roveyayinevi.com.tr\/index.php\/urun\/girisimcilik-ve-is-kurma\/"},"modified":"2026-04-15T03:31:28","modified_gmt":"2026-04-15T00:31:28","slug":"girisimcilik-ve-is-kurma","status":"publish","type":"product","link":"https:\/\/roveyayinevi.com.tr\/index.php\/urun\/girisimcilik-ve-is-kurma\/","title":{"rendered":"Giri\u015fimcilik ve \u0130\u015f Kurma"},"content":{"rendered":"<p>&#8220;Bireyin, kurumun, \u015fehrin, b\u00f6lgenin ve \u00fclkenin kurtulu\u015f yolu; \u00f6\u011frencinin prestiji kariyer yolu&#8221;K\u00fcreselle\u015fmenin yo\u011fun bir \u015fekilde ya\u015fand\u0131\u011f\u0131 g\u00fcn\u00fcm\u00fcz d\u00fcnyas\u0131nda giri\u015fimcilik ve giri\u015fimciler g\u00f6zde kavramlar, olgular ve kurumlar oluverdiler. Sadece topra\u011f\u0131, serveti ve sermayesi olan\u0131, zaten zengin olanlar\u0131n u\u011fra\u015f\u0131s\u0131 iken; paras\u0131 olmayan\u0131n, \u00f6\u011frencinin, nitelilikli-e\u011fitimli ki\u015filerin u\u011fra\u015f\u0131s\u0131 ve nihayet yoksulun, ev kad\u0131n\u0131n\u0131n ve engelinin umuda yolculu\u011funun ad\u0131 oluverdi giri\u015fimcilik&#8230;&#8221;\u0130\u015f a\u015fama, i\u015f kur!&#8221; \u00f6\u011frencilere fenomenle\u015fen sesleni\u015f oldu.Otorite, giri\u015fimciye boyun e\u011fmeyen Y ku\u015fa\u011f\u0131n\u0131n mesle\u011fi de giri\u015fimcilik oldu.<\/p>\n","protected":false},"excerpt":{"rendered":"<p>&#8220;Bireyin, kurumun, \u015fehrin, b\u00f6lgenin ve \u00fclkenin kurtulu\u015f yolu; \u00f6\u011frencinin prestiji kariyer yolu&#8221;K\u00fcreselle\u015fmenin yo\u011fun bir \u015fekilde ya\u015fand\u0131\u011f\u0131 g\u00fcn\u00fcm\u00fcz d\u00fcnyas\u0131nda giri\u015fimcilik ve giri\u015fimciler g\u00f6zde kavramlar, olgular ve kurumlar<span class=\"excerpt-hellip\"> [\u2026]<\/span><\/p>\n","protected":false},"featured_media":0,"template":"","meta":{"_monsterinsights_skip_tracking":false,"_monsterinsights_sitenote_active":false,"_monsterinsights_sitenote_note":"","_monsterinsights_sitenote_category":0},"product_brand":[],"product_cat":[13043,17647],"product_tag":[],"class_list":{"0":"post-765515","1":"product","2":"type-product","3":"status-publish","5":"product_cat-ekonomi","6":"product_cat-is-dunyasi","7":"pa_cilt-ciltsiz","8":"pa_tur-kitap","9":"pa_yayinevi-orion-kitabevi","10":"pa_yazar-ali-akdemir","12":"first","13":"instock","14":"sale","15":"shipping-taxable","16":"purchasable","17":"product-type-simple"},"_links":{"self":[{"href":"https:\/\/roveyayinevi.com.tr\/index.php\/wp-json\/wp\/v2\/product\/765515","targetHints":{"allow":["GET"]}}],"collection":[{"href":"https:\/\/roveyayinevi.com.tr\/index.php\/wp-json\/wp\/v2\/product"}],"about":[{"href":"https:\/\/roveyayinevi.com.tr\/index.php\/wp-json\/wp\/v2\/types\/product"}],"wp:attachment":[{"href":"https:\/\/roveyayinevi.com.tr\/index.php\/wp-json\/wp\/v2\/media?parent=765515"}],"wp:term":[{"taxonomy":"product_brand","embeddable":true,"href":"https:\/\/roveyayinevi.com.tr\/index.php\/wp-json\/wp\/v2\/product_brand?post=765515"},{"taxonomy":"product_cat","embeddable":true,"href":"https:\/\/roveyayinevi.com.tr\/index.php\/wp-json\/wp\/v2\/product_cat?post=765515"},{"taxonomy":"product_tag","embeddable":true,"href":"https:\/\/roveyayinevi.com.tr\/index.php\/wp-json\/wp\/v2\/product_tag?post=765515"}],"curies":[{"name":"wp","href":"https:\/\/api.w.org\/{rel}","templated":true}]}}