{"id":765514,"date":"2025-08-28T11:45:05","date_gmt":"2025-08-28T08:45:05","guid":{"rendered":"https:\/\/roveyayinevi.com.tr\/index.php\/urun\/genel-ekonomi-2\/"},"modified":"2026-04-15T03:31:28","modified_gmt":"2026-04-15T00:31:28","slug":"genel-ekonomi-2","status":"publish","type":"product","link":"https:\/\/roveyayinevi.com.tr\/index.php\/urun\/genel-ekonomi-2\/","title":{"rendered":"Genel Ekonomi"},"content":{"rendered":"<p>H\u0131zl\u0131 teknolojik geli\u015fmelerin ya\u015fand\u0131\u011f\u0131 g\u00fcn\u00fcm\u00fczde, ekonomi k\u00fcresel bir yap\u0131ya kavu\u015fmu\u015ftur. Gelinen bu noktada, ekonomi bilimi ve bilgisi insanlar\u0131n refah toplumu olma yolunda daha da \u00f6nemli hale gelmi\u015ftir. Her alanda \u00e7e\u015fitlenen \u00fcr\u00fcnler, farkl\u0131 kalite ve fiyatlar, rekabet ko\u015fullar\u0131 i\u00e7erisinde ihtiya\u00e7lar\u0131n\u0131 maksimum fayda sa\u011flayarak kar\u015f\u0131lamak isteyen t\u00fcketim toplumlar\u0131 ortaya \u00e7\u0131km\u0131\u015ft\u0131r. Bu ihtiya\u00e7lar\u0131 minimum maliyet ve en verimli \u015fekilde, maksimum kar sa\u011flamay\u0131 hedefleyen \u00fcreticiler ve i\u015fletme kitleleri ekonominin dinamikleri olarak ulusal ve uluslararas\u0131 piyasalarda yer alm\u0131\u015ft\u0131r.Toplumlar\u0131n\u0131 refaha ula\u015ft\u0131rmak isteyen devletlerin ana hedeflerinden biri ekonomik refah\u0131n sa\u011flanmas\u0131d\u0131r. Tar\u0131m-sanayi ve hizmet sekt\u00f6rlerinin \u00fclke i\u00e7inde ve d\u00fcnya \u00fclkeleri ile uyum i\u00e7inde \u00e7al\u0131\u015fmas\u0131, toplumlar\u0131n refah\u0131 i\u00e7in \u00f6nemlidir. D\u00fcnya ekonomileri taraf\u0131ndan kabul g\u00f6rm\u00fc\u015f ekonomi kavramlar\u0131n\u0131n bilinmesi, bu kavramlar\u0131n kendi aralar\u0131ndaki ili\u015fkilerin grafik ve \u015fekillerle izah\u0131 ekonomi biliminin alg\u0131s\u0131n\u0131 kolayla\u015ft\u0131r\u0131r. Bu kitapta bu dersi alan \u00f6\u011frencilere bilmeleri gereken t\u00fcm ekonomi materyalleri, sistematik bir \u015fekilde sunulmaktadir. Ekonomi Dersi; Genel Ekonomi, Iktisada Giris, Mikro Iktisat, Makro Iktisat ders adlariyla bir\u00e7ok \u00fcniversitenin SBF, IIBF, Iletisim, Hukuk, E\u011fitim Fak\u00fclteleri ile Y\u00fcksekokul ders programlar\u0131nda s\u00fcrekli olarak yer almakta- d\u0131r. Bu kitap bu programlar\u0131n ders m\u00fcfredatlar\u0131na uygun, t\u00fcm konular\u0131 i\u00e7erecek \u015fekilde d\u00fczenlenmi\u015f olup g\u00fcncel bilgileri i\u00e7erecek \u015fekilde a\u00e7\u0131k bir dille yaz\u0131lm\u0131\u015ft\u0131r.<\/p>\n","protected":false},"excerpt":{"rendered":"<p>H\u0131zl\u0131 teknolojik geli\u015fmelerin ya\u015fand\u0131\u011f\u0131 g\u00fcn\u00fcm\u00fczde, ekonomi k\u00fcresel bir yap\u0131ya kavu\u015fmu\u015ftur. Gelinen bu noktada, ekonomi bilimi ve bilgisi insanlar\u0131n refah toplumu olma yolunda daha da \u00f6nemli hale<span class=\"excerpt-hellip\"> [\u2026]<\/span><\/p>\n","protected":false},"featured_media":0,"template":"","meta":{"_monsterinsights_skip_tracking":false,"_monsterinsights_sitenote_active":false,"_monsterinsights_sitenote_note":"","_monsterinsights_sitenote_category":0},"product_brand":[],"product_cat":[13043,14381],"product_tag":[],"class_list":{"0":"post-765514","1":"product","2":"type-product","3":"status-publish","5":"product_cat-ekonomi","6":"product_cat-isletme-muhasebe-maliye","7":"pa_cilt-ciltsiz","8":"pa_tur-kitap","9":"pa_yayinevi-orion-kitabevi","10":"pa_yazar-erdogan-eksioglu","12":"first","13":"instock","14":"sale","15":"shipping-taxable","16":"purchasable","17":"product-type-simple"},"_links":{"self":[{"href":"https:\/\/roveyayinevi.com.tr\/index.php\/wp-json\/wp\/v2\/product\/765514","targetHints":{"allow":["GET"]}}],"collection":[{"href":"https:\/\/roveyayinevi.com.tr\/index.php\/wp-json\/wp\/v2\/product"}],"about":[{"href":"https:\/\/roveyayinevi.com.tr\/index.php\/wp-json\/wp\/v2\/types\/product"}],"wp:attachment":[{"href":"https:\/\/roveyayinevi.com.tr\/index.php\/wp-json\/wp\/v2\/media?parent=765514"}],"wp:term":[{"taxonomy":"product_brand","embeddable":true,"href":"https:\/\/roveyayinevi.com.tr\/index.php\/wp-json\/wp\/v2\/product_brand?post=765514"},{"taxonomy":"product_cat","embeddable":true,"href":"https:\/\/roveyayinevi.com.tr\/index.php\/wp-json\/wp\/v2\/product_cat?post=765514"},{"taxonomy":"product_tag","embeddable":true,"href":"https:\/\/roveyayinevi.com.tr\/index.php\/wp-json\/wp\/v2\/product_tag?post=765514"}],"curies":[{"name":"wp","href":"https:\/\/api.w.org\/{rel}","templated":true}]}}