{"id":765513,"date":"2025-08-28T11:45:04","date_gmt":"2025-08-28T08:45:04","guid":{"rendered":"https:\/\/roveyayinevi.com.tr\/index.php\/urun\/genel-devlet-teorisi\/"},"modified":"2026-04-15T03:31:28","modified_gmt":"2026-04-15T00:31:28","slug":"genel-devlet-teorisi","status":"publish","type":"product","link":"https:\/\/roveyayinevi.com.tr\/index.php\/urun\/genel-devlet-teorisi\/","title":{"rendered":"Genel Devlet Teorisi"},"content":{"rendered":"<p>G\u00fcn\u00fcm\u00fcz post-modern devlet d\u00fczenlerinde \u00f6nemli olan Orta \u00c7a\u011f\u0131n hiyerar\u015fik bir silsile dahilinde yukar\u0131dan a\u015fa\u011f\u0131ya do\u011fru s\u0131ralanan, arkaik ve anakronik \u201ccemaat\u00e7i \u00e7oklu hukuk d\u00fczeni\u201dni yeniden canland\u0131rmak de\u011fil, devlet ve vatanda\u015f aras\u0131ndaki hukuki ve siyasal ili\u015fkinin r\u0131zaya ve insan haklar\u0131na dayal\u0131 olma kapasitesinin geli\u015ftirilmesi ve g\u00fc\u00e7lendirilmesidir. B\u00f6ylece sivil toplumun kurucu pozitif iradesi \u00fczerinden siyasal toplumun ve d\u00fczenin me\u015fruiyet temelleri de peki\u015ftirilmi\u015f olacakt\u0131r. Bu amaca ula\u015fmaya y\u00f6nelik olarak Bat\u0131\u2019da yap\u0131lan hararetli tart\u0131\u015fmalar\u0131n merkezinde \u201canayasal vatanseverli\u011fin ve vatanda\u015fl\u0131\u011f\u0131n\u201d b\u00fct\u00fcn boyutlar\u0131yla ya\u015fama ge\u00e7irilmesi meselesi yer almaktad\u0131r. Liberal-muhafazak\u00e2r Alman siyaset bilimci Prof. Dr. Dolf Sternberger\u2019in ortaya koyup geli\u015ftirdi\u011fi \u201canayasal vatanseverlik\u201d (Verfassungspatriotismus) kavram\u0131n\u0131n esas\u0131, milli birli\u011fe ve demokratik mekanizmalarla hayat bulan  hukuk devletine sadakatin, geleneksel etnik, k\u00fclt\u00fcrel veya dini kimlikler yerine, ancak demokrasi ve temel hak ve h\u00fcrriyetler gibi sek\u00fcler anayasal temel de\u011ferleri vatanda\u015flar\u0131n g\u00f6n\u00fclden i\u00e7selle\u015ftirmesiyle rasyonel bir \u015fekilde ya\u015fam bulaca\u011f\u0131na dayan\u0131r. Birle\u015ftirici bir \u201cAvrupa vatanda\u015fl\u0131\u011f\u0131\u201d \u00e7at\u0131 kimli\u011fini temellendirmek amac\u0131yla sol liberal Prof. Dr. J\u00fcrgen Habermas taraf\u0131ndan teorisi yap\u0131lan \u201canayasal yurtta\u015fl\u0131k\u201d  kavram\u0131 ise bu ana fikre ko\u015fut olarak farkl\u0131 k\u00fclt\u00fcr, ulusal kimlik, din ve gelenek dairelerine sahip bireylerin kapsay\u0131c\u0131 bir ortak siyasi vatanda\u015fl\u0131k kimli\u011fi \u00fczerinden, kendi \u00f6zg\u00fcn de\u011ferlerini koruyup geli\u015ftirecekleri rasyonel birliktelikler meydana getirebilece\u011fini i\u00e7eriyor. Bat\u0131\u2019da bu ba\u011flamda son zamanlarda yaz\u0131lan en kapsaml\u0131 ve de\u011ferli \u00e7al\u0131\u015fmalar\u0131n ba\u015f\u0131nda ku\u015fkusuz Prof. Dr. Thomas Fleiner ve Prof. Dr. Lidija R. Basta Fleiner taraf\u0131ndan kaleme al\u0131nan \u201cGenel Devlet Teorisi\u201d kitab\u0131 gelmektedir. Elinizde tuttu\u011funuz ve b\u00fcy\u00fck emeklerle T\u00fcrk\u00e7eye kazand\u0131rd\u0131\u011f\u0131m\u0131z bu kitab\u0131n T\u00fcrkiye\u2019nin, vatanda\u015flar\u0131n\u0131n bir k\u0131sm\u0131na \u201cz\u0131mm\u00ee stat\u00fcs\u00fc\u201d vermeye veya \u201c\u00e7ok hukukluluk\u201d d\u00fczenine geri d\u00f6nmeye y\u00f6nelik abes ve ak\u0131llara ziyan \u00f6nerileri art\u0131k g\u00fcndeminden biteviye  \u00e7\u0131karmas\u0131na katk\u0131da bulunaca\u011f\u0131n\u0131 umuyorum. Ayr\u0131ca \u00fcniter siyasi yap\u0131m\u0131z \u00e7er\u00e7evesinde mahalli idareleri g\u00fc\u00e7lendirerek, temel hak ve h\u00fcrriyetleri g\u00fcvence alt\u0131na almak suretiyle kuvvetler ayr\u0131l\u0131\u011f\u0131na dayal\u0131 ve g\u00fc\u00e7lendirilmi\u015f bir parlamenter demokratik hukuk devleti sistemini olu\u015fturmaya y\u00f6nelik g\u00fcncel tart\u0131\u015fmalar bak\u0131m\u0131ndan da \u00e7eviri kitab\u0131m\u0131z\u0131n yararl\u0131 olaca\u011f\u0131n\u0131 d\u00fc\u015f\u00fcn\u00fcyorum. Bu do\u011frultuda anayasal vatanda\u015fl\u0131k rejiminin anlam\u0131n\u0131 \u201cg\u00f6n\u00fcll\u00fc itaat ve ba\u011fl\u0131l\u0131k\u201d dolay\u0131m\u0131nda yeniden ele almam\u0131z ve b\u00f6ylece cari ve mer\u2019i idari sistemin ortak vicdandaki me\u015fruiyetini g\u00fc\u00e7lendirmemiz gerekiyor. Bu kitab\u0131n ba\u015fta bu alan\u0131n uzmanlar\u0131 ve idareciler olmak \u00fczere \u00fcniversitelerin ilgili b\u00f6l\u00fcmlerinde \u00f6\u011frenim g\u00f6ren \u00f6\u011frenciler ile mezkur konulara ilgili duyan b\u00fct\u00fcn vatanda\u015flar taraf\u0131ndan keyifle okunaca\u011f\u0131n\u0131 ve \u00f6nerilece\u011fini \u00fcmit ediyorum.Prof. Dr. iur. LL.M Mehmet Merdan Hekimo\u011flu<\/p>\n","protected":false},"excerpt":{"rendered":"<p>G\u00fcn\u00fcm\u00fcz post-modern devlet d\u00fczenlerinde \u00f6nemli olan Orta \u00c7a\u011f\u0131n hiyerar\u015fik bir silsile dahilinde yukar\u0131dan a\u015fa\u011f\u0131ya do\u011fru s\u0131ralanan, arkaik ve anakronik \u201ccemaat\u00e7i \u00e7oklu hukuk d\u00fczeni\u201dni yeniden canland\u0131rmak de\u011fil,<span class=\"excerpt-hellip\"> [\u2026]<\/span><\/p>\n","protected":false},"featured_media":0,"template":"","meta":{"_monsterinsights_skip_tracking":false,"_monsterinsights_sitenote_active":false,"_monsterinsights_sitenote_note":"","_monsterinsights_sitenote_category":0},"product_brand":[],"product_cat":[15350],"product_tag":[],"class_list":{"0":"post-765513","1":"product","2":"type-product","3":"status-publish","5":"product_cat-hukuk","6":"pa_cilt-ciltsiz","7":"pa_tur-kitap","8":"pa_yayinevi-orion-kitabevi","9":"pa_yazar-thomas-fleiner-lidija-r-basta-fleiner","11":"first","12":"instock","13":"sale","14":"shipping-taxable","15":"purchasable","16":"product-type-simple"},"_links":{"self":[{"href":"https:\/\/roveyayinevi.com.tr\/index.php\/wp-json\/wp\/v2\/product\/765513","targetHints":{"allow":["GET"]}}],"collection":[{"href":"https:\/\/roveyayinevi.com.tr\/index.php\/wp-json\/wp\/v2\/product"}],"about":[{"href":"https:\/\/roveyayinevi.com.tr\/index.php\/wp-json\/wp\/v2\/types\/product"}],"wp:attachment":[{"href":"https:\/\/roveyayinevi.com.tr\/index.php\/wp-json\/wp\/v2\/media?parent=765513"}],"wp:term":[{"taxonomy":"product_brand","embeddable":true,"href":"https:\/\/roveyayinevi.com.tr\/index.php\/wp-json\/wp\/v2\/product_brand?post=765513"},{"taxonomy":"product_cat","embeddable":true,"href":"https:\/\/roveyayinevi.com.tr\/index.php\/wp-json\/wp\/v2\/product_cat?post=765513"},{"taxonomy":"product_tag","embeddable":true,"href":"https:\/\/roveyayinevi.com.tr\/index.php\/wp-json\/wp\/v2\/product_tag?post=765513"}],"curies":[{"name":"wp","href":"https:\/\/api.w.org\/{rel}","templated":true}]}}

<p>Günümüz post-modern devlet düzenlerinde önemli olan Orta Çağın hiyerarşik bir silsile dahilinde yukarıdan aşağıya doğru sıralanan, arkaik ve anakronik “cemaatçi çoklu hukuk düzeni”ni yeniden canlandırmak değil, devlet ve vatandaş arasındaki hukuki ve siyasal ilişkinin rızaya ve insan haklarına dayalı olma kapasitesinin geliştirilmesi ve güçlendirilmesidir. Böylece sivil toplumun kurucu pozitif iradesi üzerinden siyasal toplumun ve düzenin meşruiyet temelleri de pekiştirilmiş olacaktır. Bu amaca ulaşmaya yönelik olarak Batı’da yapılan hararetli tartışmaların merkezinde “anayasal vatanseverliğin ve vatandaşlığın” bütün boyutlarıyla yaşama geçirilmesi meselesi yer almaktadır. Liberal-muhafazakâr Alman siyaset bilimci Prof. Dr. Dolf Sternberger’in ortaya koyup geliştirdiği “anayasal vatanseverlik” (Verfassungspatriotismus) kavramının esası, milli birliğe ve demokratik mekanizmalarla hayat bulan  hukuk devletine sadakatin, geleneksel etnik, kültürel veya dini kimlikler yerine, ancak demokrasi ve temel hak ve hürriyetler gibi seküler anayasal temel değerleri vatandaşların gönülden içselleştirmesiyle rasyonel bir şekilde yaşam bulacağına dayanır. Birleştirici bir “Avrupa vatandaşlığı” çatı kimliğini temellendirmek amacıyla sol liberal Prof. Dr. Jürgen Habermas tarafından teorisi yapılan “anayasal yurttaşlık”  kavramı ise bu ana fikre koşut olarak farklı kültür, ulusal kimlik, din ve gelenek dairelerine sahip bireylerin kapsayıcı bir ortak siyasi vatandaşlık kimliği üzerinden, kendi özgün değerlerini koruyup geliştirecekleri rasyonel birliktelikler meydana getirebileceğini içeriyor. Batı’da bu bağlamda son zamanlarda yazılan en kapsamlı ve değerli çalışmaların başında kuşkusuz Prof. Dr. Thomas Fleiner ve Prof. Dr. Lidija R. Basta Fleiner tarafından kaleme alınan “Genel Devlet Teorisi” kitabı gelmektedir. Elinizde tuttuğunuz ve büyük emeklerle Türkçeye kazandırdığımız bu kitabın Türkiye’nin, vatandaşlarının bir kısmına “zımmî statüsü” vermeye veya “çok hukukluluk” düzenine geri dönmeye yönelik abes ve akıllara ziyan önerileri artık gündeminden biteviye  çıkarmasına katkıda bulunacağını umuyorum. Ayrıca üniter siyasi yapımız çerçevesinde mahalli idareleri güçlendirerek, temel hak ve hürriyetleri güvence altına almak suretiyle kuvvetler ayrılığına dayalı ve güçlendirilmiş bir parlamenter demokratik hukuk devleti sistemini oluşturmaya yönelik güncel tartışmalar bakımından da çeviri kitabımızın yararlı olacağını düşünüyorum. Bu doğrultuda anayasal vatandaşlık rejiminin anlamını “gönüllü itaat ve bağlılık” dolayımında yeniden ele almamız ve böylece cari ve mer’i idari sistemin ortak vicdandaki meşruiyetini güçlendirmemiz gerekiyor. Bu kitabın başta bu alanın uzmanları ve idareciler olmak üzere üniversitelerin ilgili bölümlerinde öğrenim gören öğrenciler ile mezkur konulara ilgili duyan bütün vatandaşlar tarafından keyifle okunacağını ve önerileceğini ümit ediyorum.Prof. Dr. iur. LL.M Mehmet Merdan Hekimoğlu</p>

<p>Günümüz post-modern devlet düzenlerinde önemli olan Orta Çağın hiyerarşik bir silsile dahilinde yukarıdan aşağıya doğru sıralanan, arkaik ve anakronik “cemaatçi çoklu hukuk düzeni”ni yeniden canlandırmak değil,<span class="excerpt-hellip"> […]</span></p>
