{"id":765511,"date":"2025-08-28T11:45:02","date_gmt":"2025-08-28T08:45:02","guid":{"rendered":"https:\/\/roveyayinevi.com.tr\/index.php\/urun\/finansal-iktisat\/"},"modified":"2026-04-15T03:31:28","modified_gmt":"2026-04-15T00:31:28","slug":"finansal-iktisat","status":"publish","type":"product","link":"https:\/\/roveyayinevi.com.tr\/index.php\/urun\/finansal-iktisat\/","title":{"rendered":"Finansal \u0130ktisat"},"content":{"rendered":"<p>Finans ve ekonomi kavramlar\u0131 k\u00fcreselle\u015fen sistemde hem \u015firketler hem de \u00fclkeler i\u00e7in olduk\u00e7a \u00f6nemli bir hale gelmi\u015ftir. S\u00f6z konusu iki husus genellikle ayr\u0131 kavramlar olarak d\u00fc\u015f\u00fcn\u00fclse de asl\u0131nda birbirleriyle son derece yak\u0131n ili\u015fki i\u00e7erisinde olan farkl\u0131 alanlard\u0131r. Belirtilen hususlar dikkate al\u0131nd\u0131\u011f\u0131nda, &#8220;finansal iktisat&#8221; kavram\u0131n\u0131n g\u00fcn\u00fcm\u00fczde daha \u00f6nemli bir hale geldi\u011fi anla\u015f\u0131lmaktad\u0131r. En genel tan\u0131m\u0131yla finansal iktisat, bir \u00fclkedeki makroekonomik ve finansal kararlar aras\u0131ndaki ili\u015fki olarak ifade edilebilmektedir. Bundan dolay\u0131, bir \u00fclkede finansal anlamda al\u0131nan kararlar\u0131n \u00fclkenin ekonomisini etkileyece\u011fi g\u00f6r\u00fclmektedir. Netice itibar\u0131yla, finansal iktisat alan\u0131nda yap\u0131lacak \u00e7al\u0131\u015fmalar\u0131n hem finansal hem de makroekonomik karar vericiler i\u00e7in olduk\u00e7a faydal\u0131 olaca\u011f\u0131 ortadad\u0131r. Finansal \u0130ktisat kitab\u0131, alt\u0131 farkl\u0131 ana b\u00f6l\u00fcmden olu\u015fmaktad\u0131r. \u0130lk b\u00f6l\u00fcmde, finansal kurumlar ve merkez bankac\u0131l\u0131\u011f\u0131 konular\u0131 vurgulanmaktad\u0131r. \u0130kinci b\u00f6l\u00fcmde ise, finansal piyasalar ve faiz oranlar\u0131 hakk\u0131nda bilgi verilmektedir. D\u00f6viz piyasalar\u0131 ve t\u00fcrev \u00fcr\u00fcnler konusu ise, \u00fc\u00e7\u00fcnc\u00fc b\u00f6l\u00fcm\u00fcn i\u00e7eri\u011fini olu\u015fturmaktad\u0131r. \u00c7al\u0131\u015fman\u0131n d\u00f6rd\u00fcnc\u00fc b\u00f6l\u00fcm\u00fcnde finansal analiz ve ekonomik g\u00f6stergeler konusu ele al\u0131nmaktad\u0131r. Portf\u00f6y teorisi ve menkul k\u0131ymet de\u011ferlemesi konusu \u00e7al\u0131\u015fmam\u0131z\u0131n be\u015finci b\u00f6l\u00fcm\u00fcn\u00fc olu\u015fturmaktad\u0131r. Finansal ekonomide g\u00fcncel konular isimli son b\u00f6l\u00fcm\u00fcm\u00fczde ise davran\u0131\u015fsal finans, kat\u0131l\u0131m ekonomisi ve kredi derecelendirme kurulu\u015flar\u0131 hakk\u0131nda detayl\u0131ca bilgi verilmektedir. Eserin, lisans ve lisans\u00fcst\u00fc seviyesindeki \u00f6\u011frencilerin yan\u0131 s\u0131ra; ara\u015ft\u0131rmac\u0131 ve sekt\u00f6r uzmanlar\u0131 i\u00e7in \u00f6nemli bir kaynak olmas\u0131 temennisiyle, b\u00fct\u00fcn okuyuculara faydal\u0131 olmas\u0131n\u0131 dileriz.<\/p>\n","protected":false},"excerpt":{"rendered":"<p>Finans ve ekonomi kavramlar\u0131 k\u00fcreselle\u015fen sistemde hem \u015firketler hem de \u00fclkeler i\u00e7in olduk\u00e7a \u00f6nemli bir hale gelmi\u015ftir. S\u00f6z konusu iki husus genellikle ayr\u0131 kavramlar olarak d\u00fc\u015f\u00fcn\u00fclse<span class=\"excerpt-hellip\"> [\u2026]<\/span><\/p>\n","protected":false},"featured_media":0,"template":"","meta":{"_monsterinsights_skip_tracking":false,"_monsterinsights_sitenote_active":false,"_monsterinsights_sitenote_note":"","_monsterinsights_sitenote_category":0},"product_brand":[],"product_cat":[20333,13043],"product_tag":[],"class_list":{"0":"post-765511","1":"product","2":"type-product","3":"status-publish","5":"product_cat-diger-ekonomi","6":"product_cat-ekonomi","7":"pa_cilt-ciltsiz","8":"pa_tur-kitap","9":"pa_yayinevi-orion-kitabevi","10":"pa_yazar-hasan-dincer","12":"first","13":"instock","14":"sale","15":"shipping-taxable","16":"purchasable","17":"product-type-simple"},"_links":{"self":[{"href":"https:\/\/roveyayinevi.com.tr\/index.php\/wp-json\/wp\/v2\/product\/765511","targetHints":{"allow":["GET"]}}],"collection":[{"href":"https:\/\/roveyayinevi.com.tr\/index.php\/wp-json\/wp\/v2\/product"}],"about":[{"href":"https:\/\/roveyayinevi.com.tr\/index.php\/wp-json\/wp\/v2\/types\/product"}],"wp:attachment":[{"href":"https:\/\/roveyayinevi.com.tr\/index.php\/wp-json\/wp\/v2\/media?parent=765511"}],"wp:term":[{"taxonomy":"product_brand","embeddable":true,"href":"https:\/\/roveyayinevi.com.tr\/index.php\/wp-json\/wp\/v2\/product_brand?post=765511"},{"taxonomy":"product_cat","embeddable":true,"href":"https:\/\/roveyayinevi.com.tr\/index.php\/wp-json\/wp\/v2\/product_cat?post=765511"},{"taxonomy":"product_tag","embeddable":true,"href":"https:\/\/roveyayinevi.com.tr\/index.php\/wp-json\/wp\/v2\/product_tag?post=765511"}],"curies":[{"name":"wp","href":"https:\/\/api.w.org\/{rel}","templated":true}]}}