{"id":765503,"date":"2025-08-28T11:44:52","date_gmt":"2025-08-28T08:44:52","guid":{"rendered":"https:\/\/roveyayinevi.com.tr\/index.php\/urun\/eviews-ve-spss-ile-lojistik-regrasyon-logit-probit-ve-tobit-modellerinin-uygulamalari\/"},"modified":"2026-04-15T03:31:28","modified_gmt":"2026-04-15T00:31:28","slug":"eviews-ve-spss-ile-lojistik-regrasyon-logit-probit-ve-tobit-modellerinin-uygulamalari","status":"publish","type":"product","link":"https:\/\/roveyayinevi.com.tr\/index.php\/urun\/eviews-ve-spss-ile-lojistik-regrasyon-logit-probit-ve-tobit-modellerinin-uygulamalari\/","title":{"rendered":"Eviews ve SPSS ile Lojistik Regrasyon (Logit), Probit ve Tobit Modellerinin Uygulamalar\u0131"},"content":{"rendered":"<p>B\u00fct\u00fcn sosyal bilimler (\u0130ktisat, i\u015fletme, sosyoloji, psikoloji vb) ile t\u0131p ve di\u011fer sa\u011fl\u0131k bilimlerinin ara\u015ft\u0131rma tekniklerinde istatistik ve farkl\u0131 ekonometrik y\u00f6ntemler kullan\u0131lmaktad\u0131r. Bu y\u00f6ntemlerden en \u00f6nemlilerinde biri alan ara\u015ft\u0131rmalar\u0131 ve anket \u00e7al\u0131\u015fmalar\u0131d\u0131r. Teorik olarak geli\u015ftirile ve matematik denklemleri ile olu\u015fturulan bir dizi yeni modellerin sosyal bilimlerde kullan\u0131lmas\u0131 gerekmektedir. \u00d6zellikle istatistik ve matemati\u011fin yo\u011fun kullan\u0131ld\u0131\u011f\u0131 bu yeni tahmin ve analiz tekniklerini her sosyal bilimi e\u011fitimi yapan \u00f6\u011fretim \u00fcyesi ve \u00f6\u011frencilerinin anlamas\u0131 kolay olmamaktad\u0131r. Ancak bu tekniklerin sosyal bilimlere uygulanmas\u0131 paket programlar\u0131 vas\u0131tas\u0131 ile kullan\u0131\u015fl\u0131 hale getirilebilir.Bu \u00e7al\u0131\u015fmada, sosyal bilimler alan\u0131nda \u00e7ok\u00e7a kullan\u0131lan anket sonu\u00e7lar\u0131n\u0131n de\u011ferlendirilmesi, analizi ve yorumlanmas\u0131na yard\u0131mc\u0131 olacak baz\u0131 ekonometrik teknikler ve ilgili programlara yer verilmi\u015ftir. Anket \u00e7al\u0131\u015fmalar\u0131 do\u011fas\u0131 gere\u011fi s\u0131n\u0131rl\u0131 se\u00e7eneklerle yap\u0131lmaktad\u0131r. S\u0131n\u0131rl\u0131 se\u00e7eneklerle yap\u0131lan analizlerde Kesikli ve S\u0131n\u0131rl\u0131 Ba\u011f\u0131ml\u0131 De\u011fi\u015fken Modelleri (Discrete and Limited Dependent Variable Models) kullan\u0131lmaktad\u0131r.Elinizdeki bu kitap derin istatistik ve ekonometrik detaylar\u0131na girmeden, ancak teorik \u00e7er\u00e7evenin anla\u015f\u0131lmas\u0131 i\u00e7in yeterli form\u00fclasyon ve tan\u0131mlamalara yer vermektedir. Daha sonra bu tekniklerin uygulanmas\u0131na yer verilmektedir.<\/p>\n","protected":false},"excerpt":{"rendered":"<p>B\u00fct\u00fcn sosyal bilimler (\u0130ktisat, i\u015fletme, sosyoloji, psikoloji vb) ile t\u0131p ve di\u011fer sa\u011fl\u0131k bilimlerinin ara\u015ft\u0131rma tekniklerinde istatistik ve farkl\u0131 ekonometrik y\u00f6ntemler kullan\u0131lmaktad\u0131r. Bu y\u00f6ntemlerden en \u00f6nemlilerinde<span class=\"excerpt-hellip\"> [\u2026]<\/span><\/p>\n","protected":false},"featured_media":0,"template":"","meta":{"_monsterinsights_skip_tracking":false,"_monsterinsights_sitenote_active":false,"_monsterinsights_sitenote_note":"","_monsterinsights_sitenote_category":0},"product_brand":[],"product_cat":[12365,12364],"product_tag":[],"class_list":{"0":"post-765503","1":"product","2":"type-product","3":"status-publish","5":"product_cat-diger-genel-konular","6":"product_cat-genel-konular","7":"pa_cilt-ciltsiz","8":"pa_tur-kitap","9":"pa_yayinevi-orion-kitabevi","10":"pa_yazar-aziz-kutlar","12":"first","13":"instock","14":"sale","15":"shipping-taxable","16":"purchasable","17":"product-type-simple"},"_links":{"self":[{"href":"https:\/\/roveyayinevi.com.tr\/index.php\/wp-json\/wp\/v2\/product\/765503","targetHints":{"allow":["GET"]}}],"collection":[{"href":"https:\/\/roveyayinevi.com.tr\/index.php\/wp-json\/wp\/v2\/product"}],"about":[{"href":"https:\/\/roveyayinevi.com.tr\/index.php\/wp-json\/wp\/v2\/types\/product"}],"wp:attachment":[{"href":"https:\/\/roveyayinevi.com.tr\/index.php\/wp-json\/wp\/v2\/media?parent=765503"}],"wp:term":[{"taxonomy":"product_brand","embeddable":true,"href":"https:\/\/roveyayinevi.com.tr\/index.php\/wp-json\/wp\/v2\/product_brand?post=765503"},{"taxonomy":"product_cat","embeddable":true,"href":"https:\/\/roveyayinevi.com.tr\/index.php\/wp-json\/wp\/v2\/product_cat?post=765503"},{"taxonomy":"product_tag","embeddable":true,"href":"https:\/\/roveyayinevi.com.tr\/index.php\/wp-json\/wp\/v2\/product_tag?post=765503"}],"curies":[{"name":"wp","href":"https:\/\/api.w.org\/{rel}","templated":true}]}}