{"id":765501,"date":"2025-08-28T11:44:50","date_gmt":"2025-08-28T08:44:50","guid":{"rendered":"https:\/\/roveyayinevi.com.tr\/index.php\/urun\/eski-turklerde-hastaliklar-ve-tedavi-yontemleri\/"},"modified":"2026-04-15T03:31:28","modified_gmt":"2026-04-15T00:31:28","slug":"eski-turklerde-hastaliklar-ve-tedavi-yontemleri","status":"publish","type":"product","link":"https:\/\/roveyayinevi.com.tr\/index.php\/urun\/eski-turklerde-hastaliklar-ve-tedavi-yontemleri\/","title":{"rendered":"Eski T\u00fcrklerde Hastal\u0131klar ve Tedavi Y\u00f6ntemleri"},"content":{"rendered":"<p>Eski T\u00fcrk tarihini inceleyen ara\u015ft\u0131rmac\u0131lar T\u00fcrk k\u00fclt\u00fcr ve medeniyetine \u00f6zg\u00fc konular\u0131n neredeyse tamam\u0131n\u0131 \u00e7al\u0131\u015fm\u0131\u015flard\u0131r. Eski T\u00fcrklerde hastal\u0131k, sa\u011fl\u0131k, tedavi konular\u0131n\u0131 i\u00e7eren t\u0131p bilimiyle ilgili ara\u015ft\u0131rmalar ise olduk\u00e7a s\u0131n\u0131rl\u0131d\u0131r. Konu hakk\u0131nda t\u0131p tarih\u00e7ileri baz\u0131 ara\u015ft\u0131rmalar yapmakla beraber eski Orta Asya t\u0131bb\u0131 konusunda genel kabul g\u00f6ren hususlar\u0131 y\u00fczeysel bi\u00e7imde de\u011ferlendirmi\u015flerdir. Tarih\u00e7iler ise konuya daha s\u0131n\u0131rl\u0131 olarak yakla\u015fm\u0131\u015flard\u0131r. \u0130\u015fte bu durum eski T\u00fcrklerin ya\u015fad\u0131klar\u0131 b\u00f6lgelerde ortaya \u00e7\u0131kan hastal\u0131klar ve bu hastal\u0131klar\u0131n tedavi y\u00f6ntemleri hakk\u0131nda \u00e7al\u0131\u015fmam\u0131za vesile olmu\u015ftur.<\/p>\n","protected":false},"excerpt":{"rendered":"<p>Eski T\u00fcrk tarihini inceleyen ara\u015ft\u0131rmac\u0131lar T\u00fcrk k\u00fclt\u00fcr ve medeniyetine \u00f6zg\u00fc konular\u0131n neredeyse tamam\u0131n\u0131 \u00e7al\u0131\u015fm\u0131\u015flard\u0131r. Eski T\u00fcrklerde hastal\u0131k, sa\u011fl\u0131k, tedavi konular\u0131n\u0131 i\u00e7eren t\u0131p bilimiyle ilgili ara\u015ft\u0131rmalar ise<span class=\"excerpt-hellip\"> [\u2026]<\/span><\/p>\n","protected":false},"featured_media":0,"template":"","meta":{"_monsterinsights_skip_tracking":false,"_monsterinsights_sitenote_active":false,"_monsterinsights_sitenote_note":"","_monsterinsights_sitenote_category":0},"product_brand":[],"product_cat":[13366,13365],"product_tag":[],"class_list":{"0":"post-765501","1":"product","2":"type-product","3":"status-publish","5":"product_cat-diger-saglik","6":"product_cat-saglik","7":"pa_cilt-ciltsiz","8":"pa_tur-kitap","9":"pa_yayinevi-orion-kitabevi","10":"pa_yazar-mehmet-mandaloglu","12":"first","13":"instock","14":"sale","15":"shipping-taxable","16":"purchasable","17":"product-type-simple"},"_links":{"self":[{"href":"https:\/\/roveyayinevi.com.tr\/index.php\/wp-json\/wp\/v2\/product\/765501","targetHints":{"allow":["GET"]}}],"collection":[{"href":"https:\/\/roveyayinevi.com.tr\/index.php\/wp-json\/wp\/v2\/product"}],"about":[{"href":"https:\/\/roveyayinevi.com.tr\/index.php\/wp-json\/wp\/v2\/types\/product"}],"wp:attachment":[{"href":"https:\/\/roveyayinevi.com.tr\/index.php\/wp-json\/wp\/v2\/media?parent=765501"}],"wp:term":[{"taxonomy":"product_brand","embeddable":true,"href":"https:\/\/roveyayinevi.com.tr\/index.php\/wp-json\/wp\/v2\/product_brand?post=765501"},{"taxonomy":"product_cat","embeddable":true,"href":"https:\/\/roveyayinevi.com.tr\/index.php\/wp-json\/wp\/v2\/product_cat?post=765501"},{"taxonomy":"product_tag","embeddable":true,"href":"https:\/\/roveyayinevi.com.tr\/index.php\/wp-json\/wp\/v2\/product_tag?post=765501"}],"curies":[{"name":"wp","href":"https:\/\/api.w.org\/{rel}","templated":true}]}}