{"id":765472,"date":"2025-08-28T11:44:14","date_gmt":"2025-08-28T08:44:14","guid":{"rendered":"https:\/\/roveyayinevi.com.tr\/index.php\/urun\/cumhuriyet-donemi-ekonomi-politik-tarihinin-liberal-yorumu\/"},"modified":"2026-04-15T03:31:27","modified_gmt":"2026-04-15T00:31:27","slug":"cumhuriyet-donemi-ekonomi-politik-tarihinin-liberal-yorumu","status":"publish","type":"product","link":"https:\/\/roveyayinevi.com.tr\/index.php\/urun\/cumhuriyet-donemi-ekonomi-politik-tarihinin-liberal-yorumu\/","title":{"rendered":"Cumhuriyet D\u00f6nemi Ekonomi-Politik Tarihinin Liberal Yorumu"},"content":{"rendered":"<p>Bu eserde, Cumhuriyet D\u00f6nemi&#8217;nin Ekonomi-Politik Tarihi&#8217;nin Liberal a\u00e7\u0131dan analizi ele al\u0131nmaktad\u0131r. G\u00fcn\u00fcm\u00fczde, Cumhuriyet D\u00f6nemi Ekonomi-Politik Tarihi&#8217;ne iki ana yakla\u015f\u0131m mevcuttur. \u0130lki TTK&#8217;nun temsil etti\u011fi Resmi Tarih yakla\u015f\u0131m\u0131 olup, \u00dcniversitelerde \u0130nk\u0131lap Tarihi ad\u0131 alt\u0131nda okutulmaktad\u0131r: Rejim propagandas\u0131 ama\u00e7l\u0131d\u0131r. \u0130kincisi Tarih Vakf\u0131 \u00e7evresinin Tarihi Determinizm odakl\u0131 Sol-Tarih Ak\u0131m\u0131&#8217;d\u0131r: Devrim \u0130\u00e7in Tarih Yakla\u015f\u0131m\u0131d\u0131r. Bu \u00e7al\u0131\u015fma bu her iki ana ak\u0131m\u0131n tekelini k\u0131rmaya d\u00f6n\u00fck alternatif bir tarihtir.Kitapta d\u00f6rt sorunun cevapland\u0131r\u0131lmas\u0131na \u00e7al\u0131\u015f\u0131lacakt\u0131r: Birincisi ayd\u0131nlanman\u0131n ve reformun olmad\u0131\u011f\u0131 bir toplumda modernle\u015fme\/kalk\u0131nma, ba\u015far\u0131labilir mi? \u0130kincisi, modernle\u015fme; i\u00e7tihat kap\u0131s\u0131n\u0131 X. y\u00fczy\u0131lda kapatm\u0131\u015f bir M\u00fcsl\u00fcman toplumda m\u00fcmk\u00fcn m\u00fcd\u00fcr? \u00dc\u00e7\u00fcnc\u00fcs\u00fc, Fukuyama ve Huntington tezleri a\u00e7\u0131labilir mi? Nas\u0131l? D\u00f6rd\u00fcnc\u00fcs\u00fc ise ilkel sermaye birikimini, liberalizmin ve liberal bir partinin yol g\u00f6stericili\u011fi olmadan tamamlamak olas\u0131 m\u0131d\u0131r?<\/p>\n","protected":false},"excerpt":{"rendered":"<p>Bu eserde, Cumhuriyet D\u00f6nemi&#8217;nin Ekonomi-Politik Tarihi&#8217;nin Liberal a\u00e7\u0131dan analizi ele al\u0131nmaktad\u0131r. G\u00fcn\u00fcm\u00fczde, Cumhuriyet D\u00f6nemi Ekonomi-Politik Tarihi&#8217;ne iki ana yakla\u015f\u0131m mevcuttur. \u0130lki TTK&#8217;nun temsil etti\u011fi Resmi Tarih<span class=\"excerpt-hellip\"> [\u2026]<\/span><\/p>\n","protected":false},"featured_media":0,"template":"","meta":{"_monsterinsights_skip_tracking":false,"_monsterinsights_sitenote_active":false,"_monsterinsights_sitenote_note":"","_monsterinsights_sitenote_category":0},"product_brand":[],"product_cat":[12304],"product_tag":[],"class_list":{"0":"post-765472","1":"product","2":"type-product","3":"status-publish","5":"product_cat-tarih","6":"pa_cilt-ciltsiz","7":"pa_tur-kitap","8":"pa_yayinevi-orion-kitabevi","9":"pa_yazar-guneri-akalin","11":"first","12":"instock","13":"sale","14":"shipping-taxable","15":"purchasable","16":"product-type-simple"},"_links":{"self":[{"href":"https:\/\/roveyayinevi.com.tr\/index.php\/wp-json\/wp\/v2\/product\/765472","targetHints":{"allow":["GET"]}}],"collection":[{"href":"https:\/\/roveyayinevi.com.tr\/index.php\/wp-json\/wp\/v2\/product"}],"about":[{"href":"https:\/\/roveyayinevi.com.tr\/index.php\/wp-json\/wp\/v2\/types\/product"}],"wp:attachment":[{"href":"https:\/\/roveyayinevi.com.tr\/index.php\/wp-json\/wp\/v2\/media?parent=765472"}],"wp:term":[{"taxonomy":"product_brand","embeddable":true,"href":"https:\/\/roveyayinevi.com.tr\/index.php\/wp-json\/wp\/v2\/product_brand?post=765472"},{"taxonomy":"product_cat","embeddable":true,"href":"https:\/\/roveyayinevi.com.tr\/index.php\/wp-json\/wp\/v2\/product_cat?post=765472"},{"taxonomy":"product_tag","embeddable":true,"href":"https:\/\/roveyayinevi.com.tr\/index.php\/wp-json\/wp\/v2\/product_tag?post=765472"}],"curies":[{"name":"wp","href":"https:\/\/api.w.org\/{rel}","templated":true}]}}